{"id":9146,"date":"2019-12-11T11:47:51","date_gmt":"2019-12-11T14:47:51","guid":{"rendered":"http:\/\/exa.unne.edu.ar\/r\/?page_id=9146"},"modified":"2023-11-28T14:11:05","modified_gmt":"2023-11-28T17:11:05","slug":"acreditacion-de-la-carrera-ingenieria-electrica","status":"publish","type":"page","link":"https:\/\/exa.unne.edu.ar\/r\/?page_id=9146","title":{"rendered":"Acreditaci\u00f3n de la Carrera Ingenier\u00eda El\u00e9ctrica"},"content":{"rendered":"<p>[vc_row][vc_column][vc_tta_tabs][vc_tta_section title=\u00bbEstado de Acreditaci\u00f3n\u00bb tab_id=\u00bb1576075918312-ac7b2d74-072f\u00bb][vc_column_text]<strong>Acreditada por tres a\u00f1os<\/strong>\u00a0(<a href=\"..\/acreditacion\/docs\/electrica\/ACR-2019-CO-RESFC-2019-77-APN-CONEAU-MECCYT. Acreditaci\u00f3n de Ingenieria Electrica.pdf\" target=\"_blank\">Res. Nro RESFC-2019-77-APN-CONEAU#MECCYT<\/a>).<\/p>\n<p><strong>Est\u00e1ndar de la carrera<\/strong><a href=\"..\/acreditacion\/docs\/electrica\/RES-2001-ME-1232-01. Est\u00e1ndares Ingenieria - Declaraci\u00f3n de inter\u00e9s p\u00fablico.pdf\" target=\"_blank\">\u00a0(Res. N\u00ba 1232\/01 ME<\/a>). &#8211;\u00a0 (<a href=\"..\/acreditacion\/docs\/electrica\/RES-2021-ME-RESOL-2021-1565-APN-ME. Estandares de Ingenier\u00eda El\u00e9ctrica..pdf\">RESOL-2021-1565-APN-ME<\/a>)<\/p>\n<p><strong>Resoluci\u00f3n ministerial de reconocimiento oficial del t\u00edtulo<\/strong>\u00a0(<a href=\"..\/acreditacion\/docs\/electrica\/RES-2002-ME-0241-02. RO y Validez Nacional del T\u00edtulo de Ing Electricista.pdf\" target=\"_blank\">Res N\u00ba 0241\/02 ME<\/a>). &#8211;\u00a0 (<span style=\"color: #800000;\"><a style=\"color: #800000;\" href=\"..\/acreditacion\/docs\/electrica\/RES-2015-ME-2637-15. RO y Validez Nacional del T\u00edtulo de Ingeniero Electricista.pdf\" target=\"_blank\"> Res. N\u00ba 2637\/15 ME<\/a> <\/span>) &#8211; (<a href=\"..\/acreditacion\/docs\/electrica\/RES-2017-ME-RESOL-2017-1560-APN-ME. RO y Validez Nacional del T\u00edtulo de Ingeniero Electricista.pdf\">RESOL-2017-1560-APN-ME<\/a>)<b><\/b>[\/vc_column_text][\/vc_tta_section][vc_tta_section title=\u00bbCronolog\u00eda de Acreditaciones de Ingenier\u00eda El\u00e9ctrica\u00bb tab_id=\u00bb1576075918312-8c0a9494-9f09&#8243;][vc_column_text]<strong>09-04-2019<\/strong>:<a href=\"https:\/\/drive.google.com\/open?id=1yPIpBdAfbnIG4Rv8OsneXpVkBmuxNNes\" target=\"_blank\">\u00a0Resoluci\u00f3n N\u00ba RESFC-2019-77-APN-CONEAU#MECCYT<\/a>\u00a0Acreditar\u00a0la carrera de Ingenier\u00eda El\u00e9ctrica de la Fa.C.E.N.A. por un per\u00edodo de tres (3) a\u00f1os.<\/p>\n<p><strong>15-05-2018<\/strong>:<a href=\"https:\/\/drive.google.com\/open?id=1x_REZMgYKYibPJ6knFoefk3laf5sHbJ2\" target=\"_blank\">\u00a0Resoluci\u00f3n N\u00ba 1254\/2018 ME.<\/a>\u00a0Determinar que los \u00abalcances del t\u00edtulo\u00bb son aquellas actividades, definidas por cada instituci\u00f3n universitaria, para las que resulta competente un profesional en funci\u00f3n del perfil del t\u00edtulo respectivo sin implicar un riesgo directo a los valores protegidos por el art\u00edculo 43 de la Ley de Educaci\u00f3n Superior,\u00a0<a href=\"https:\/\/drive.google.com\/open?id=1ayVg87YUILD8fkqA4dGCmRjgcc4lXqTr\" target=\"_blank\">Ver Anexo 05<\/a>.<\/p>\n<p><strong>13-06-2017<\/strong>: Convocar a un nuevo proceso de acreditaci\u00f3n a todas las carreras de Ingenier\u00eda<a href=\"https:\/\/drive.google.com\/open?id=1prEKAAvSm8dkOcY5vi1uWFUce1vahWRI\" target=\"_blank\">(RESFC-2017-231-APN-CONEAU#ME).<\/a><\/p>\n<p><strong>02-12-2014<\/strong>:<a href=\"https:\/\/drive.google.com\/open?id=0BzYxk5n-tPxLY2JYWklnTThTX0U\" target=\"_blank\">\u00a0Resoluci\u00f3n N\u00ba 0999\/14 CONEAU<\/a>.\u00a0<strong>Acreditar<\/strong>\u00a0la carrera de Ingenier\u00eda El\u00e9ctrica de la Fa.C.E.N.A. por un per\u00edodo de tres (3) a\u00f1os. Proceso de acreditaci\u00f3n iniciado por convocatoria de mayo de 2012 mediante\u00a0<a href=\"https:\/\/drive.google.com\/open?id=0BzYxk5n-tPxLMXRNSmIwMDNYQkU\" target=\"_blank\">Resoluci\u00f3n N\u00ba 343\/12 CONEAU<\/a>.<\/p>\n<p><strong>09-05-2012<\/strong>:<a href=\"https:\/\/drive.google.com\/open?id=0BzYxk5n-tPxLMXRNSmIwMDNYQkU\" target=\"_blank\">\u00a0Resoluci\u00f3n N\u00ba 343\/12 CONEAU<\/a>. Convocatoria para la acreditaci\u00f3n de carreras de Ingenier\u00eda &#8211; Alcances y Cronograma.<\/p>\n<p><strong>18-11-2009<\/strong>:<a href=\"https:\/\/drive.google.com\/open?id=0BzYxk5n-tPxLTTEtcjBiVU80bkU\" target=\"_blank\">\u00a0Resoluci\u00f3n N\u00ba 734\/09 CONEAU.<\/a>\u00a0<strong>Acreditaci\u00f3n<\/strong>\u00a0de la carrera de Ingenier\u00eda El\u00e9ctrica de la Fa.C.E.N.A. por un per\u00edodo de tres (3) a\u00f1os computados a partir del vencimiento de la acreditaci\u00f3n otorgada por Resoluci\u00f3n N\u00ba 246\/05 CONEAU. La universidad asume la responsabilidad de sostener el nivel de calidad alcanzado por la carrera. Proceso de acreditaci\u00f3n iniciado por convocatoria de mayo de 2008 mediante\u00a0<a href=\"https:\/\/drive.google.com\/open?id=0BzYxk5n-tPxLR01JLU5HeUtMa00\" target=\"_blank\">Resoluci\u00f3n N\u00ba 194\/08 CONEAU<\/a>.<\/p>\n<p><strong>28-05-2008<\/strong>:<a href=\"https:\/\/drive.google.com\/open?id=0BzYxk5n-tPxLR01JLU5HeUtMa00\" target=\"_blank\">\u00a0Resoluci\u00f3n N\u00ba 194\/08 CONEAU<\/a>. Tercera convocatoria de carreras de Ingenier\u00eda comprendidas en la segunda fase del proceso de acreditaci\u00f3n &#8211; Convocatoria de carreras de Ingenier\u00eda no acreditadas o con acreditaci\u00f3n provisoria. Cronograma.<\/p>\n<p><strong>09-05-2005<\/strong>:<a href=\"https:\/\/drive.google.com\/open?id=0BzYxk5n-tPxLOXBYSmZFTlJ6Q2c\" target=\"_blank\">\u00a0Resoluci\u00f3n 246\/05.<\/a>\u00a0La CONEAU resuelve\u00a0<strong>Acreditar<\/strong>\u00a0la carrera de Ingenier\u00eda El\u00e9ctrica de la Fa.C.E.N.A. por un per\u00edodo de tres (3) a\u00f1os.<\/p>\n<p><strong>04-12-2002<\/strong>:<a href=\"https:\/\/drive.google.com\/open?id=1Nt8FwM8ffM1AEVSDQetjVG8U3blP8bh2\" target=\"_blank\">\u00a0Resoluci\u00f3n N\u00ba 413\/02 CONEAU.<\/a>\u00a0Convocatoria y cronograma para la acreditaci\u00f3n obligatoria de carreras de Ingenier\u00eda.<\/p>\n<p><strong>20-12-2001<\/strong>:<a href=\"https:\/\/drive.google.com\/open?id=0BzYxk5n-tPxLOWZBMnhTVUduNVk\" target=\"_blank\">\u00a0Resoluci\u00f3n N\u00ba 1232\/01 ME.<\/a>\u00a0Declarar incluidos en la n\u00f3mina del art\u00edculo 43 de la Ley N\u00ba 24.521 a los siguientes t\u00edtulos: Ingeniero Aeron\u00e1utico; Ingeniero en Alimentos; Ingeniero Ambiental; Ingeniero Civil; Ingeniero Electricista; Ingeniero Electromec\u00e1nico; Ingeniero Electr\u00f3nico; Ingeniero en Materiales; Ingeniero Mec\u00e1nico; Ingeniero en Minas; Ingeniero Nuclear; Ingeniero en Petr\u00f3leo, e Ingeniero Qu\u00edmico.[\/vc_column_text][\/vc_tta_section][\/vc_tta_tabs][\/vc_column][\/vc_row]<\/p>\n","protected":false},"excerpt":{"rendered":"<p>[vc_row][vc_column][vc_tta_tabs][vc_tta_section title=\u00bbEstado de Acreditaci\u00f3n\u00bb tab_id=\u00bb1576075918312-ac7b2d74-072f\u00bb][vc_column_text]Acreditada por tres a\u00f1os\u00a0(Res. Nro RESFC-2019-77-APN-CONEAU#MECCYT). Est\u00e1ndar de la carrera\u00a0(Res. N\u00ba 1232\/01 ME). &#8211;\u00a0 (RESOL-2021-1565-APN-ME) Resoluci\u00f3n ministerial de reconocimiento oficial del t\u00edtulo\u00a0(Res N\u00ba 0241\/02 ME). &#8211;\u00a0 ( Res. N\u00ba 2637\/15 ME ) &#8211; (RESOL-2017-1560-APN-ME)[\/vc_column_text][\/vc_tta_section][vc_tta_section title=\u00bbCronolog\u00eda de Acreditaciones de Ingenier\u00eda El\u00e9ctrica\u00bb tab_id=\u00bb1576075918312-8c0a9494-9f09&#8243;][vc_column_text]09-04-2019:\u00a0Resoluci\u00f3n N\u00ba RESFC-2019-77-APN-CONEAU#MECCYT\u00a0Acreditar\u00a0la carrera de Ingenier\u00eda El\u00e9ctrica de la Fa.C.E.N.A. por [&hellip;]<\/p>\n","protected":false},"author":4,"featured_media":0,"parent":0,"menu_order":0,"comment_status":"closed","ping_status":"closed","template":"","meta":{"footnotes":""},"class_list":["post-9146","page","type-page","status-publish","hentry"],"_links":{"self":[{"href":"https:\/\/exa.unne.edu.ar\/r\/index.php?rest_route=\/wp\/v2\/pages\/9146","targetHints":{"allow":["GET"]}}],"collection":[{"href":"https:\/\/exa.unne.edu.ar\/r\/index.php?rest_route=\/wp\/v2\/pages"}],"about":[{"href":"https:\/\/exa.unne.edu.ar\/r\/index.php?rest_route=\/wp\/v2\/types\/page"}],"author":[{"embeddable":true,"href":"https:\/\/exa.unne.edu.ar\/r\/index.php?rest_route=\/wp\/v2\/users\/4"}],"replies":[{"embeddable":true,"href":"https:\/\/exa.unne.edu.ar\/r\/index.php?rest_route=%2Fwp%2Fv2%2Fcomments&post=9146"}],"version-history":[{"count":4,"href":"https:\/\/exa.unne.edu.ar\/r\/index.php?rest_route=\/wp\/v2\/pages\/9146\/revisions"}],"predecessor-version":[{"id":30398,"href":"https:\/\/exa.unne.edu.ar\/r\/index.php?rest_route=\/wp\/v2\/pages\/9146\/revisions\/30398"}],"wp:attachment":[{"href":"https:\/\/exa.unne.edu.ar\/r\/index.php?rest_route=%2Fwp%2Fv2%2Fmedia&parent=9146"}],"curies":[{"name":"wp","href":"https:\/\/api.w.org\/{rel}","templated":true}]}}