{"id":30353,"date":"2023-11-09T10:36:06","date_gmt":"2023-11-09T13:36:06","guid":{"rendered":"http:\/\/exa.unne.edu.ar\/r\/?page_id=30353"},"modified":"2025-08-19T11:26:27","modified_gmt":"2025-08-19T14:26:27","slug":"direccion-de-gestion-de-informacion-institucional-y-biblioteca","status":"publish","type":"page","link":"https:\/\/exa.unne.edu.ar\/r\/?page_id=30353","title":{"rendered":"Direcci\u00f3n de Gesti\u00f3n de Informaci\u00f3n Institucional y Biblioteca"},"content":{"rendered":"<p>[vc_row][vc_column width=\u00bb1\/2&#8243;][vc_column_text]<img loading=\"lazy\" decoding=\"async\" class=\"alignnone wp-image-31591 size-full\" src=\"http:\/\/exa.unne.edu.ar\/r\/wp-content\/uploads\/2025\/08\/institucional-1.jpg\" alt=\"\" width=\"541\" height=\"383\" srcset=\"https:\/\/exa.unne.edu.ar\/r\/wp-content\/uploads\/2025\/08\/institucional-1.jpg 541w, https:\/\/exa.unne.edu.ar\/r\/wp-content\/uploads\/2025\/08\/institucional-1-300x212.jpg 300w, https:\/\/exa.unne.edu.ar\/r\/wp-content\/uploads\/2025\/08\/institucional-1-283x200.jpg 283w, https:\/\/exa.unne.edu.ar\/r\/wp-content\/uploads\/2025\/08\/institucional-1-82x58.jpg 82w, https:\/\/exa.unne.edu.ar\/r\/wp-content\/uploads\/2025\/08\/institucional-1-100x71.jpg 100w, https:\/\/exa.unne.edu.ar\/r\/wp-content\/uploads\/2025\/08\/institucional-1-156x110.jpg 156w\" sizes=\"auto, (max-width: 541px) 100vw, 541px\" \/>[\/vc_column_text][\/vc_column][vc_column width=\u00bb1\/2&#8243;][vc_column_text]<\/p>\n<h2 class=\"western\" align=\"justify\"><strong><span style=\"color: #000000;\">Informaci\u00f3n Institucional de la Facultad de Ciencias Exactas y Naturales y Agrimensura<\/span><\/strong><\/h2>\n<h2 class=\"western\" align=\"justify\"><\/h2>\n<h3 class=\"western\" align=\"justify\"><span style=\"color: #808080;\">La informaci\u00f3n Institucional de la Facultad re\u00fane todos aquellos elementos que permiten conocen de manera clara y trasparente quienes somos, qu\u00e9 hacemos y c\u00f3mo lo hacemos, favoreciendo el acceso tanto de la comunidad universitaria como de la sociedad en general.<\/span><\/h3>\n<h3 class=\"western\" align=\"justify\"><\/h3>\n<h3 class=\"western\" align=\"justify\"><span style=\"color: #808080;\">Poner a disposici\u00f3n de la comunidad esta informaci\u00f3n contribuye a garantizar la transparencia, promover la participaci\u00f3n informada y consolidad un espacio de confianza y cooperaci\u00f3n.<\/span><\/h3>\n<p>[\/vc_column_text][\/vc_column][\/vc_row][vc_row][vc_column][vc_separator][\/vc_column][\/vc_row][vc_row][vc_column][vc_column_text]<a href=\"..\/..\/docs\/gestion\/RES. 0162-21 CS.pdf\"><span style=\"color: #000000;\"><span style=\"font-size: large;\"><span style=\"color: #800000;\">&#8211; Estructura Org\u00e1nico Funcional y Manual de Misiones y Funciones de la Facultad de Res. N\u00ba0162\/21 CS.<\/span><\/span><\/span><\/a><\/p>\n<p><a href=\"..\/..\/docs\/gestion\/RES. 0475-23 D Plan Estrategico.pdf\"><span style=\"color: #000000;\"><span style=\"font-size: large;\"><span style=\"color: #800000;\">&#8211; Plan de Acci\u00f3n Estrat\u00e9gica Gesti\u00f3n 2022-2026 &#8211; Res. N\u00ba 0475\/23 D.<\/span><\/span><\/span><\/a><\/p>\n<p><span style=\"color: #800000;\"><span style=\"font-size: large;\">&#8211; Seguimiento del Plan de Acci\u00f3n Estrat\u00e9gico Gesti\u00f3n 2022-2026<\/span><\/span><\/p>\n<p><a href=\"..\/..\/docs\/gestion\/estatuto.pdf\"><span style=\"color: #000000;\"><span style=\"font-size: large;\"><span style=\"color: #800000;\">&#8211; Estatuto de la UNNE<\/span><\/span><\/span><\/a>[\/vc_column_text][\/vc_column][\/vc_row][vc_row][vc_column][vc_separator][\/vc_column][\/vc_row][vc_row][vc_column width=\u00bb1\/3&#8243;] \r\n \r\n          <div class='poly_custom-7 hover-image wpb_content_element  vc_align_left'>\r\n            <div class='module-inner' style='width:100%;'>\r\n              \r\n              <a href=\"https:\/\/exa.unne.edu.ar\/r\/?page_id=22548%20\">\r\n                <div class='module-image'>\r\n                  <img loading=\"lazy\" decoding=\"async\" class=\"image-inner \" src=\"https:\/\/exa.unne.edu.ar\/r\/wp-content\/uploads\/2025\/08\/institucional-2.jpg\" width=\"259\" height=\"194\" alt=\"institucional-2\" title=\"institucional-2\" \/>\r\n                <\/div>\r\n              <\/a>\r\n\r\n              <div class='module-content'  style=''>\r\n                <div class='content-inner'>\r\n                  <h4 class=\"pb_title\">Memoria Institucional <\/h4>\r\n                  <a href=\"https:\/\/exa.unne.edu.ar\/r\/?page_id=22548\">Memoria Institucional<\/a>\r\n                <\/div>\r\n              <\/div>\r\n              \r\n              <div class='module-background' style='background-color:#ff0000; opacity:0.9'>\r\n              <\/div>\r\n\r\n              <div class='pb_transitions'>\r\n                <div class='pb_css'>\r\n                <style>\r\n                      html:not(.no-csstransitions) .poly_custom-7.hover-image .module-inner .module-content,\r\n                      html:not(.no-csstransitions) .poly_custom-7.hover-image .module-inner .module-background {\r\n                        height: 40px;\r\n                      }\r\n                      html:not(.no-csstransitions) .poly_custom-7.hover-image .module-inner:hover .module-content, \r\n                      html:not(.no-csstransitions) .poly_custom-7.hover-image .module-inner:hover .module-background { \r\n                        height: 30%;\r\n                      }\r\n                      \/* #Tablet (Portrait) *\/\r\n                      @media only screen and (min-width: 768px) and (max-width: 959px) {\r\n                        html:not(.no-csstransitions) .poly_custom-7.hover-image .module-inner .module-content, \r\n                        html:not(.no-csstransitions) .poly_custom-7.hover-image .module-inner .module-background {\r\n                            height: 25px;\r\n                        }\r\n                        html:not(.no-csstransitions) .poly_custom-7.hover-image .module-inner:hover .module-content, \r\n                        html:not(.no-csstransitions) .poly_custom-7.hover-image .module-inner:hover .module-background { \r\n                          height: 100%;\r\n                        }\r\n                      }\r\n                  <\/style>\r\n                <\/div>\r\n                <div class='pb_jquery'>\r\n                  <input class='start_position' type='text' value='40px' style='display:none;'>\r\n                      <input class='end_position' type='text' value='30%' style='display:none;'>\r\n                    <\/div>\r\n                <\/div>\r\n\r\n            <\/div>\r\n\r\n      <\/div>\r\n\r\n\r\n  [\/vc_column][vc_column width=\u00bb1\/3&#8243;] \r\n \r\n          <div class='poly_custom-7 hover-image wpb_content_element  vc_align_left'>\r\n            <div class='module-inner' style='width:100%;'>\r\n              \r\n              <a href=\"https:\/\/exa.unne.edu.ar\/r\/?page_id=7978%20\">\r\n                <div class='module-image'>\r\n                  <img loading=\"lazy\" decoding=\"async\" class=\"image-inner \" src=\"https:\/\/exa.unne.edu.ar\/r\/wp-content\/uploads\/2025\/08\/institucional-33.jpg\" width=\"259\" height=\"194\" alt=\"institucional-33\" title=\"institucional-33\" \/>\r\n                <\/div>\r\n              <\/a>\r\n\r\n              <div class='module-content'  style=''>\r\n                <div class='content-inner'>\r\n                  <h4 class=\"pb_title\">Acreditaci\u00f3n de Carreras <\/h4>\r\n                  <a href=\"https:\/\/exa.unne.edu.ar\/r\/?page_id=7978\">Acreditaci\u00f3n de Carreras\u00a0<\/a>\r\n                <\/div>\r\n              <\/div>\r\n              \r\n              <div class='module-background' style='background-color:#ff0000; opacity:0.9'>\r\n              <\/div>\r\n\r\n              <div class='pb_transitions'>\r\n                <div class='pb_css'>\r\n                <style>\r\n                      html:not(.no-csstransitions) .poly_custom-7.hover-image .module-inner .module-content,\r\n                      html:not(.no-csstransitions) .poly_custom-7.hover-image .module-inner .module-background {\r\n                        height: 40px;\r\n                      }\r\n                      html:not(.no-csstransitions) .poly_custom-7.hover-image .module-inner:hover .module-content, \r\n                      html:not(.no-csstransitions) .poly_custom-7.hover-image .module-inner:hover .module-background { \r\n                        height: 30%;\r\n                      }\r\n                      \/* #Tablet (Portrait) *\/\r\n                      @media only screen and (min-width: 768px) and (max-width: 959px) {\r\n                        html:not(.no-csstransitions) .poly_custom-7.hover-image .module-inner .module-content, \r\n                        html:not(.no-csstransitions) .poly_custom-7.hover-image .module-inner .module-background {\r\n                            height: 25px;\r\n                        }\r\n                        html:not(.no-csstransitions) .poly_custom-7.hover-image .module-inner:hover .module-content, \r\n                        html:not(.no-csstransitions) .poly_custom-7.hover-image .module-inner:hover .module-background { \r\n                          height: 100%;\r\n                        }\r\n                      }\r\n                  <\/style>\r\n                <\/div>\r\n                <div class='pb_jquery'>\r\n                  <input class='start_position' type='text' value='40px' style='display:none;'>\r\n                      <input class='end_position' type='text' value='30%' style='display:none;'>\r\n                    <\/div>\r\n                <\/div>\r\n\r\n            <\/div>\r\n\r\n      <\/div>\r\n\r\n\r\n  [\/vc_column][vc_column width=\u00bb1\/3&#8243;] \r\n \r\n          <div class='poly_custom-7 hover-image wpb_content_element  vc_align_left'>\r\n            <div class='module-inner' style='width:100%;'>\r\n              \r\n              <a href=\"https:\/\/exa.unne.edu.ar\/r\/?page_id=7698\">\r\n                <div class='module-image'>\r\n                  <img loading=\"lazy\" decoding=\"async\" class=\"image-inner \" src=\"https:\/\/exa.unne.edu.ar\/r\/wp-content\/uploads\/2025\/08\/institucional-44.jpeg\" width=\"259\" height=\"194\" alt=\"institucional-44\" title=\"institucional-44\" \/>\r\n                <\/div>\r\n              <\/a>\r\n\r\n              <div class='module-content'  style=''>\r\n                <div class='content-inner'>\r\n                  <h4 class=\"pb_title\">Biblioteca<\/h4>\r\n                  <a href=\"https:\/\/exa.unne.edu.ar\/r\/?page_id=7698\">Biblioteca<\/a>\r\n                <\/div>\r\n              <\/div>\r\n              \r\n              <div class='module-background' style='background-color:#ff0000; opacity:0.9'>\r\n              <\/div>\r\n\r\n              <div class='pb_transitions'>\r\n                <div class='pb_css'>\r\n                <style>\r\n                      html:not(.no-csstransitions) .poly_custom-7.hover-image .module-inner .module-content,\r\n                      html:not(.no-csstransitions) .poly_custom-7.hover-image .module-inner .module-background {\r\n                        height: 40px;\r\n                      }\r\n                      html:not(.no-csstransitions) .poly_custom-7.hover-image .module-inner:hover .module-content, \r\n                      html:not(.no-csstransitions) .poly_custom-7.hover-image .module-inner:hover .module-background { \r\n                        height: 30%;\r\n                      }\r\n                      \/* #Tablet (Portrait) *\/\r\n                      @media only screen and (min-width: 768px) and (max-width: 959px) {\r\n                        html:not(.no-csstransitions) .poly_custom-7.hover-image .module-inner .module-content, \r\n                        html:not(.no-csstransitions) .poly_custom-7.hover-image .module-inner .module-background {\r\n                            height: 25px;\r\n                        }\r\n                        html:not(.no-csstransitions) .poly_custom-7.hover-image .module-inner:hover .module-content, \r\n                        html:not(.no-csstransitions) .poly_custom-7.hover-image .module-inner:hover .module-background { \r\n                          height: 100%;\r\n                        }\r\n                      }\r\n                  <\/style>\r\n                <\/div>\r\n                <div class='pb_jquery'>\r\n                  <input class='start_position' type='text' value='40px' style='display:none;'>\r\n                      <input class='end_position' type='text' value='30%' style='display:none;'>\r\n                    <\/div>\r\n                <\/div>\r\n\r\n            <\/div>\r\n\r\n      <\/div>\r\n\r\n\r\n  [\/vc_column][\/vc_row][vc_row][vc_column width=\u00bb1\/3&#8243;] \r\n \r\n          <div class='poly_custom-7 hover-image wpb_content_element  vc_align_left'>\r\n            <div class='module-inner' style='width:100%;'>\r\n              \r\n              <a href=\"https:\/\/exa.unne.edu.ar\/r\/?page_id=31604\">\r\n                <div class='module-image'>\r\n                  <img loading=\"lazy\" decoding=\"async\" class=\"image-inner \" src=\"https:\/\/exa.unne.edu.ar\/r\/wp-content\/uploads\/2025\/08\/institucional-55.jpg\" width=\"259\" height=\"194\" alt=\"institucional-55\" title=\"institucional-55\" \/>\r\n                <\/div>\r\n              <\/a>\r\n\r\n              <div class='module-content'  style=''>\r\n                <div class='content-inner'>\r\n                  <h4 class=\"pb_title\">Resoluciones del Consejo Directivo<\/h4>\r\n                  <a href=\"https:\/\/exa.unne.edu.ar\/r\/?page_id=31604\">Resoluciones del Consejo Directivo<\/a>\r\n                <\/div>\r\n              <\/div>\r\n              \r\n              <div class='module-background' style='background-color:#ff0000; opacity:0.9'>\r\n              <\/div>\r\n\r\n              <div class='pb_transitions'>\r\n                <div class='pb_css'>\r\n                <style>\r\n                      html:not(.no-csstransitions) .poly_custom-7.hover-image .module-inner .module-content,\r\n                      html:not(.no-csstransitions) .poly_custom-7.hover-image .module-inner .module-background {\r\n                        height: 40px;\r\n                      }\r\n                      html:not(.no-csstransitions) .poly_custom-7.hover-image .module-inner:hover .module-content, \r\n                      html:not(.no-csstransitions) .poly_custom-7.hover-image .module-inner:hover .module-background { \r\n                        height: 30%;\r\n                      }\r\n                      \/* #Tablet (Portrait) *\/\r\n                      @media only screen and (min-width: 768px) and (max-width: 959px) {\r\n                        html:not(.no-csstransitions) .poly_custom-7.hover-image .module-inner .module-content, \r\n                        html:not(.no-csstransitions) .poly_custom-7.hover-image .module-inner .module-background {\r\n                            height: 25px;\r\n                        }\r\n                        html:not(.no-csstransitions) .poly_custom-7.hover-image .module-inner:hover .module-content, \r\n                        html:not(.no-csstransitions) .poly_custom-7.hover-image .module-inner:hover .module-background { \r\n                          height: 100%;\r\n                        }\r\n                      }\r\n                  <\/style>\r\n                <\/div>\r\n                <div class='pb_jquery'>\r\n                  <input class='start_position' type='text' value='40px' style='display:none;'>\r\n                      <input class='end_position' type='text' value='30%' style='display:none;'>\r\n                    <\/div>\r\n                <\/div>\r\n\r\n            <\/div>\r\n\r\n      <\/div>\r\n\r\n\r\n  [\/vc_column][\/vc_row][vc_row][vc_column][vc_separator][\/vc_column][\/vc_row][vc_row][vc_column width=\u00bb1\/2&#8243;][vc_column_text]<\/p>\n<h3><em><strong>FORMAS DE CONTACTO<\/strong><\/em><\/h3>\n<h3>Tel\u00e9fono: 03794-4473931 Int. 4790<br \/>\nE-mails: <a href=\"mailto:gestion.institucional@exa.unne.edu.ar\">gestion.institucional@exa.unne.edu.ar<\/a><\/h3>\n<p>[\/vc_column_text][\/vc_column][vc_column width=\u00bb1\/2&#8243;][vc_column_text]<\/p>\n<h3><strong>ATENCI\u00d3N AL P\u00daBLICO<\/strong><\/h3>\n<h3>Lunes a viernes de 7:30 a 19:00 hs. en el Campus Deodoro Roca (Av. Libertad 5470)<\/h3>\n<p>[\/vc_column_text][\/vc_column][\/vc_row][vc_row][\/vc_row]<\/p>\n","protected":false},"excerpt":{"rendered":"<p>[vc_row][vc_column width=\u00bb1\/2&#8243;][vc_column_text][\/vc_column_text][\/vc_column][vc_column width=\u00bb1\/2&#8243;][vc_column_text] Informaci\u00f3n Institucional de la Facultad de Ciencias Exactas y Naturales y Agrimensura La informaci\u00f3n Institucional de la Facultad re\u00fane todos aquellos elementos que permiten conocen de manera clara y trasparente quienes somos, qu\u00e9 hacemos y c\u00f3mo lo hacemos, favoreciendo el acceso tanto de la comunidad universitaria como de la sociedad en general. [&hellip;]<\/p>\n","protected":false},"author":4,"featured_media":0,"parent":0,"menu_order":0,"comment_status":"closed","ping_status":"closed","template":"","meta":{"footnotes":""},"class_list":["post-30353","page","type-page","status-publish","hentry"],"_links":{"self":[{"href":"https:\/\/exa.unne.edu.ar\/r\/index.php?rest_route=\/wp\/v2\/pages\/30353","targetHints":{"allow":["GET"]}}],"collection":[{"href":"https:\/\/exa.unne.edu.ar\/r\/index.php?rest_route=\/wp\/v2\/pages"}],"about":[{"href":"https:\/\/exa.unne.edu.ar\/r\/index.php?rest_route=\/wp\/v2\/types\/page"}],"author":[{"embeddable":true,"href":"https:\/\/exa.unne.edu.ar\/r\/index.php?rest_route=\/wp\/v2\/users\/4"}],"replies":[{"embeddable":true,"href":"https:\/\/exa.unne.edu.ar\/r\/index.php?rest_route=%2Fwp%2Fv2%2Fcomments&post=30353"}],"version-history":[{"count":62,"href":"https:\/\/exa.unne.edu.ar\/r\/index.php?rest_route=\/wp\/v2\/pages\/30353\/revisions"}],"predecessor-version":[{"id":31627,"href":"https:\/\/exa.unne.edu.ar\/r\/index.php?rest_route=\/wp\/v2\/pages\/30353\/revisions\/31627"}],"wp:attachment":[{"href":"https:\/\/exa.unne.edu.ar\/r\/index.php?rest_route=%2Fwp%2Fv2%2Fmedia&parent=30353"}],"curies":[{"name":"wp","href":"https:\/\/api.w.org\/{rel}","templated":true}]}}