{"id":22548,"date":"2020-09-09T12:45:34","date_gmt":"2020-09-09T15:45:34","guid":{"rendered":"http:\/\/exa.unne.edu.ar\/r\/?page_id=22548"},"modified":"2026-04-28T14:09:39","modified_gmt":"2026-04-28T17:09:39","slug":"memorias-institucionales","status":"publish","type":"page","link":"https:\/\/exa.unne.edu.ar\/r\/?page_id=22548","title":{"rendered":"Informes de Gesti\u00f3n"},"content":{"rendered":"<p>[vc_row 0=\u00bb\u00bb][vc_column 0=\u00bb\u00bb][vc_column_text]<\/p>\n<h2 style=\"text-align: left;\">La Facultad de Ciencias Exactas y Naturales y Agrimensura de la UNNE, presenta los informes, que detallan lo realizado por la Instituci\u00f3n.<\/h2>\n<h2 style=\"text-align: left;\">Cada a\u00f1o se comparte la Memoria Institucional de la Facultad, con el prop\u00f3sito de hacer p\u00fablica la gesti\u00f3n de la instituci\u00f3n.<\/h2>\n<h2 style=\"text-align: left;\">La organizaci\u00f3n y presentaci\u00f3n de la informaci\u00f3n sigue la l\u00f3gica del proyecto de gobierno estructurado en 5 ejes de gesti\u00f3n, mostrando las acciones y los logros m\u00e1s importantes desplegados anualmente.<\/h2>\n<p>&nbsp;<\/p>\n<h2>Los archivos, est\u00e1n disponibles en el apartado de \u00abDescargas\u00bb.<\/h2>\n<p>[\/vc_column_text][\/vc_column][\/vc_row][vc_row][vc_column][vc_separator][\/vc_column][\/vc_row][vc_row][vc_column][vc_column_text]<\/p>\n<h1><\/h1>\n<h1><em><strong>Descargas:<\/strong><\/em><\/h1>\n<p>[\/vc_column_text][\/vc_column][\/vc_row][vc_row 0=\u00bb\u00bb][vc_column width=\u00bb1\/4&#8243;][vc_single_image image=\u00bb32159&#8243; alignment=\u00bbcenter\u00bb onclick=\u00bbcustom_link\u00bb link=\u00bbhttp:\/\/exa.unne.edu.ar\/institucional\/docs-memorias\/RES. 2026-213-CD-memoria-26.pdf\u00bb][\/vc_column][vc_column width=\u00bb3\/4&#8243;][vc_column_text]<\/p>\n<h2><a href=\"http:\/\/exa.unne.edu.ar\/institucional\/docs-memorias\/RES. 2026-213-CD-memoria-26.pdf\"><strong><span style=\"color: #3366ff;\">Memoria Institucional de la Facultad de Ciencias<\/span><br \/>\n<span style=\"color: #3366ff;\">Exactas y Naturales y Agrimensura A\u00f1o 2025 <\/span><\/strong><\/a><\/h2>\n<h2><strong><span style=\"color: #3366ff;\">Resoluci\u00f3n N\u00ba 213\/26 C.D.<br \/>\n<\/span><\/strong><\/h2>\n<p>[\/vc_column_text][\/vc_column][\/vc_row][vc_row 0=\u00bb\u00bb][vc_column width=\u00bb1\/4&#8243;][vc_single_image image=\u00bb31305&#8243; alignment=\u00bbcenter\u00bb onclick=\u00bbcustom_link\u00bb link=\u00bbhttp:\/\/exa.unne.edu.ar\/institucional\/docs-memorias\/RES-2025 100 CD Memoria 2024 FaCENA.pdf\u00bb][\/vc_column][vc_column width=\u00bb3\/4&#8243;][vc_column_text]<\/p>\n<h2><span style=\"color: #0000ff;\"><a style=\"color: #0000ff;\" href=\"http:\/\/exa.unne.edu.ar\/institucional\/docs-memorias\/RES-2025 100 CD Memoria 2024 FaCENA.pdf\"><strong><span style=\"color: #3366ff;\">Memoria Institucional de la Facultad de Ciencias<\/span><br \/>\n<span style=\"color: #3366ff;\">Exactas y Naturales y Agrimensura A\u00f1o 2024<\/span> <\/strong><\/a><\/span><\/h2>\n<h2><span style=\"color: #3366ff;\"><strong>Resoluci\u00f3n N\u00ba 100\/25 C.D.<\/strong><\/span><\/h2>\n<h2><\/h2>\n<p>[\/vc_column_text][\/vc_column][\/vc_row][vc_row 0=\u00bb\u00bb][vc_column width=\u00bb1\/4&#8243;][vc_single_image image=\u00bb30788&#8243; alignment=\u00bbcenter\u00bb onclick=\u00bbcustom_link\u00bb link=\u00bbhttp:\/\/exa.unne.edu.ar\/institucional\/docs-memorias\/RES. 2024-236 Memoria 2023.pdf\u00bb][\/vc_column][vc_column width=\u00bb3\/4&#8243;][vc_column_text]<\/p>\n<h2><a href=\"http:\/\/exa.unne.edu.ar\/institucional\/docs-memorias\/RES. 2024-236-CD-EXA.pdf\"><strong><span style=\"color: #3366ff;\">Memoria Institucional de la Facultad de Ciencias<\/span><br \/>\n<span style=\"color: #3366ff;\">Exactas y Naturales y Agrimensura A\u00f1o 2023 <\/span><\/strong><\/a><\/h2>\n<h2><strong><span style=\"color: #3366ff;\">Resoluci\u00f3n N\u00ba 236\/24 C.D.<br \/>\n<\/span><\/strong><\/h2>\n<p>[\/vc_column_text][\/vc_column][\/vc_row][vc_row 0=\u00bb\u00bb][vc_column width=\u00bb1\/4&#8243;][vc_single_image image=\u00bb30329&#8243; alignment=\u00bbcenter\u00bb onclick=\u00bbcustom_link\u00bb link=\u00bbhttp:\/\/exa.unne.edu.ar\/institucional\/docs-memorias\/2022 &#8211; Memoria Institucional FaCENA.pdf\u00bb][\/vc_column][vc_column width=\u00bb3\/4&#8243;][vc_column_text]<\/p>\n<h2><a href=\"http:\/\/exa.unne.edu.ar\/institucional\/docs-memorias\/RES. 0851-23 CD.pdf\"><strong><span style=\"color: #3366ff;\">Memoria Institucional de la Facultad de Ciencias<\/span><br \/>\n<span style=\"color: #3366ff;\">Exactas y Naturales y Agrimensura A\u00f1o 2022 <\/span><\/strong><\/a><\/h2>\n<h2><strong><span style=\"color: #3366ff;\">Resoluci\u00f3n N\u00ba 851\/23 C.D.<br \/>\n<\/span><\/strong><\/h2>\n<p>[\/vc_column_text][\/vc_column][\/vc_row][vc_row 0=\u00bb\u00bb][vc_column width=\u00bb1\/4&#8243;][vc_single_image image=\u00bb30331&#8243; alignment=\u00bbcenter\u00bb onclick=\u00bbcustom_link\u00bb link=\u00bbhttp:\/\/exa.unne.edu.ar\/institucional\/docs-memorias\/2021 &#8211; Memoria Institucional FaCENA.pdf\u00bb][\/vc_column][vc_column width=\u00bb3\/4&#8243;][vc_column_text]<\/p>\n<h2><a href=\"http:\/\/exa.unne.edu.ar\/institucional\/docs-memorias\/RES. 0498-22 CD.pdf\"><strong><span style=\"color: #3366ff;\">Memoria Institucional de la Facultad de Ciencias<\/span><br \/>\n<span style=\"color: #3366ff;\">Exactas y Naturales y Agrimensura A\u00f1o 2021\u00a0<\/span><\/strong><\/a><\/h2>\n<h2><a href=\"http:\/\/exa.unne.edu.ar\/institucional\/docs-memorias\/RES. 0498-22 CD.pdf\"><strong><span style=\"color: #3366ff;\"> Resoluci\u00f3n N\u00ba0498\/22 C.D.<\/span><\/strong><\/a><\/h2>\n<p>[\/vc_column_text][\/vc_column][\/vc_row][vc_row 0=\u00bb\u00bb][vc_column width=\u00bb1\/4&#8243;][vc_single_image image=\u00bb30332&#8243; alignment=\u00bbcenter\u00bb][\/vc_column][vc_column width=\u00bb3\/4&#8243;][vc_column_text]<\/p>\n<h2><a href=\"http:\/\/exa.unne.edu.ar\/institucional\/docs-memorias\/RES. 0506-21 CD.pdf\"><span style=\"color: #3366ff;\"><strong>Memoria Institucional de la Facultad de Ciencias<br \/>\nExactas y Naturales y Agrimensura A\u00f1o 2020<\/strong><\/span><\/a><\/h2>\n<h2><span style=\"color: #3366ff;\"><strong><span style=\"color: #3366ff;\"><a style=\"color: #3366ff;\" href=\"http:\/\/exa.unne.edu.ar\/institucional\/docs-memorias\/RES. 0506-21 CD.pdf\">Resoluci\u00f3n N\u00ba 0506\/21 C.D.<\/a><\/span><br \/>\n<\/strong><\/span><\/h2>\n<p>[\/vc_column_text][\/vc_column][\/vc_row][vc_row 0=\u00bb\u00bb][vc_column width=\u00bb1\/4&#8243;][vc_single_image image=\u00bb30333&#8243; alignment=\u00bbcenter\u00bb onclick=\u00bbcustom_link\u00bb link=\u00bbhttp:\/\/exa.unne.edu.ar\/institucional\/docs-memorias\/2019-Memoria Institucional FACENA.pdf\u00bb][\/vc_column][vc_column width=\u00bb3\/4&#8243;][vc_column_text]<\/p>\n<h2><a href=\"http:\/\/exa.unne.edu.ar\/institucional\/docs-memorias\/RES.0280-20 CD.pdf\"><span style=\"color: #3366ff;\"><strong>Memoria Institucional de la Facultad de Ciencias<br \/>\nExactas y Naturales y Agrimensura A\u00f1o 2018-2019 <\/strong><\/span><\/a><\/h2>\n<h2><a href=\"http:\/\/exa.unne.edu.ar\/institucional\/docs-memorias\/RES.0280-20 CD.pdf\"><span style=\"color: #3366ff;\"><strong>Resoluci\u00f3n N\u00ba 0280\/20 C.D.<\/strong><\/span><\/a><\/h2>\n<h2><\/h2>\n<p>[\/vc_column_text][\/vc_column][\/vc_row]<\/p>\n","protected":false},"excerpt":{"rendered":"<p>[vc_row 0=\u00bb\u00bb][vc_column 0=\u00bb\u00bb][vc_column_text] La Facultad de Ciencias Exactas y Naturales y Agrimensura de la UNNE, presenta los informes, que detallan lo realizado por la Instituci\u00f3n. Cada a\u00f1o se comparte la Memoria Institucional de la Facultad, con el prop\u00f3sito de hacer p\u00fablica la gesti\u00f3n de la instituci\u00f3n. La organizaci\u00f3n y presentaci\u00f3n de la informaci\u00f3n sigue la [&hellip;]<\/p>\n","protected":false},"author":4,"featured_media":0,"parent":0,"menu_order":0,"comment_status":"closed","ping_status":"closed","template":"","meta":{"footnotes":""},"class_list":["post-22548","page","type-page","status-publish","hentry"],"_links":{"self":[{"href":"https:\/\/exa.unne.edu.ar\/r\/index.php?rest_route=\/wp\/v2\/pages\/22548","targetHints":{"allow":["GET"]}}],"collection":[{"href":"https:\/\/exa.unne.edu.ar\/r\/index.php?rest_route=\/wp\/v2\/pages"}],"about":[{"href":"https:\/\/exa.unne.edu.ar\/r\/index.php?rest_route=\/wp\/v2\/types\/page"}],"author":[{"embeddable":true,"href":"https:\/\/exa.unne.edu.ar\/r\/index.php?rest_route=\/wp\/v2\/users\/4"}],"replies":[{"embeddable":true,"href":"https:\/\/exa.unne.edu.ar\/r\/index.php?rest_route=%2Fwp%2Fv2%2Fcomments&post=22548"}],"version-history":[{"count":32,"href":"https:\/\/exa.unne.edu.ar\/r\/index.php?rest_route=\/wp\/v2\/pages\/22548\/revisions"}],"predecessor-version":[{"id":32162,"href":"https:\/\/exa.unne.edu.ar\/r\/index.php?rest_route=\/wp\/v2\/pages\/22548\/revisions\/32162"}],"wp:attachment":[{"href":"https:\/\/exa.unne.edu.ar\/r\/index.php?rest_route=%2Fwp%2Fv2%2Fmedia&parent=22548"}],"curies":[{"name":"wp","href":"https:\/\/api.w.org\/{rel}","templated":true}]}}

Informes de Gestión

<p>[vc_row 0=»»][vc_column 0=»»][vc_column_text]</p>
<h2 style="text-align: left;">La Facultad de Ciencias Exactas y Naturales y Agrimensura de la UNNE, presenta los informes, que detallan lo realizado por la Institución.</h2>
<h2 style="text-align: left;">Cada año se comparte la Memoria Institucional de la Facultad, con el propósito de hacer pública la gestión de la institución.</h2>
<h2 style="text-align: left;">La organización y presentación de la información sigue la lógica del proyecto de gobierno estructurado en 5 ejes de gestión, mostrando las acciones y los logros más importantes desplegados anualmente.</h2>
<p>&nbsp;</p>
<h2>Los archivos, están disponibles en el apartado de «Descargas».</h2>
<p>[/vc_column_text][/vc_column][/vc_row][vc_row][vc_column][vc_separator][/vc_column][/vc_row][vc_row][vc_column][vc_column_text]</p>
<h1></h1>
<h1><em><strong>Descargas:</strong></em></h1>
<p>[/vc_column_text][/vc_column][/vc_row][vc_row 0=»»][vc_column width=»1/4&#8243;][vc_single_image image=»32159&#8243; alignment=»center» onclick=»custom_link» link=»http://exa.unne.edu.ar/institucional/docs-memorias/RES. 2026-213-CD-memoria-26.pdf»][/vc_column][vc_column width=»3/4&#8243;][vc_column_text]</p>
<h2><a href="http://exa.unne.edu.ar/institucional/docs-memorias/RES. 2026-213-CD-memoria-26.pdf"><strong><span style="color: #3366ff;">Memoria Institucional de la Facultad de Ciencias</span><br />
<span style="color: #3366ff;">Exactas y Naturales y Agrimensura Año 2025 </span></strong></a></h2>
<h2><strong><span style="color: #3366ff;">Resolución Nº 213/26 C.D.<br />
</span></strong></h2>
<p>[/vc_column_text][/vc_column][/vc_row][vc_row 0=»»][vc_column width=»1/4&#8243;][vc_single_image image=»31305&#8243; alignment=»center» onclick=»custom_link» link=»http://exa.unne.edu.ar/institucional/docs-memorias/RES-2025 100 CD Memoria 2024 FaCENA.pdf»][/vc_column][vc_column width=»3/4&#8243;][vc_column_text]</p>
<h2><span style="color: #0000ff;"><a style="color: #0000ff;" href="http://exa.unne.edu.ar/institucional/docs-memorias/RES-2025 100 CD Memoria 2024 FaCENA.pdf"><strong><span style="color: #3366ff;">Memoria Institucional de la Facultad de Ciencias</span><br />
<span style="color: #3366ff;">Exactas y Naturales y Agrimensura Año 2024</span> </strong></a></span></h2>
<h2><span style="color: #3366ff;"><strong>Resolución Nº 100/25 C.D.</strong></span></h2>
<h2></h2>
<p>[/vc_column_text][/vc_column][/vc_row][vc_row 0=»»][vc_column width=»1/4&#8243;][vc_single_image image=»30788&#8243; alignment=»center» onclick=»custom_link» link=»http://exa.unne.edu.ar/institucional/docs-memorias/RES. 2024-236 Memoria 2023.pdf»][/vc_column][vc_column width=»3/4&#8243;][vc_column_text]</p>
<h2><a href="http://exa.unne.edu.ar/institucional/docs-memorias/RES. 2024-236-CD-EXA.pdf"><strong><span style="color: #3366ff;">Memoria Institucional de la Facultad de Ciencias</span><br />
<span style="color: #3366ff;">Exactas y Naturales y Agrimensura Año 2023 </span></strong></a></h2>
<h2><strong><span style="color: #3366ff;">Resolución Nº 236/24 C.D.<br />
</span></strong></h2>
<p>[/vc_column_text][/vc_column][/vc_row][vc_row 0=»»][vc_column width=»1/4&#8243;][vc_single_image image=»30329&#8243; alignment=»center» onclick=»custom_link» link=»http://exa.unne.edu.ar/institucional/docs-memorias/2022 &#8211; Memoria Institucional FaCENA.pdf»][/vc_column][vc_column width=»3/4&#8243;][vc_column_text]</p>
<h2><a href="http://exa.unne.edu.ar/institucional/docs-memorias/RES. 0851-23 CD.pdf"><strong><span style="color: #3366ff;">Memoria Institucional de la Facultad de Ciencias</span><br />
<span style="color: #3366ff;">Exactas y Naturales y Agrimensura Año 2022 </span></strong></a></h2>
<h2><strong><span style="color: #3366ff;">Resolución Nº 851/23 C.D.<br />
</span></strong></h2>
<p>[/vc_column_text][/vc_column][/vc_row][vc_row 0=»»][vc_column width=»1/4&#8243;][vc_single_image image=»30331&#8243; alignment=»center» onclick=»custom_link» link=»http://exa.unne.edu.ar/institucional/docs-memorias/2021 &#8211; Memoria Institucional FaCENA.pdf»][/vc_column][vc_column width=»3/4&#8243;][vc_column_text]</p>
<h2><a href="http://exa.unne.edu.ar/institucional/docs-memorias/RES. 0498-22 CD.pdf"><strong><span style="color: #3366ff;">Memoria Institucional de la Facultad de Ciencias</span><br />
<span style="color: #3366ff;">Exactas y Naturales y Agrimensura Año 2021 </span></strong></a></h2>
<h2><a href="http://exa.unne.edu.ar/institucional/docs-memorias/RES. 0498-22 CD.pdf"><strong><span style="color: #3366ff;"> Resolución Nº0498/22 C.D.</span></strong></a></h2>
<p>[/vc_column_text][/vc_column][/vc_row][vc_row 0=»»][vc_column width=»1/4&#8243;][vc_single_image image=»30332&#8243; alignment=»center»][/vc_column][vc_column width=»3/4&#8243;][vc_column_text]</p>
<h2><a href="http://exa.unne.edu.ar/institucional/docs-memorias/RES. 0506-21 CD.pdf"><span style="color: #3366ff;"><strong>Memoria Institucional de la Facultad de Ciencias<br />
Exactas y Naturales y Agrimensura Año 2020</strong></span></a></h2>
<h2><span style="color: #3366ff;"><strong><span style="color: #3366ff;"><a style="color: #3366ff;" href="http://exa.unne.edu.ar/institucional/docs-memorias/RES. 0506-21 CD.pdf">Resolución Nº 0506/21 C.D.</a></span><br />
</strong></span></h2>
<p>[/vc_column_text][/vc_column][/vc_row][vc_row 0=»»][vc_column width=»1/4&#8243;][vc_single_image image=»30333&#8243; alignment=»center» onclick=»custom_link» link=»http://exa.unne.edu.ar/institucional/docs-memorias/2019-Memoria Institucional FACENA.pdf»][/vc_column][vc_column width=»3/4&#8243;][vc_column_text]</p>
<h2><a href="http://exa.unne.edu.ar/institucional/docs-memorias/RES.0280-20 CD.pdf"><span style="color: #3366ff;"><strong>Memoria Institucional de la Facultad de Ciencias<br />
Exactas y Naturales y Agrimensura Año 2018-2019 </strong></span></a></h2>
<h2><a href="http://exa.unne.edu.ar/institucional/docs-memorias/RES.0280-20 CD.pdf"><span style="color: #3366ff;"><strong>Resolución Nº 0280/20 C.D.</strong></span></a></h2>
<h2></h2>
<p>[/vc_column_text][/vc_column][/vc_row]</p>

<p>[vc_row 0=»»][vc_column 0=»»][vc_column_text] La Facultad de Ciencias Exactas y Naturales y Agrimensura de la UNNE, presenta los informes, que detallan lo realizado por la Institución. Cada año se comparte la Memoria Institucional de la Facultad, con el propósito de hacer pública la gestión de la institución. La organización y presentación de la información sigue la [&hellip;]</p>
