{"id":21961,"date":"2020-06-23T09:42:28","date_gmt":"2020-06-23T12:42:28","guid":{"rendered":"http:\/\/exa.unne.edu.ar\/r\/?page_id=21961"},"modified":"2020-06-23T09:42:28","modified_gmt":"2020-06-23T12:42:28","slug":"pago-contratos-por-sistema-de-locacion-de-obras-y-becas","status":"publish","type":"page","link":"https:\/\/exa.unne.edu.ar\/r\/?page_id=21961","title":{"rendered":"Pago contratos por Sistema de Locaci\u00f3n de Obras y Becas"},"content":{"rendered":"<p><strong>&#8211; Certificaci\u00f3n de tareas.<\/p>\n<p>&#8211; Las facturas electr\u00f3nicas se seguir\u00e1n recibiendo por correo electr\u00f3nico.<\/strong><\/p>\n","protected":false},"excerpt":{"rendered":"<p>&#8211; Certificaci\u00f3n de tareas. &#8211; Las facturas electr\u00f3nicas se seguir\u00e1n recibiendo por correo electr\u00f3nico.<\/p>\n","protected":false},"author":4,"featured_media":0,"parent":0,"menu_order":0,"comment_status":"closed","ping_status":"closed","template":"","meta":{"footnotes":""},"class_list":["post-21961","page","type-page","status-publish","hentry"],"_links":{"self":[{"href":"https:\/\/exa.unne.edu.ar\/r\/index.php?rest_route=\/wp\/v2\/pages\/21961","targetHints":{"allow":["GET"]}}],"collection":[{"href":"https:\/\/exa.unne.edu.ar\/r\/index.php?rest_route=\/wp\/v2\/pages"}],"about":[{"href":"https:\/\/exa.unne.edu.ar\/r\/index.php?rest_route=\/wp\/v2\/types\/page"}],"author":[{"embeddable":true,"href":"https:\/\/exa.unne.edu.ar\/r\/index.php?rest_route=\/wp\/v2\/users\/4"}],"replies":[{"embeddable":true,"href":"https:\/\/exa.unne.edu.ar\/r\/index.php?rest_route=%2Fwp%2Fv2%2Fcomments&post=21961"}],"version-history":[{"count":0,"href":"https:\/\/exa.unne.edu.ar\/r\/index.php?rest_route=\/wp\/v2\/pages\/21961\/revisions"}],"wp:attachment":[{"href":"https:\/\/exa.unne.edu.ar\/r\/index.php?rest_route=%2Fwp%2Fv2%2Fmedia&parent=21961"}],"curies":[{"name":"wp","href":"https:\/\/api.w.org\/{rel}","templated":true}]}}