{"id":21944,"date":"2020-06-23T09:23:52","date_gmt":"2020-06-23T12:23:52","guid":{"rendered":"http:\/\/exa.unne.edu.ar\/r\/?page_id=21944"},"modified":"2025-02-26T11:08:55","modified_gmt":"2025-02-26T14:08:55","slug":"tramites-a-distancia","status":"publish","type":"page","link":"https:\/\/exa.unne.edu.ar\/r\/?page_id=21944","title":{"rendered":"MODALIDAD DE TR\u00c1MITES A DISTANCIA (TAD)"},"content":{"rendered":"<p>[vc_row 0=\u00bb\u00bb][vc_column 0=\u00bb\u00bb][vc_column_text 0=\u00bb\u00bb]<strong>MODALIDAD DE TR\u00c1MITES A DISTANCIA (TAD) PARA MESA DE ENTRADAS, SALIDAS Y ARCHIVO (MESA) <\/strong><\/p>\n<p><strong>IMPORTANTE <\/strong> Las solicitudes que se podr\u00e1n tramitar a distancia a trav\u00e9s de MESA de la FaCENA corresponden a diligencias que revisten urgencia en su tratamiento, en funci\u00f3n de lo dispuesto en el Art\u00edculo 1o de la Resoluci\u00f3n Rectoral Ad Refer\u00e9ndum del Consejo Superior N\u00ba 855\/20 y pr\u00f3rrogas dictadas oportunamente, por el t\u00e9rmino de la vigencia del \u00abAislamiento social, preventivo y obligatorio\u00bb.<br \/>\nLas solicitudes que no se consignan aqu\u00ed no ser\u00e1n procesadas hasta nuevo aviso.<\/p>\n<p><strong>1. \u00bfQu\u00e9 requisitos se necesitan para iniciar el TAD por MESA de la FaCENA?<\/strong> Para poder iniciar un tr\u00e1mite a distancia, es necesario que el\/la interesado\/a presente la siguiente documentaci\u00f3n: a) Nota digitalizada de la solicitud, con su correspondiente firma y aclaraci\u00f3n. b) Fotocopia de DNI del interesado que firma la nota. c) Documentaci\u00f3n respaldatoria relativa a la diligencia, en formato digital (ver tr\u00e1mites habilitados).<\/p>\n<p><strong>2. \u00bfC\u00f3mo env\u00edo la documentaci\u00f3n?<\/strong> El\/la interesado\/a debe enviar digitalmente la documentaci\u00f3n a los siguientes correos: mesaentrada@exa.unne.edu.ar \/ lorena.duarte@exa.unne.edu.ar &#8211; Departamento de Mesa de Entradas, Salidas y Archivo (MESA) de la FaCENA. En el asunto del mensaje debe indicar: Motivo de la solicitud de TAD &#8211; Nombre y apellido del iniciador.[\/vc_column_text][\/vc_column][\/vc_row][vc_row 0=\u00bb\u00bb][vc_column 0=\u00bb\u00bb][vc_column_text 0=\u00bb\u00bb]<img decoding=\"async\" src=\"http:\/\/exa.unne.edu.ar\/imagenes\/formato digital.png\" width=\"100%\" height=\"100%\" \/>[\/vc_column_text][\/vc_column][\/vc_row][vc_row 0=\u00bb\u00bb][vc_column 0=\u00bb\u00bb][vc_column_text 0=\u00bb\u00bb]<\/p>\n<h2><strong>3. \u00bfCu\u00e1les son los tr\u00e1mites habilitados?<\/strong><\/p>\n<p><em><strong>\u00c1reas<br \/>\n<\/strong><\/em><\/h2>\n<p>[\/vc_column_text][\/vc_column][\/vc_row][vc_row 0=\u00bb\u00bb][vc_column 0=\u00bb\u00bb][vc_tta_tabs 0=\u00bb\u00bb][vc_tta_section title=\u00bbDirecci\u00f3n Gesti\u00f3n de Estudios\u00bb tab_id=\u00bb1592915409655-f38d33f0-bc31&#8243;][vc_column_text 0=\u00bb\u00bb]Consultas:<a href=\"mailto:mesaentrada@exa.unne.edu.ar\"><strong> mesaentrada@exa.unne.edu.ar<\/strong><\/a><\/p>\n<p><strong>Tr\u00e1mite<\/strong>: Reconocimiento de asignaturas aprobadas entre carreras de esta Facultad<br \/>\n<a href=\"http:\/\/exa.unne.edu.ar\/r\/?page_id=21949\"><em> \u00bb Hacer clic aqu\u00ed para visualizar los requisitos documentales.<\/em><\/a><\/p>\n<p><strong>Tr\u00e1mite:<\/strong> Cambio de plan de una carrera de esta Facultad<br \/>\n<a href=\"http:\/\/exa.unne.edu.ar\/r\/?page_id=21955\"><em> \u00bb Hacer clic aqu\u00ed para visualizar los requisitos documentales.<\/em><\/a>[\/vc_column_text][\/vc_tta_section][vc_tta_section title=\u00bbDirecci\u00f3n Gesti\u00f3n en Personal\u00bb tab_id=\u00bb1592915409656-2ee8eb20-6254&#8243;][vc_column_text 0=\u00bb\u00bb]Consultas:<a href=\"mailto:personal.exa.unne@gmail.com\"><strong> personal.exa.unne@gmail.com<\/strong><\/a><\/p>\n<p><strong>Tr\u00e1mite<\/strong>: Alta y Bajas de Cargos y\/o todo tr\u00e1mite que refiere a la percepci\u00f3n de haberes del Personal Docente y NoDocente de la FaCENA<br \/>\n<a href=\"http:\/\/exa.unne.edu.ar\/r\/?page_id=21958\"><em> \u00bb Hacer clic aqu\u00ed para visualizar los requisitos documentales.<\/em><\/a>[\/vc_column_text][\/vc_tta_section][vc_tta_section title=\u00bbDirecci\u00f3n Gesti\u00f3n Econ\u00f3mico-Financiera\u00bb tab_id=\u00bb1592915482807-0b48b0c5-7727&#8243;][vc_column_text 0=\u00bb\u00bb]Consultas:<a href=\"mailto:contablefacena@gmail.com\"><strong> contablefacena@gmail.com<\/strong><\/a><\/p>\n<p><strong>Tr\u00e1mite<\/strong>: Pago de contratos por el Sistema de Locaci\u00f3n de Obras y Becas (Personal administrativo, de mantenimiento, producci\u00f3n y servicios generales, t\u00e9cnicos de laboratorios, asesores profesionales, docentes por dictado de asignaturas de grado, tutores docentes, y becarios de pregrado)<br \/>\n<a href=\"http:\/\/exa.unne.edu.ar\/r\/?page_id=21961\"><em> \u00bb Hacer clic aqu\u00ed para visualizar los requisitos documentales.<\/em><\/a><\/p>\n<p><strong>Tr\u00e1mite<\/strong>: Compra de Bienesy tramitaci\u00f3n de servicios autorizadas por las autoridades en el marco de la Emergencia Sanitaria y para el funcionamiento y mantenimiento b\u00e1sico de la Instituci\u00f3n<br \/>\n<a href=\"http:\/\/exa.unne.edu.ar\/r\/?page_id=21939\"><em> \u00bb Hacer clic aqu\u00ed para visualizar los requisitos documentales.<\/em><\/a><\/p>\n<p><strong>Tr\u00e1mite<\/strong>: Pago de servicios b\u00e1sicos y necesarios (luz, agua, correo, tel\u00e9fono, seguridad de edificio, etc.)<br \/>\n<a href=\"http:\/\/exa.unne.edu.ar\/r\/?page_id=21964\"><em> \u00bb Hacer clic aqu\u00ed para visualizar los requisitos documentales.<\/em><\/a><\/p>\n<p><strong>Tr\u00e1mite<\/strong>: Pago a proveedores con \u00f3rdenes de compra emitidas y otros reconocimientos de gastos que resulten estrictamente necesarios (Ej. Pago de pasajes, suscripciones, etc.)<br \/>\n<a href=\"http:\/\/exa.unne.edu.ar\/r\/?page_id=21967\"><em> \u00bb Hacer clic aqu\u00ed para visualizar los requisitos documentales.<\/em><\/a><\/p>\n<p><strong>Tr\u00e1mite<\/strong>: Facturaci\u00f3n, registro y pagos de Servicios a Terceros inherentes a la emergencia sanitaria<br \/>\n<a href=\"http:\/\/exa.unne.edu.ar\/r\/?page_id=21970\"><em> \u00bb Hacer clic aqu\u00ed para visualizar los requisitos documentales.<\/em><\/a><\/p>\n<p><strong>Tr\u00e1mite<\/strong>: Solicitud de transferencia patrimonial de bienes en el Marco de la Emergencia Sanitaria<br \/>\n<a href=\"http:\/\/exa.unne.edu.ar\/r\/?page_id=21973\"><em> \u00bb Hacer clic aqu\u00ed para visualizar los requisitos documentales.<\/em><\/a>[\/vc_column_text][\/vc_tta_section][vc_tta_section title=\u00bbSecretar\u00eda de Investigaci\u00f3n y Posgrado\u00bb tab_id=\u00bb1597934050848-cf628352-e769&#8243;][vc_column_text 0=\u00bb\u00bb]<strong>Consultas:<\/strong> <a class=\"textgris\" href=\"mailto:sip.facena@comunidad.unne.edu.ar\" target=\"_blank\">sip.facena@comunidad.unne.edu.ar<\/a><\/p>\n<p><strong>Tr\u00e1mites habilitados:<\/strong> hacer clic en el <a class=\"textgris\" href=\"https:\/\/exa.unne.edu.ar\/postgrado1-web\/?page_id=705\" target=\"_blank\">enlace<\/a>[\/vc_column_text][\/vc_tta_section][\/vc_tta_tabs][\/vc_column][\/vc_row]<\/p>\n","protected":false},"excerpt":{"rendered":"<p>[vc_row 0=\u00bb\u00bb][vc_column 0=\u00bb\u00bb][vc_column_text 0=\u00bb\u00bb]MODALIDAD DE TR\u00c1MITES A DISTANCIA (TAD) PARA MESA DE ENTRADAS, SALIDAS Y ARCHIVO (MESA) IMPORTANTE Las solicitudes que se podr\u00e1n tramitar a distancia a trav\u00e9s de MESA de la FaCENA corresponden a diligencias que revisten urgencia en su tratamiento, en funci\u00f3n de lo dispuesto en el Art\u00edculo 1o de la Resoluci\u00f3n Rectoral [&hellip;]<\/p>\n","protected":false},"author":4,"featured_media":0,"parent":0,"menu_order":0,"comment_status":"closed","ping_status":"closed","template":"","meta":{"footnotes":""},"class_list":["post-21944","page","type-page","status-publish","hentry"],"_links":{"self":[{"href":"https:\/\/exa.unne.edu.ar\/r\/index.php?rest_route=\/wp\/v2\/pages\/21944","targetHints":{"allow":["GET"]}}],"collection":[{"href":"https:\/\/exa.unne.edu.ar\/r\/index.php?rest_route=\/wp\/v2\/pages"}],"about":[{"href":"https:\/\/exa.unne.edu.ar\/r\/index.php?rest_route=\/wp\/v2\/types\/page"}],"author":[{"embeddable":true,"href":"https:\/\/exa.unne.edu.ar\/r\/index.php?rest_route=\/wp\/v2\/users\/4"}],"replies":[{"embeddable":true,"href":"https:\/\/exa.unne.edu.ar\/r\/index.php?rest_route=%2Fwp%2Fv2%2Fcomments&post=21944"}],"version-history":[{"count":1,"href":"https:\/\/exa.unne.edu.ar\/r\/index.php?rest_route=\/wp\/v2\/pages\/21944\/revisions"}],"predecessor-version":[{"id":31250,"href":"https:\/\/exa.unne.edu.ar\/r\/index.php?rest_route=\/wp\/v2\/pages\/21944\/revisions\/31250"}],"wp:attachment":[{"href":"https:\/\/exa.unne.edu.ar\/r\/index.php?rest_route=%2Fwp%2Fv2%2Fmedia&parent=21944"}],"curies":[{"name":"wp","href":"https:\/\/api.w.org\/{rel}","templated":true}]}}