{"id":21809,"date":"2020-06-22T12:27:30","date_gmt":"2020-06-22T15:27:30","guid":{"rendered":"http:\/\/exa.unne.edu.ar\/r\/?page_id=21809"},"modified":"2022-08-18T11:44:59","modified_gmt":"2022-08-18T14:44:59","slug":"division-bedelia","status":"publish","type":"page","link":"https:\/\/exa.unne.edu.ar\/r\/?page_id=21809","title":{"rendered":"Bedel\u00eda Virtual"},"content":{"rendered":"<p>[vc_row 0=\u00bb\u00bb][vc_column][vc_toggle title=\u00bbBUSCO MI AULA \u00bb style=\u00bbround\u00bb color=\u00bbpink\u00bb]<a href=\"http:\/\/intranet.exa.unne.edu.ar\/aulas\">http:\/\/intranet.exa.unne.edu.ar\/aulas<\/a>[\/vc_toggle][vc_toggle title=\u00bbASIGNATURAS DE PRIMER A\u00d1O\u00bb style=\u00bbround\u00bb color=\u00bbpink\u00bb]&nbsp;<\/p>\n<ul>\n<li><a href=\"https:\/\/drive.google.com\/file\/d\/1umTHnIjiGKDD2vnusjCmr_gNz-dVv7V1\/view?usp=sharing\" target=\"_top\">AN\u00c1LISIS MATEM\u00c1TICO II. PROF. LUCIANO LUQUE<\/a><\/li>\n<\/ul>\n<p>&nbsp;<\/p>\n<ul>\n<li><a href=\"https:\/\/drive.google.com\/file\/d\/1TXZHBH2R6ot_E6QiCbGfuK--dv-BmOUv\/view?usp=sharing\" target=\"_top\">COMPETENCIAS LING\u00dc\u00cdSTICO-COMUNICATIVAS. PROF. ALEXANDRA REY<\/a><\/li>\n<\/ul>\n<p>&nbsp;<\/p>\n<ul>\n<li><a href=\"https:\/\/drive.google.com\/file\/d\/1SvXrMkC0_3lIkqlZHaGecH1Il5aHCCIT\/view?usp=sharing\" target=\"_top\">C\u00c1LCULO DIFERENCIAL E INTEGRAL. PROF. ITAT\u00cd SOSA<\/a><\/li>\n<\/ul>\n<p>&nbsp;<\/p>\n<ul>\n<li><a href=\"https:\/\/drive.google.com\/file\/d\/1PA_wJry5ay3HQr4aATgZgWTHo1fRfwcm\/view?usp=sharing\" target=\"_top\">ESTAD\u00cdSTICA Y AN\u00c1LISIS DE DATOS. INGs LICs y PROF. JOSEFA JORGE<\/a><\/li>\n<\/ul>\n<p>&nbsp;<\/p>\n<ul>\n<li><a href=\"https:\/\/drive.google.com\/file\/d\/1ZI1TFvxmQZACdF7xWLT9gzP3KKfQN36_\/view?usp=sharing\" target=\"_top\">MATEM\u00c1TICA. LICENCIATURA EN BIOLOG\u00cdA. PROF. MAGDALENA LUCINI<\/a><\/li>\n<\/ul>\n<p>&nbsp;<\/p>\n<ul>\n<li><a href=\"https:\/\/drive.google.com\/file\/d\/15K3HJvw64u77_QbEe0H_TrwuiGGrsUdP\/view?usp=sharing\" target=\"_top\">MATEM\u00c1TICA. PROFESORADO EN BIOLOG\u00cdA. PROF. JOSEFA JORGE<\/a><\/li>\n<\/ul>\n<p>&nbsp;<\/p>\n<ul>\n<li><a href=\"https:\/\/drive.google.com\/file\/d\/1R9vej5o4Yfb9AJm8SUtMh4wKjzcijjeH\/view?usp=sharing\" target=\"_top\">QU\u00cdMICA GENERAL Y BIOL\u00d3GICA. PROF. CAROLINA GAY<\/a><\/li>\n<\/ul>\n<p>&nbsp;<\/p>\n<ul>\n<li><a href=\"https:\/\/drive.google.com\/file\/d\/1PVNyVGwaP1kQLfVTayfXdm-7F8Y2A0vi\/view?usp=sharing\" target=\"_top\">\u00c1LGEBRA I. PROF. GERM\u00c1N TORRES<\/a><\/li>\n<\/ul>\n<p>&nbsp;<\/p>\n<ul>\n<li><a href=\"https:\/\/drive.google.com\/file\/d\/1OBMP8uTpPweVx9MGJpwOjmg_yuFEUyhh\/view?usp=sharing\" target=\"_top\">\u00c1LGEBRA LINEAL Y GEOMETR\u00cdA. LIBRES. PROF. WILFREDO RAMOS<\/a><\/li>\n<\/ul>\n<p>&nbsp;<\/p>\n<ul>\n<li><a href=\"https:\/\/drive.google.com\/file\/d\/16g-TTPJR_tSHne4pNIR69KGfp001FvEf\/view?usp=sharing\" target=\"_top\">\u00c1LGEBRA LINEAL Y GEOMETR\u00cdA. REGULARES. PROF. WILFREDO RAMOS<\/a><\/li>\n<\/ul>\n<p>&nbsp;<\/p>\n<ul>\n<li><a href=\"https:\/\/drive.google.com\/file\/d\/1Ep4qlUO8BaKIjeZ951Txkn9BAbYeTmTJ\/view?usp=sharing\" target=\"_top\">\u00c1LGEBRA LSI. PROF. JORGE ARIEL GONZ\u00c1LEZ<\/a><\/li>\n<\/ul>\n<p>&nbsp;<\/p>\n<ul>\n<li><a href=\"https:\/\/drive.google.com\/file\/d\/1tV92678I_xTtNcBcOeh3Ihctum3vGoL1\/view?usp=sharing\" target=\"_top\">\u00c1LGEBRA Y GEOMETR\u00cdA ANAL\u00cdTICA. PROF. FABI\u00c1N ESPINOZA<\/a><\/li>\n<\/ul>\n<p>&nbsp;<\/p>\n<p>&nbsp;[\/vc_toggle][vc_column_text 0=\u00bb\u00bb][\/vc_column_text][\/vc_column][\/vc_row][vc_row 0=\u00bb\u00bb][vc_column][vc_column_text 0=\u00bb\u00bb]<\/p>\n<h2><em><strong>Presentaci\u00f3n<\/strong><\/em><\/h2>\n<p>La Bedel\u00eda de grado es la secci\u00f3n de la <em>Facultad de Ciencias Exactas y Naturales y Agrimensura <\/em>que centraliza la gesti\u00f3n de tr\u00e1mites para estudiantes, docentes y egresados de la Instituci\u00f3n.<br \/>\nSe ocupa de dar seguimiento a toda la trayectoria estudiantil incluyendo la organizaci\u00f3n de los cursos, la emisi\u00f3n de escolaridades, y los tr\u00e1mites de egreso de las tecnicaturas y licenciaturas.<\/p>\n<h3><\/h3>\n<p>&nbsp;<\/p>\n<h3><em><strong>Integrantes de Secci\u00f3n Bedel\u00eda<\/strong><\/em><\/h3>\n<p>Sr. Javier Antonio Centuri\u00f3n<\/p>\n<p>&nbsp;<\/p>\n<h3><em><strong>Contacto<\/strong><\/em><\/h3>\n<p><strong>Bedel\u00eda Sede Campus:<\/strong><\/p>\n<p>E-mail : <a href=\"mailto:bedelia.campus@exa.unne.edu.ar\">bedelia.campus@exa.unne.edu.ar<\/a><\/p>\n<p><strong>Bedel\u00eda Sede 9 de Julio<\/strong><\/p>\n<p>E-mail : <a href=\"mailto:bedelia.centro@exa.unne.edu.ar\">bedelia.centro@exa.unne.edu.ar<\/a><\/p>\n<p>&nbsp;<\/p>\n<p><strong>Internos:<\/strong> 4512 &#8211; 4774<br \/>\n<span id=\"cloak74713\"><\/span><\/p>\n<p>&nbsp;<\/p>\n<p>&nbsp;[\/vc_column_text][\/vc_column][\/vc_row]<\/p>\n","protected":false},"excerpt":{"rendered":"<p>[vc_row 0=\u00bb\u00bb][vc_column][vc_toggle title=\u00bbBUSCO MI AULA \u00bb style=\u00bbround\u00bb color=\u00bbpink\u00bb]http:\/\/intranet.exa.unne.edu.ar\/aulas[\/vc_toggle][vc_toggle title=\u00bbASIGNATURAS DE PRIMER A\u00d1O\u00bb style=\u00bbround\u00bb color=\u00bbpink\u00bb]&nbsp; AN\u00c1LISIS MATEM\u00c1TICO II. PROF. LUCIANO LUQUE &nbsp; COMPETENCIAS LING\u00dc\u00cdSTICO-COMUNICATIVAS. PROF. ALEXANDRA REY &nbsp; C\u00c1LCULO DIFERENCIAL E INTEGRAL. PROF. ITAT\u00cd SOSA &nbsp; ESTAD\u00cdSTICA Y AN\u00c1LISIS DE DATOS. INGs LICs y PROF. JOSEFA JORGE &nbsp; MATEM\u00c1TICA. LICENCIATURA EN BIOLOG\u00cdA. PROF. MAGDALENA LUCINI &nbsp; [&hellip;]<\/p>\n","protected":false},"author":4,"featured_media":0,"parent":0,"menu_order":0,"comment_status":"closed","ping_status":"closed","template":"","meta":{"footnotes":""},"class_list":["post-21809","page","type-page","status-publish","hentry"],"_links":{"self":[{"href":"https:\/\/exa.unne.edu.ar\/r\/index.php?rest_route=\/wp\/v2\/pages\/21809","targetHints":{"allow":["GET"]}}],"collection":[{"href":"https:\/\/exa.unne.edu.ar\/r\/index.php?rest_route=\/wp\/v2\/pages"}],"about":[{"href":"https:\/\/exa.unne.edu.ar\/r\/index.php?rest_route=\/wp\/v2\/types\/page"}],"author":[{"embeddable":true,"href":"https:\/\/exa.unne.edu.ar\/r\/index.php?rest_route=\/wp\/v2\/users\/4"}],"replies":[{"embeddable":true,"href":"https:\/\/exa.unne.edu.ar\/r\/index.php?rest_route=%2Fwp%2Fv2%2Fcomments&post=21809"}],"version-history":[{"count":2,"href":"https:\/\/exa.unne.edu.ar\/r\/index.php?rest_route=\/wp\/v2\/pages\/21809\/revisions"}],"predecessor-version":[{"id":29680,"href":"https:\/\/exa.unne.edu.ar\/r\/index.php?rest_route=\/wp\/v2\/pages\/21809\/revisions\/29680"}],"wp:attachment":[{"href":"https:\/\/exa.unne.edu.ar\/r\/index.php?rest_route=%2Fwp%2Fv2%2Fmedia&parent=21809"}],"curies":[{"name":"wp","href":"https:\/\/api.w.org\/{rel}","templated":true}]}}