{"id":21549,"date":"2020-05-13T14:37:58","date_gmt":"2020-05-13T17:37:58","guid":{"rendered":"http:\/\/exa.unne.edu.ar\/r\/?page_id=21549"},"modified":"2020-05-13T14:37:58","modified_gmt":"2020-05-13T17:37:58","slug":"botiquin-de-primeros-auxilios","status":"publish","type":"page","link":"https:\/\/exa.unne.edu.ar\/r\/?page_id=21549","title":{"rendered":"Botiqu\u00edn de Primeros Auxilios"},"content":{"rendered":"<div class=\"wpb_text_column wpb_content_element \">\n<div class=\"wpb_wrapper\">\n<h1><strong>Elementos B\u00e1sicos<\/strong><\/h1>\n<p>Los elementos b\u00e1sicos necesarios en un Botiqu\u00edn de Primeros Auxilios son:<\/p>\n<ol>\n<li>Guantes descartables de l\u00e1tex<\/li>\n<li>Gases y vendas limpias (de 7 y 10cm de ancho)<\/li>\n<li>Ap\u00f3sitos est\u00e9riles<\/li>\n<li>Tijera<\/li>\n<li>Antis\u00e9pticos, yodo povidona, agua oxigenada (de 10 vol\u00famenes) o alcohol<\/li>\n<li>Jab\u00f3n neutro (blanco)<\/li>\n<li>Alcohol en gel y l\u00edquido<\/li>\n<\/ol>\n<p>\u26a0\ufe0f\u00a0<strong>EL BOTIQU\u00cdN NO DEBE INCLUIR MEDICAMENTOS, PARA NO FAVORECER LA AUTOMEDICACI\u00d3N<\/strong><\/p>\n<\/div>\n<\/div>\n<div class=\"vc_empty_space\"><\/div>\n<div class=\"wpb_text_column wpb_content_element \">\n<div class=\"wpb_wrapper\">\n<h1><strong>Botiquines Port\u00e1tiles<\/strong><\/h1>\n<p>La FaCENA cuenta con botiquines port\u00e1tiles en<\/p>\n<ul>\n<li>Departamento de Qu\u00edmica y Bioqu\u00edmica \u25cf Edificio A de Qu\u00edmica<\/li>\n<li>Laboratorio 5 del Prof. Lafont \u25cf Edificio A de Qu\u00edmica<\/li>\n<li>Laboratorio del Prof. Ru\u00edz D\u00edaz\u00a0 \u25cf\u00a0 Edificio LABAPI<\/li>\n<li>\u00c1rea Higiene y Seguridad \u25cf Edificio 9 de julio<\/li>\n<\/ul>\n<\/div>\n<\/div>\n<div class=\"vc_empty_space\"><\/div>\n<div class=\"wpb_text_column wpb_content_element \">\n<div class=\"wpb_wrapper\">\n<h1><strong>Botiquines Fijos<\/strong><\/h1>\n<p>La FaCENA cuenta con botiquines fijos en<\/p>\n<ul>\n<li>Personal \u25cf\u00a0 Edificio B de F\u00edsica<\/li>\n<li>Bedel\u00eda \u25cf Edificio B de F\u00edsica<\/li>\n<li>Departamento Ingenier\u00eda \u25cf Edificio de Ingenier\u00eda<\/li>\n<li>Laboratorio \u25cf Edificio A de Qu\u00edmica<\/li>\n<li>Taller \u25cf Edificio Taller<\/li>\n<\/ul>\n<\/div>\n<\/div>\n","protected":false},"excerpt":{"rendered":"<p>Elementos B\u00e1sicos Los elementos b\u00e1sicos necesarios en un Botiqu\u00edn de Primeros Auxilios son: Guantes descartables de l\u00e1tex Gases y vendas limpias (de 7 y 10cm de ancho) Ap\u00f3sitos est\u00e9riles Tijera Antis\u00e9pticos, yodo povidona, agua oxigenada (de 10 vol\u00famenes) o alcohol Jab\u00f3n neutro (blanco) Alcohol en gel y l\u00edquido \u26a0\ufe0f\u00a0EL BOTIQU\u00cdN NO DEBE INCLUIR MEDICAMENTOS, PARA [&hellip;]<\/p>\n","protected":false},"author":4,"featured_media":0,"parent":0,"menu_order":0,"comment_status":"closed","ping_status":"closed","template":"","meta":{"footnotes":""},"class_list":["post-21549","page","type-page","status-publish","hentry"],"_links":{"self":[{"href":"https:\/\/exa.unne.edu.ar\/r\/index.php?rest_route=\/wp\/v2\/pages\/21549","targetHints":{"allow":["GET"]}}],"collection":[{"href":"https:\/\/exa.unne.edu.ar\/r\/index.php?rest_route=\/wp\/v2\/pages"}],"about":[{"href":"https:\/\/exa.unne.edu.ar\/r\/index.php?rest_route=\/wp\/v2\/types\/page"}],"author":[{"embeddable":true,"href":"https:\/\/exa.unne.edu.ar\/r\/index.php?rest_route=\/wp\/v2\/users\/4"}],"replies":[{"embeddable":true,"href":"https:\/\/exa.unne.edu.ar\/r\/index.php?rest_route=%2Fwp%2Fv2%2Fcomments&post=21549"}],"version-history":[{"count":0,"href":"https:\/\/exa.unne.edu.ar\/r\/index.php?rest_route=\/wp\/v2\/pages\/21549\/revisions"}],"wp:attachment":[{"href":"https:\/\/exa.unne.edu.ar\/r\/index.php?rest_route=%2Fwp%2Fv2%2Fmedia&parent=21549"}],"curies":[{"name":"wp","href":"https:\/\/api.w.org\/{rel}","templated":true}]}}