{"id":661,"date":"2025-02-17T16:25:51","date_gmt":"2025-02-17T16:25:51","guid":{"rendered":"https:\/\/exa.unne.edu.ar\/postgrado1-web\/?page_id=661"},"modified":"2025-02-17T19:50:53","modified_gmt":"2025-02-17T19:50:53","slug":"pasantias","status":"publish","type":"page","link":"https:\/\/exa.unne.edu.ar\/postgrado1-web\/?page_id=661","title":{"rendered":"Pasant\u00edas"},"content":{"rendered":"<p>[et_pb_section fb_built=&#8221;1&#8243; _builder_version=&#8221;4.27.2&#8243; _module_preset=&#8221;default&#8221; global_colors_info=&#8221;{}&#8221;][et_pb_row _builder_version=&#8221;4.27.2&#8243; _module_preset=&#8221;default&#8221; global_colors_info=&#8221;{}&#8221;][et_pb_column type=&#8221;4_4&#8243; _builder_version=&#8221;4.27.2&#8243; _module_preset=&#8221;default&#8221; global_colors_info=&#8221;{}&#8221;][et_pb_post_title meta=&#8221;off&#8221; featured_image=&#8221;off&#8221; _builder_version=&#8221;4.27.2&#8243; _module_preset=&#8221;default&#8221; global_colors_info=&#8221;{}&#8221;][\/et_pb_post_title][\/et_pb_column][\/et_pb_row][et_pb_row _builder_version=&#8221;4.27.2&#8243; _module_preset=&#8221;default&#8221; custom_margin=&#8221;|auto|34px|auto||&#8221; global_colors_info=&#8221;{}&#8221;][et_pb_column type=&#8221;4_4&#8243; _builder_version=&#8221;4.27.2&#8243; _module_preset=&#8221;default&#8221; global_colors_info=&#8221;{}&#8221;][et_pb_text _builder_version=&#8221;4.27.2&#8243; _module_preset=&#8221;default&#8221; global_colors_info=&#8221;{}&#8221;]<\/p>\n<p>Las pasant\u00edas tiene por objetivo contribuir a la formaci\u00f3n y\/o actualizaci\u00f3n cient\u00edfica del\/ la Pasante, como as\u00ed tambi\u00e9n propiciar el intercambio y la cooperaci\u00f3n cient\u00edfica entre unidades acad\u00e9mico\/cient\u00edficas dentro y fuera del pa\u00eds.<\/p>\n<p><strong>Destinatarios:<\/strong> Est\u00e1 dirigido a estudiantes universitarios de grado avanzados\/as (que re\u00fanan m\u00e1s del 50% de las asignaturas del Plan de estudios de la Carrera que cursa) y de posgrado, graduados\/as, docentes investigadores\/as y personal de apoyo, de esta Facultad o de otras Facultades o Carreras afines a las Ciencias Exactas y Naturales de esta Universidad, o de otras Universidades del pa\u00eds o del extranjero.<\/p>\n<p><strong>Lugar de ejecuci\u00f3n:<\/strong> Las\/los Pasantes realizar\u00e1n sus actividades bajo una modalidad no rentada en alguna de las Unidades Funcionales (Asignatura o Laboratorio) de la Facultad de Ciencias Exactas y Naturales y Agrimensura.<\/p>\n<p><strong>Duraci\u00f3n:<\/strong> Las Pasant\u00edas tendr\u00e1n una duraci\u00f3n m\u00ednima de un (1) mes y una m\u00e1xima de un (1) a\u00f1o, con una carga horaria semanal de veinte (20) horas como m\u00e1ximo.<\/p>\n<p>&nbsp;<\/p>\n<p><strong>Documentaci\u00f3n de inter\u00e9s<\/strong><\/p>\n<p><a href=\"https:\/\/exa.unne.edu.ar\/postgrado1-web\/wp-content\/uploads\/2025\/02\/RES.-0810-23-CD-Reglamento-nuevo-Corregida.pdf\">Reglamento de Pasant\u00edas y Estancias de Investigaci\u00f3n &#8211; Resoluci\u00f3n N\u00b0 810\/2023<\/a><\/p>\n<p>[\/et_pb_text][et_pb_divider _builder_version=&#8221;4.27.2&#8243; _module_preset=&#8221;default&#8221; global_colors_info=&#8221;{}&#8221;][\/et_pb_divider][et_pb_heading title=&#8221;Tr\u00e1mites de pasant\u00eda&#8221; _builder_version=&#8221;4.27.2&#8243; _module_preset=&#8221;default&#8221; title_level=&#8221;h4&#8243; global_colors_info=&#8221;{}&#8221;][\/et_pb_heading][et_pb_accordion _builder_version=&#8221;4.27.2&#8243; _module_preset=&#8221;default&#8221; global_colors_info=&#8221;{}&#8221;][et_pb_accordion_item title=&#8221;Postulaci\u00f3n a Pasant\u00eda No Rentada&#8221; open=&#8221;off&#8221; _builder_version=&#8221;4.27.2&#8243; _module_preset=&#8221;default&#8221; global_colors_info=&#8221;{}&#8221;]<\/p>\n<p>Podr\u00e1s Presentar tu <strong>solicitud de Pasant\u00eda de Investigaci\u00f3n No Rentada<\/strong> a trav\u00e9s de mesa de entradas como un tr\u00e1mite a distancia (TAD).<\/p>\n<p>Para ello, el interesado (pasante), deber\u00e1 seguir los siguientes pasos:<\/p>\n<ol>\n<li>Reunir la siguiente documentaci\u00f3n digitalizada:\n<ul>\n<li>Nota dirigida a la Sra. Decana solicitando se autorice la realizaci\u00f3n de pasant\u00eda (<a href=\"https:\/\/exa.unne.edu.ar\/postgrado1-web\/wp-content\/uploads\/2025\/02\/1-Modelo_Nota_Solicitud_de_Pasantia.docx\">descargalo aqu\u00ed<\/a>)<\/li>\n<li>Plan de trabajo (<a href=\"https:\/\/exa.unne.edu.ar\/postgrado1-web\/wp-content\/uploads\/2025\/02\/1-Plan-de-Trabajo.docx\">descargalo aqu\u00ed<\/a>)<\/li>\n<li>Informaci\u00f3n para el Comit\u00e9 de \u00c9tica (<a href=\"https:\/\/exa.unne.edu.ar\/postgrado1-web\/wp-content\/uploads\/2025\/02\/1-Informacion-para-el-Comite-de-Etica.docx\">descargalo aqu\u00ed<\/a>)<\/li>\n<li><em>Curriculum vitae<\/em>; el <em>Curriculum vitae<\/em> resumido (m\u00e1ximo 5 p\u00e1ginas) del\/la director\/a y propuesto y del\/la co-director\/a, si correspondiere, que incluya los antecedentes m\u00e1s relevantes relacionados directamente con el tema de la pasant\u00eda<\/li>\n<li><strong>Importante<\/strong>: Para Pasantes externos\/as a la UNNE indicar\u00e1n seguro y\/o cobertura m\u00e9dica con la que cuentan.<\/li>\n<\/ul>\n<\/li>\n<li>Unir toda la documentaci\u00f3n en un solo PDF. Si no sabes c\u00f3mo hacerlo pod\u00e9s utilizar:<a href=\"https:\/\/www.ilovepdf.com\/es\/unir_pdf\"> https:\/\/www.ilovepdf.com\/es\/unir_pdf<\/a><\/li>\n<li>Enviar un e-mail con el PDF adjuntado a: <a href=\"mailto:mesaentrada@exa.unne.edu.ar\">mesaentrada@exa.unne.edu.ar<\/a> con copia a la direcci\u00f3n <a href=\"mailto:lorena.duarte@exa.unne.edu.ar\">lorena.duarte@exa.unne.edu.ar<\/a><\/li>\n<\/ol>\n<p>[\/et_pb_accordion_item][et_pb_accordion_item title=&#8221;Informe Final de la Pasant\u00eda de Investigaci\u00f3n No Rentada&#8221; _builder_version=&#8221;4.27.2&#8243; _module_preset=&#8221;default&#8221; global_colors_info=&#8221;{}&#8221; open=&#8221;off&#8221;]<\/p>\n<p>Tu director de pasant\u00eda deber\u00e1 presentar tu Informe Final de la Pasant\u00eda de Investigaci\u00f3n No Rentada a trav\u00e9s de mesa de entradas como un tr\u00e1mite a distancia (TAD).<\/p>\n<p>Para ello deber\u00e1 seguir los siguientes pasos:<\/p>\n<ol>\n<li>\u00a0Reunir la siguiente documentaci\u00f3n digitalizada\n<ul>\n<li>Nota dirigida a la Sra. Decana elevando el Informe de Pasant\u00eda (<a href=\"https:\/\/exa.unne.edu.ar\/postgrado1-web\/wp-content\/uploads\/2025\/02\/3-Modelo_Nota_Informe-_de_Pasantia.docx\">descarga aqu\u00ed el modelo<\/a>)<\/li>\n<li>Informe de Pasant\u00eda (<a href=\"https:\/\/exa.unne.edu.ar\/postgrado1-web\/wp-content\/uploads\/2025\/02\/3-Informe-_de_Pasantia.docx\">descarga aqu\u00ed el modelo<\/a>)<\/li>\n<\/ul>\n<\/li>\n<li>Unir toda la documentaci\u00f3n en un solo PDF. Si no sabes c\u00f3mo hacerlo pod\u00e9s utilizar: <a href=\"https:\/\/www.ilovepdf.com\/es\/unir_pdf\">https:\/\/www.ilovepdf.com\/es\/unir_pdf<\/a><\/li>\n<li>Enviar un e-mail con el PDF adjuntado a: <a href=\"mailto:mesaentrada@exa.unne.edu.ar\">mesaentrada@exa.unne.edu.ar<\/a> con copia a la direcci\u00f3n\u00a0<a href=\"mailto:lorena.duarte@exa.unne.edu.ar\">lorena.duarte@exa.unne.edu.ar<\/a><\/li>\n<\/ol>\n<p>[\/et_pb_accordion_item][et_pb_accordion_item title=&#8221;Solicitud de Prorroga para la presentaci\u00f3n del Informe Final de la Pasant\u00eda de Investigaci\u00f3n No rentada&#8221; _builder_version=&#8221;4.27.2&#8243; _module_preset=&#8221;default&#8221; global_colors_info=&#8221;{}&#8221; open=&#8221;on&#8221;]<\/p>\n<p>Tu director de pasant\u00eda deber\u00e1 presentar el pedido de Prorroga para la presentaci\u00f3n del Informe Final de la Pasant\u00eda de Investigaci\u00f3n No Rentada a trav\u00e9s de mesa de entradas como un tr\u00e1mite a distancia (TAD).<\/p>\n<p>Para ello deber\u00e1 seguir los siguientes pasos:<\/p>\n<ol>\n<li>\u00a0Realizar la Nota dirigida a la Sra. Decana indicando los motivos y el tiempo de pr\u00f3rroga necesario, haciendo menci\u00f3n a la Resoluci\u00f3n por la cual se autoriz\u00f3 la Pasant\u00eda (<a href=\"https:\/\/exa.unne.edu.ar\/postgrado1-web\/wp-content\/uploads\/2025\/02\/2-Nota-de-solicitud-de-prorroga-de-la-pasantia.docx\">descargalo aqu\u00ed<\/a>)<\/li>\n<li>Enviar un e-mail con la nota (en formato PDF) adjuntado a: <a href=\"mailto:mesaentrada@exa.unne.edu.ar\">mesaentrada@exa.unne.edu.ar<\/a> con copia a la direcci\u00f3n\u00a0<a href=\"mailto:lorena.duarte@exa.unne.edu.ar\">lorena.duarte@exa.unne.edu.ar<\/a><\/li>\n<\/ol>\n<p>[\/et_pb_accordion_item][\/et_pb_accordion][et_pb_divider _builder_version=&#8221;4.27.2&#8243; _module_preset=&#8221;default&#8221; global_colors_info=&#8221;{}&#8221;][\/et_pb_divider][\/et_pb_column][\/et_pb_row][\/et_pb_section]<\/p>\n","protected":false},"excerpt":{"rendered":"<p>Las pasant\u00edas tiene por objetivo contribuir a la formaci\u00f3n y\/o actualizaci\u00f3n cient\u00edfica del\/ la Pasante, como as\u00ed tambi\u00e9n propiciar el intercambio y la cooperaci\u00f3n cient\u00edfica entre unidades acad\u00e9mico\/cient\u00edficas dentro y fuera del pa\u00eds. Destinatarios: Est\u00e1 dirigido a estudiantes universitarios de grado avanzados\/as (que re\u00fanan m\u00e1s del 50% de las asignaturas del Plan de estudios de [&hellip;]<\/p>\n","protected":false},"author":1,"featured_media":0,"parent":0,"menu_order":0,"comment_status":"closed","ping_status":"closed","template":"","meta":{"_et_pb_use_builder":"on","_et_pb_old_content":"","_et_gb_content_width":"","_monsterinsights_skip_tracking":false,"_monsterinsights_sitenote_active":false,"_monsterinsights_sitenote_note":"","_monsterinsights_sitenote_category":0,"footnotes":""},"class_list":["post-661","page","type-page","status-publish","hentry"],"_links":{"self":[{"href":"https:\/\/exa.unne.edu.ar\/postgrado1-web\/index.php?rest_route=\/wp\/v2\/pages\/661","targetHints":{"allow":["GET"]}}],"collection":[{"href":"https:\/\/exa.unne.edu.ar\/postgrado1-web\/index.php?rest_route=\/wp\/v2\/pages"}],"about":[{"href":"https:\/\/exa.unne.edu.ar\/postgrado1-web\/index.php?rest_route=\/wp\/v2\/types\/page"}],"author":[{"embeddable":true,"href":"https:\/\/exa.unne.edu.ar\/postgrado1-web\/index.php?rest_route=\/wp\/v2\/users\/1"}],"replies":[{"embeddable":true,"href":"https:\/\/exa.unne.edu.ar\/postgrado1-web\/index.php?rest_route=%2Fwp%2Fv2%2Fcomments&post=661"}],"version-history":[{"count":5,"href":"https:\/\/exa.unne.edu.ar\/postgrado1-web\/index.php?rest_route=\/wp\/v2\/pages\/661\/revisions"}],"predecessor-version":[{"id":714,"href":"https:\/\/exa.unne.edu.ar\/postgrado1-web\/index.php?rest_route=\/wp\/v2\/pages\/661\/revisions\/714"}],"wp:attachment":[{"href":"https:\/\/exa.unne.edu.ar\/postgrado1-web\/index.php?rest_route=%2Fwp%2Fv2%2Fmedia&parent=661"}],"curies":[{"name":"wp","href":"https:\/\/api.w.org\/{rel}","templated":true}]}}