{"id":193,"date":"2025-02-06T19:14:12","date_gmt":"2025-02-06T19:14:12","guid":{"rendered":"https:\/\/exa.unne.edu.ar\/postgrado1-web\/?page_id=193"},"modified":"2025-02-18T17:30:58","modified_gmt":"2025-02-18T17:30:58","slug":"especializacion-en-tecnologia-de-la-informacion","status":"publish","type":"page","link":"https:\/\/exa.unne.edu.ar\/postgrado1-web\/?page_id=193","title":{"rendered":"Especializaci\u00f3n en Tecnolog\u00eda de la Informaci\u00f3n"},"content":{"rendered":"<p>[et_pb_section fb_built=&#8221;1&#8243; _builder_version=&#8221;4.27.2&#8243; _module_preset=&#8221;default&#8221; global_colors_info=&#8221;{}&#8221;][et_pb_row _builder_version=&#8221;4.27.2&#8243; _module_preset=&#8221;default&#8221; global_colors_info=&#8221;{}&#8221;][et_pb_column type=&#8221;4_4&#8243; _builder_version=&#8221;4.27.2&#8243; _module_preset=&#8221;default&#8221; global_colors_info=&#8221;{}&#8221;][et_pb_post_title meta=&#8221;off&#8221; featured_image=&#8221;off&#8221; _builder_version=&#8221;4.27.2&#8243; _module_preset=&#8221;default&#8221; global_colors_info=&#8221;{}&#8221;][\/et_pb_post_title][\/et_pb_column][\/et_pb_row][et_pb_row _builder_version=&#8221;4.27.2&#8243; _module_preset=&#8221;default&#8221; global_colors_info=&#8221;{}&#8221;][et_pb_column type=&#8221;4_4&#8243; _builder_version=&#8221;4.27.2&#8243; _module_preset=&#8221;default&#8221; global_colors_info=&#8221;{}&#8221;][et_pb_text _builder_version=&#8221;4.27.2&#8243; _module_preset=&#8221;default&#8221; global_colors_info=&#8221;{}&#8221;]<\/p>\n<p><strong>Resoluci\u00f3n CONEAU:<\/strong> N\u00b0 560\/22<\/p>\n<p><strong>Resoluci\u00f3n Ministerial:<\/strong> N\u00b0 2769\/22<\/p>\n<p><strong>Resoluci\u00f3n UNaM:<\/strong> N\u00b0 131\/21 C. S.<\/p>\n<p><strong>Resoluci\u00f3n Plan de Estudios &#8211; UNNE<\/strong>: N\u00b0 475\/20 C. S.<\/p>\n<p><strong>Destinatarios: <\/strong><\/p>\n<p>Los aspirantes deber\u00e1n ser graduados de universidades argentinas de carreras de Inform\u00e1tica, con t\u00edtulo de grado de 4 o m\u00e1s a\u00f1os de duraci\u00f3n.<\/p>\n<p>Para el caso de graduados de carreras de grado no contempladas en el inciso anterior, entre los que se cuenta a los graduados de universidades extranjeras, deber\u00e1n contar con una evaluaci\u00f3n y dictamen favorable del Comit\u00e9 Acad\u00e9mico.<\/p>\n<p><strong>Preinscripci\u00f3n: <\/strong>del 15\/10 al 15\/02\/25 en <a href=\"https:\/\/forms.gle\/7Gia7rJJRoodiCaw6\">https:\/\/forms.gle\/7Gia7rJJRoodiCaw6<\/a><\/p>\n<p><strong>Aranceles:<\/strong><\/p>\n<p>En total son 15 cuotas para la Especializaci\u00f3n.<\/p>\n<ul>\n<li>Inscripci\u00f3n: $50.000 o 50 d\u00f3lares para extranjeros<\/li>\n<li>10 cuotas de $60.000 o 50 d\u00f3lares para extranjeros<\/li>\n<li>5 cuotas de importe actualizado con el \u00cdndice de Precios al Consumidor (IPC),<\/li>\n<\/ul>\n<p><em>Descuento del 10% para docentes de las carreras de grado de inform\u00e1tica de ambas sedes.<\/em><\/p>\n<p><em>Descuento del 20% por pago anticipado de las 10 cuotas del primer a\u00f1o (no acumulable con otros descuentos).<\/em><\/p>\n<ul><\/ul>\n<p>[\/et_pb_text][\/et_pb_column][\/et_pb_row][et_pb_row _builder_version=&#8221;4.27.2&#8243; _module_preset=&#8221;default&#8221; custom_padding=&#8221;6px|||||&#8221; global_colors_info=&#8221;{}&#8221;][et_pb_column type=&#8221;4_4&#8243; _builder_version=&#8221;4.27.2&#8243; _module_preset=&#8221;default&#8221; global_colors_info=&#8221;{}&#8221;][et_pb_button button_url=&#8221;https:\/\/exa.unne.edu.ar\/postgrado1-web\/wp-content\/uploads\/2025\/02\/Especializacion-en-Tecnologia-de-la-Informacion-Informacion-.pdf&#8221; button_text=&#8221;M\u00e1s informaci\u00f3n&#8221; _builder_version=&#8221;4.27.2&#8243; _module_preset=&#8221;default&#8221; global_colors_info=&#8221;{}&#8221;][\/et_pb_button][et_pb_text _builder_version=&#8221;4.27.2&#8243; _module_preset=&#8221;default&#8221; custom_margin=&#8221;||-29px|||&#8221; global_colors_info=&#8221;{}&#8221;]<\/p>\n<p><strong>Documentos de inter\u00e9s<\/strong><\/p>\n<p>[\/et_pb_text][\/et_pb_column][\/et_pb_row][et_pb_row _builder_version=&#8221;4.27.2&#8243; _module_preset=&#8221;default&#8221; global_colors_info=&#8221;{}&#8221;][et_pb_column type=&#8221;4_4&#8243; _builder_version=&#8221;4.27.2&#8243; _module_preset=&#8221;default&#8221; global_colors_info=&#8221;{}&#8221;][et_pb_text _builder_version=&#8221;4.27.2&#8243; _module_preset=&#8221;default&#8221; custom_margin=&#8221;-2px|||||&#8221; global_colors_info=&#8221;{}&#8221;]<\/p>\n<p><a href=\"https:\/\/exa.unne.edu.ar\/postgrado1-web\/wp-content\/uploads\/2025\/02\/4IF-2022-83303834-APN-CONEAUME.pdf\">Descarga la Resoluci\u00f3n CONEAU N\u00b0 560\/22<\/a><\/p>\n<p><a href=\"https:\/\/exa.unne.edu.ar\/postgrado1-web\/wp-content\/uploads\/2025\/02\/RM-2769-22-ESPECIALISTA-EN-TECNOLOGIAS-DE-LA-INFORMACION-1.pdf\">Descarga la Resoluci\u00f3n Ministerial\u00a0N\u00b0 2769\/22<\/a><\/p>\n<p><a href=\"https:\/\/exa.unne.edu.ar\/postgrado1-web\/wp-content\/uploads\/2025\/02\/1-Plan-de-estudios-ETI-RES-0475-2020-CS.pdf\">Descarga la Resoluci\u00f3n del Plan de Estudios de UNNE &#8211; N\u00b0 475\/20 C. S.<\/a><\/p>\n<p>&nbsp;<\/p>\n<p>[\/et_pb_text][\/et_pb_column][\/et_pb_row][\/et_pb_section]<\/p>\n","protected":false},"excerpt":{"rendered":"<p>Resoluci\u00f3n CONEAU: N\u00b0 560\/22 Resoluci\u00f3n Ministerial: N\u00b0 2769\/22 Resoluci\u00f3n UNaM: N\u00b0 131\/21 C. S. Resoluci\u00f3n Plan de Estudios &#8211; UNNE: N\u00b0 475\/20 C. S. Destinatarios: Los aspirantes deber\u00e1n ser graduados de universidades argentinas de carreras de Inform\u00e1tica, con t\u00edtulo de grado de 4 o m\u00e1s a\u00f1os de duraci\u00f3n. Para el caso de graduados de carreras [&hellip;]<\/p>\n","protected":false},"author":1,"featured_media":0,"parent":0,"menu_order":0,"comment_status":"closed","ping_status":"closed","template":"","meta":{"_et_pb_use_builder":"on","_et_pb_old_content":"","_et_gb_content_width":"","_monsterinsights_skip_tracking":false,"_monsterinsights_sitenote_active":false,"_monsterinsights_sitenote_note":"","_monsterinsights_sitenote_category":0,"footnotes":""},"class_list":["post-193","page","type-page","status-publish","hentry"],"_links":{"self":[{"href":"https:\/\/exa.unne.edu.ar\/postgrado1-web\/index.php?rest_route=\/wp\/v2\/pages\/193","targetHints":{"allow":["GET"]}}],"collection":[{"href":"https:\/\/exa.unne.edu.ar\/postgrado1-web\/index.php?rest_route=\/wp\/v2\/pages"}],"about":[{"href":"https:\/\/exa.unne.edu.ar\/postgrado1-web\/index.php?rest_route=\/wp\/v2\/types\/page"}],"author":[{"embeddable":true,"href":"https:\/\/exa.unne.edu.ar\/postgrado1-web\/index.php?rest_route=\/wp\/v2\/users\/1"}],"replies":[{"embeddable":true,"href":"https:\/\/exa.unne.edu.ar\/postgrado1-web\/index.php?rest_route=%2Fwp%2Fv2%2Fcomments&post=193"}],"version-history":[{"count":3,"href":"https:\/\/exa.unne.edu.ar\/postgrado1-web\/index.php?rest_route=\/wp\/v2\/pages\/193\/revisions"}],"predecessor-version":[{"id":788,"href":"https:\/\/exa.unne.edu.ar\/postgrado1-web\/index.php?rest_route=\/wp\/v2\/pages\/193\/revisions\/788"}],"wp:attachment":[{"href":"https:\/\/exa.unne.edu.ar\/postgrado1-web\/index.php?rest_route=%2Fwp%2Fv2%2Fmedia&parent=193"}],"curies":[{"name":"wp","href":"https:\/\/api.w.org\/{rel}","templated":true}]}}