{"id":191,"date":"2025-02-06T17:58:20","date_gmt":"2025-02-06T17:58:20","guid":{"rendered":"https:\/\/exa.unne.edu.ar\/postgrado1-web\/?page_id=191"},"modified":"2025-04-24T11:55:35","modified_gmt":"2025-04-24T11:55:35","slug":"maestria-en-tecnologias-de-la-informacion","status":"publish","type":"page","link":"https:\/\/exa.unne.edu.ar\/postgrado1-web\/?page_id=191","title":{"rendered":"Maestr\u00eda en Tecnolog\u00edas de la Informaci\u00f3n"},"content":{"rendered":"<p>[et_pb_section fb_built=&#8221;1&#8243; _builder_version=&#8221;4.27.2&#8243; _module_preset=&#8221;default&#8221; global_colors_info=&#8221;{}&#8221;][et_pb_row _builder_version=&#8221;4.27.2&#8243; _module_preset=&#8221;default&#8221; global_colors_info=&#8221;{}&#8221;][et_pb_column type=&#8221;4_4&#8243; _builder_version=&#8221;4.27.2&#8243; _module_preset=&#8221;default&#8221; global_colors_info=&#8221;{}&#8221;][et_pb_post_title meta=&#8221;off&#8221; featured_image=&#8221;off&#8221; _builder_version=&#8221;4.27.2&#8243; _module_preset=&#8221;default&#8221; global_colors_info=&#8221;{}&#8221;][\/et_pb_post_title][\/et_pb_column][\/et_pb_row][et_pb_row _builder_version=&#8221;4.27.2&#8243; _module_preset=&#8221;default&#8221; custom_padding=&#8221;12px|||||&#8221; global_colors_info=&#8221;{}&#8221;][et_pb_column type=&#8221;4_4&#8243; _builder_version=&#8221;4.27.2&#8243; _module_preset=&#8221;default&#8221; global_colors_info=&#8221;{}&#8221;][et_pb_text _builder_version=&#8221;4.27.2&#8243; _module_preset=&#8221;default&#8221; custom_padding=&#8221;||13px|||&#8221; global_colors_info=&#8221;{}&#8221;]<\/p>\n<p><strong>Resoluci\u00f3n CONEAU:<\/strong> N\u00b0 14\/22<\/p>\n<p><strong>Resoluci\u00f3n Ministerial:<\/strong> N\u00b0 341\/22<\/p>\n<p><strong>Resoluci\u00f3n Plan de Estudios &#8211; UNNE<\/strong>: N\u00b0 435\/21 C. S.<\/p>\n<p><strong>Resoluci\u00f3n UNaM:<\/strong> N\u00b0 13\/21 C. S.<\/p>\n<p><strong>Resoluci\u00f3n del Reglamento:<\/strong> N\u00b0 466\/23 C. S.<\/p>\n<p><strong>Resoluci\u00f3n de la Estructura de Gesti\u00f3n:<\/strong> N\u00b0 RES &#8211; 2024 &#8211; 1038 &#8211; CS # UNNE<\/p>\n<p>&nbsp;<\/p>\n<p><strong>Destinatarios: <\/strong><\/p>\n<p>Los aspirantes deber\u00e1n ser graduados de universidades argentinas de carreras de Inform\u00e1tica, con t\u00edtulo de grado de 4 o m\u00e1s a\u00f1os de duraci\u00f3n. Para el caso de graduados de carreras de grado no contempladas en el inciso anterior, entre los\u00a0que se cuenta a los graduados de universidades extranjeras, deber\u00e1n contar con una evaluaci\u00f3n y dictamen favorable del Comit\u00e9 Acad\u00e9mico.<\/p>\n<p><strong>Preinscripci\u00f3n: <\/strong>del 15\/10 al 15\/02 en <a href=\"https:\/\/forms.gle\/7Gia7rJJRoodiCaw6\">https:\/\/forms.gle\/7Gia7rJJRoodiCaw6<\/a><\/p>\n<p><strong>Aranceles:<\/strong><\/p>\n<p>En total son 20 cuotas:<\/p>\n<ul>\n<li>Inscripci\u00f3n: $50.000 o 50 d\u00f3lares para extranjeros<\/li>\n<li>10 cuotas de $60.000 o 50 d\u00f3lares para extranjeros<\/li>\n<li>10 cuotas de importe actualizado con el \u00cdndice de Precios al Consumidor (IPC),<\/li>\n<\/ul>\n<p><em>Descuento del 10% para docentes de las carreras de grado de inform\u00e1tica de ambas sedes.<\/em><\/p>\n<p><em>Descuento del 20% por pago anticipado de las 10 cuotas del primer a\u00f1o (no acumulable con otros descuentos).<\/em><\/p>\n<p>[\/et_pb_text][\/et_pb_column][\/et_pb_row][et_pb_row _builder_version=&#8221;4.27.2&#8243; _module_preset=&#8221;default&#8221; min_height=&#8221;102px&#8221; custom_margin=&#8221;-13px|auto|-27px|auto||&#8221; custom_padding=&#8221;11px||16px|||&#8221; global_colors_info=&#8221;{}&#8221;][et_pb_column type=&#8221;4_4&#8243; _builder_version=&#8221;4.27.2&#8243; _module_preset=&#8221;default&#8221; global_colors_info=&#8221;{}&#8221;][et_pb_button button_url=&#8221;https:\/\/exa.unne.edu.ar\/postgrado1-web\/wp-content\/uploads\/2025\/04\/Maestria-en-Tecnologia-de-la-Informacion-Informacion-ampliada.pdf&#8221; url_new_window=&#8221;on&#8221; button_text=&#8221;M\u00e1s informaci\u00f3n&#8221; _builder_version=&#8221;4.27.2&#8243; _module_preset=&#8221;default&#8221; hover_enabled=&#8221;0&#8243; global_colors_info=&#8221;{}&#8221; sticky_enabled=&#8221;0&#8243;][\/et_pb_button][\/et_pb_column][\/et_pb_row][et_pb_row _builder_version=&#8221;4.27.2&#8243; _module_preset=&#8221;default&#8221; custom_padding=&#8221;31px|||||&#8221; global_colors_info=&#8221;{}&#8221;][et_pb_column type=&#8221;4_4&#8243; _builder_version=&#8221;4.27.2&#8243; _module_preset=&#8221;default&#8221; global_colors_info=&#8221;{}&#8221;][et_pb_text _builder_version=&#8221;4.27.2&#8243; _module_preset=&#8221;default&#8221; custom_margin=&#8221;||-29px|||&#8221; custom_padding=&#8221;||12px|||&#8221; global_colors_info=&#8221;{}&#8221;]<\/p>\n<p><strong>Documentos de inter\u00e9s<\/strong><\/p>\n<p>[\/et_pb_text][et_pb_text _builder_version=&#8221;4.27.2&#8243; _module_preset=&#8221;default&#8221; custom_margin=&#8221;30px|||||&#8221; global_colors_info=&#8221;{}&#8221;]<\/p>\n<p><a href=\"https:\/\/exa.unne.edu.ar\/postgrado1-web\/wp-content\/uploads\/2025\/02\/Resol.CONEAU-14-22-MTI.pdf\" target=\"_blank\" rel=\"noopener\">Descargar la\u00a0Resoluci\u00f3n CONEAU\u00a0N\u00b0 14\/22<\/a><\/p>\n<p><a href=\"https:\/\/exa.unne.edu.ar\/postgrado1-web\/wp-content\/uploads\/2025\/02\/RM-341-22-Maestria-en-Tecnologias-de-la-Informacion.pdf\" target=\"_blank\" rel=\"noopener\">Descargar la Resoluci\u00f3n Ministerial\u00a0N\u00b0 341\/22<\/a><\/p>\n<p><a href=\"https:\/\/exa.unne.edu.ar\/postgrado1-web\/wp-content\/uploads\/2025\/02\/1-Plan-de-estudios-MTI-RES-0435-2021-CS.pdf\">Descargar la Resoluci\u00f3n Plan de Estudios &#8211; UNNE: N\u00b0 435\/21 C. S.<\/a><\/p>\n<p><a href=\"https:\/\/exa.unne.edu.ar\/postgrado1-web\/wp-content\/uploads\/2025\/02\/3-Reglamento-MTI-RES-0466-2023-CS.pdf\">Descargar la Resoluci\u00f3n del Reglamento: N\u00b0 466\/23 C. S.<\/a><\/p>\n<p><a href=\"https:\/\/exa.unne.edu.ar\/postgrado1-web\/wp-content\/uploads\/2025\/02\/2-Estructura-de-gestion-MTI-RES.-1038-2024-CS.pdf\">Descargar la Resoluci\u00f3n de la Estructura de Gesti\u00f3n: N\u00b0 RES &#8211; 2024 &#8211; 1038 &#8211; CS # UNNE<\/a><\/p>\n<p>[\/et_pb_text][\/et_pb_column][\/et_pb_row][\/et_pb_section]<\/p>\n","protected":false},"excerpt":{"rendered":"<p>Resoluci\u00f3n CONEAU: N\u00b0 14\/22 Resoluci\u00f3n Ministerial: N\u00b0 341\/22 Resoluci\u00f3n Plan de Estudios &#8211; UNNE: N\u00b0 435\/21 C. S. Resoluci\u00f3n UNaM: N\u00b0 13\/21 C. S. Resoluci\u00f3n del Reglamento: N\u00b0 466\/23 C. S. Resoluci\u00f3n de la Estructura de Gesti\u00f3n: N\u00b0 RES &#8211; 2024 &#8211; 1038 &#8211; CS # UNNE &nbsp; Destinatarios: Los aspirantes deber\u00e1n ser graduados de [&hellip;]<\/p>\n","protected":false},"author":1,"featured_media":0,"parent":0,"menu_order":0,"comment_status":"closed","ping_status":"closed","template":"","meta":{"_et_pb_use_builder":"on","_et_pb_old_content":"","_et_gb_content_width":"","_monsterinsights_skip_tracking":false,"_monsterinsights_sitenote_active":false,"_monsterinsights_sitenote_note":"","_monsterinsights_sitenote_category":0,"footnotes":""},"class_list":["post-191","page","type-page","status-publish","hentry"],"_links":{"self":[{"href":"https:\/\/exa.unne.edu.ar\/postgrado1-web\/index.php?rest_route=\/wp\/v2\/pages\/191","targetHints":{"allow":["GET"]}}],"collection":[{"href":"https:\/\/exa.unne.edu.ar\/postgrado1-web\/index.php?rest_route=\/wp\/v2\/pages"}],"about":[{"href":"https:\/\/exa.unne.edu.ar\/postgrado1-web\/index.php?rest_route=\/wp\/v2\/types\/page"}],"author":[{"embeddable":true,"href":"https:\/\/exa.unne.edu.ar\/postgrado1-web\/index.php?rest_route=\/wp\/v2\/users\/1"}],"replies":[{"embeddable":true,"href":"https:\/\/exa.unne.edu.ar\/postgrado1-web\/index.php?rest_route=%2Fwp%2Fv2%2Fcomments&post=191"}],"version-history":[{"count":9,"href":"https:\/\/exa.unne.edu.ar\/postgrado1-web\/index.php?rest_route=\/wp\/v2\/pages\/191\/revisions"}],"predecessor-version":[{"id":1382,"href":"https:\/\/exa.unne.edu.ar\/postgrado1-web\/index.php?rest_route=\/wp\/v2\/pages\/191\/revisions\/1382"}],"wp:attachment":[{"href":"https:\/\/exa.unne.edu.ar\/postgrado1-web\/index.php?rest_route=%2Fwp%2Fv2%2Fmedia&parent=191"}],"curies":[{"name":"wp","href":"https:\/\/api.w.org\/{rel}","templated":true}]}}