{"id":1250,"date":"2025-03-17T18:11:46","date_gmt":"2025-03-17T18:11:46","guid":{"rendered":"https:\/\/exa.unne.edu.ar\/postgrado1-web\/?page_id=1250"},"modified":"2025-03-17T18:15:47","modified_gmt":"2025-03-17T18:15:47","slug":"grudidmat","status":"publish","type":"page","link":"https:\/\/exa.unne.edu.ar\/postgrado1-web\/?page_id=1250","title":{"rendered":"Grudidmat"},"content":{"rendered":"<p>[et_pb_section fb_built=&#8221;1&#8243; _builder_version=&#8221;4.27.2&#8243; _module_preset=&#8221;default&#8221; global_colors_info=&#8221;{}&#8221;][et_pb_row _builder_version=&#8221;4.27.2&#8243; _module_preset=&#8221;default&#8221; global_colors_info=&#8221;{}&#8221;][et_pb_column type=&#8221;4_4&#8243; _builder_version=&#8221;4.27.2&#8243; _module_preset=&#8221;default&#8221; global_colors_info=&#8221;{}&#8221;][et_pb_post_title meta=&#8221;off&#8221; featured_image=&#8221;off&#8221; _builder_version=&#8221;4.27.2&#8243; _module_preset=&#8221;default&#8221; global_colors_info=&#8221;{}&#8221;][\/et_pb_post_title][et_pb_text _builder_version=&#8221;4.27.2&#8243; _module_preset=&#8221;default&#8221; hover_enabled=&#8221;0&#8243; global_colors_info=&#8221;{}&#8221; sticky_enabled=&#8221;0&#8243;]<\/p>\n<p><strong>\u00c1rea de trabajo:<\/strong><\/p>\n<p>Ciencias Sociales<span>,\u00a0<\/span>Educaci\u00f3n<\/p>\n<p><strong>Descripci\u00f3n:<\/strong><\/p>\n<section class=\"elementor-section elementor-inner-section elementor-element elementor-element-84262ea elementor-section-boxed elementor-section-height-default elementor-section-height-default\" data-id=\"84262ea\" data-element_type=\"section\">\n<div class=\"elementor-container elementor-column-gap-default\">\n<div class=\"elementor-column elementor-col-100 elementor-inner-column elementor-element elementor-element-eef5c6e\" data-id=\"eef5c6e\" data-element_type=\"column\">\n<div class=\"elementor-widget-wrap elementor-element-populated\">\n<div class=\"elementor-element elementor-element-28c55e8 elementor-widget elementor-widget-theme-post-content\" data-id=\"28c55e8\" data-element_type=\"widget\" data-widget_type=\"theme-post-content.default\">\n<div class=\"elementor-widget-container\">\n<p>A partir de la designaci\u00f3n, en el a\u00f1o 2.001, de la Mgter Irma Elena Saiz como Profesora Adjunta de la asignatura Did\u00e1ctica de la Matem\u00e1tica y Pasant\u00eda, se inicia en el marco de la FACENA un nuevo campo de estudio de la ense\u00f1anza de la Matem\u00e1tica, a trav\u00e9s de proyectos de Investigaci\u00f3n, formaci\u00f3n inicial de futuros profesores de Matem\u00e1tica y capacitaci\u00f3n de docentes en servicio y acompa\u00f1amiento de noveles profesores, egresados de esta instituci\u00f3n. Por otra parte, en el a\u00f1o 2003, se cre\u00f3 la Licenciatura en Did\u00e1ctica de la Matem\u00e1tica en el seno del Programa de Ofertas Educativas Especiales (POEE) que, en los hechos, funciona como un postgrado en Did\u00e1ctica de la Matem\u00e1tica. A la fecha recibidos alrededor de 100 licenciados en Matem\u00e1tica, pertenecientes a cinco provincias de la regi\u00f3n (Corrientes, Chaco, Formosa, Misiones y Santa Fe). Se fue constituyendo de esa manera una comunidad en torno a la Did\u00e1ctica de la Matem\u00e1tica a la que se han incorporado otros docentes de la FACENA, a la vez, se han ido estableciendo relaciones con otros grupos de investigaci\u00f3n de universidades como la de Rio IV, Litoral y de Misiones. Un objetivo permanente de este grupo desde su conformaci\u00f3n ha sido la producci\u00f3n de conocimiento en relaci\u00f3n con la formaci\u00f3n matem\u00e1tica de los docentes en servicio pero fundamentalmente de los futuros profesores de la FaCENA. As\u00ed tambi\u00e9n la capacitaci\u00f3n de los ex alumnos ya sea en Matem\u00e1tica, a trav\u00e9s del cursado de la Licenciatura en Matem\u00e1tica, o en Did\u00e1ctica de la Matem\u00e1tica, con becas de postgrado en el exterior (Francia y M\u00e9xico) tal como las maestr\u00edas en Francia de los profesores Gorostegui (2012) y Vilotta (2019) y a trav\u00e9s de la participaci\u00f3n en los proyectos de investigaci\u00f3n. Desde el a\u00f1o 2018 la Lic. Saiz se encuentra jubilada por lo que asumieron plenamente la conducci\u00f3n del grupo los Prof. Gorostegui y Vilotta.<\/p>\n<\/div>\n<\/div>\n<\/div>\n<\/div>\n<\/div>\n<\/section>\n<p>[\/et_pb_text][et_pb_text _builder_version=&#8221;4.27.2&#8243; _module_preset=&#8221;default&#8221; hover_enabled=&#8221;0&#8243; global_colors_info=&#8221;{}&#8221; sticky_enabled=&#8221;0&#8243;]<\/p>\n<p><strong>Lineas de investigaci\u00f3n:<\/strong><\/p>\n<div class=\"elementor-element elementor-element-f19ecbb elementor-widget elementor-widget-text-editor\" data-id=\"f19ecbb\" data-element_type=\"widget\" data-widget_type=\"text-editor.default\">\n<ul>\n<li class=\"elementor-widget-container\">Ense\u00f1anza y aprendizaje de la matem\u00e1tica.<\/li>\n<li class=\"elementor-widget-container\">Formaci\u00f3n docente en matem\u00e1tica.<\/li>\n<li class=\"elementor-widget-container\">Modelizaci\u00f3n matem\u00e1tica en la ense\u00f1anza<\/li>\n<\/ul>\n<\/div>\n<div class=\"elementor-element elementor-element-0cf5236 elementor-widget elementor-widget-text-editor\" data-id=\"0cf5236\" data-element_type=\"widget\" data-widget_type=\"text-editor.default\">\n<div class=\"elementor-widget-container\"><\/div>\n<\/div>\n<p>[\/et_pb_text][et_pb_text _builder_version=&#8221;4.27.2&#8243; _module_preset=&#8221;default&#8221; hover_enabled=&#8221;0&#8243; global_colors_info=&#8221;{}&#8221; sticky_enabled=&#8221;0&#8243;]<\/p>\n<p><strong>Integrantes:<\/strong><\/p>\n<div class=\"elementor-element elementor-element-a75d617 elementor-widget elementor-widget-text-editor\" data-id=\"a75d617\" data-element_type=\"widget\" data-widget_type=\"text-editor.default\">\n<div class=\"elementor-widget-container\">Coordinador\/a: Gorostegui, Edith Noemi \u2013 gorosteguie@comunidad.unne.edu.ar<\/div>\n<\/div>\n<div class=\"elementor-element elementor-element-db4921c elementor-widget elementor-widget-text-editor\" data-id=\"db4921c\" data-element_type=\"widget\" data-widget_type=\"text-editor.default\">\n<div class=\"elementor-widget-container\"><\/div>\n<div class=\"elementor-widget-container\">Apartado en construcci\u00f3n.<\/div>\n<\/div>\n<p>[\/et_pb_text][et_pb_text _builder_version=&#8221;4.27.2&#8243; _module_preset=&#8221;default&#8221; hover_enabled=&#8221;0&#8243; global_colors_info=&#8221;{}&#8221; sticky_enabled=&#8221;0&#8243;]<\/p>\n<p><strong>Becarios\/as y pasantes:<\/strong><\/p>\n<p>Apartado en construcci\u00f3n.<\/p>\n<p>[\/et_pb_text][et_pb_text _builder_version=&#8221;4.27.2&#8243; _module_preset=&#8221;default&#8221; hover_enabled=&#8221;0&#8243; global_colors_info=&#8221;{}&#8221; sticky_enabled=&#8221;0&#8243;]<\/p>\n<p><strong>Proyectos acreditados:<\/strong><\/p>\n<ul>\n<li>Apartado en construcci\u00f3n.<\/li>\n<\/ul>\n<p>[\/et_pb_text][et_pb_text _builder_version=&#8221;4.27.2&#8243; _module_preset=&#8221;default&#8221; hover_enabled=&#8221;0&#8243; global_colors_info=&#8221;{}&#8221; sticky_enabled=&#8221;0&#8243;]<\/p>\n<p><strong>Servicios y transferencia:<\/strong><\/p>\n<p>Apartado en construcci\u00f3n.<\/p>\n<p>[\/et_pb_text][\/et_pb_column][\/et_pb_row][et_pb_row _builder_version=&#8221;4.27.2&#8243; _module_preset=&#8221;default&#8221; global_colors_info=&#8221;{}&#8221;][et_pb_column type=&#8221;4_4&#8243; _builder_version=&#8221;4.27.2&#8243; _module_preset=&#8221;default&#8221; global_colors_info=&#8221;{}&#8221;][et_pb_heading title=&#8221;Producci\u00f3n Cient\u00edfica y Tecnol\u00f3gica&#8221; _builder_version=&#8221;4.27.2&#8243; _module_preset=&#8221;default&#8221; title_level=&#8221;h4&#8243; custom_margin=&#8221;||24px|||&#8221; global_colors_info=&#8221;{}&#8221;][\/et_pb_heading][et_pb_blog show_thumbnail=&#8221;off&#8221; show_more=&#8221;on&#8221; show_author=&#8221;off&#8221; show_date=&#8221;off&#8221; show_categories=&#8221;off&#8221; show_pagination=&#8221;off&#8221; _builder_version=&#8221;4.27.2&#8243; _module_preset=&#8221;default&#8221; header_level=&#8221;h5&#8243; hover_enabled=&#8221;0&#8243; global_colors_info=&#8221;{}&#8221; include_categories=&#8221;136&#8243; sticky_enabled=&#8221;0&#8243;][\/et_pb_blog][\/et_pb_column][\/et_pb_row][\/et_pb_section]<\/p>\n","protected":false},"excerpt":{"rendered":"<p>\u00c1rea de trabajo: Ciencias Sociales,\u00a0Educaci\u00f3n Descripci\u00f3n: A partir de la designaci\u00f3n, en el a\u00f1o 2.001, de la Mgter Irma Elena Saiz como Profesora Adjunta de la asignatura Did\u00e1ctica de la Matem\u00e1tica y Pasant\u00eda, se inicia en el marco de la FACENA un nuevo campo de estudio de la ense\u00f1anza de la Matem\u00e1tica, a trav\u00e9s de [&hellip;]<\/p>\n","protected":false},"author":1,"featured_media":0,"parent":0,"menu_order":0,"comment_status":"closed","ping_status":"closed","template":"","meta":{"_et_pb_use_builder":"on","_et_pb_old_content":"","_et_gb_content_width":"","_monsterinsights_skip_tracking":false,"_monsterinsights_sitenote_active":false,"_monsterinsights_sitenote_note":"","_monsterinsights_sitenote_category":0,"footnotes":""},"class_list":["post-1250","page","type-page","status-publish","hentry"],"_links":{"self":[{"href":"https:\/\/exa.unne.edu.ar\/postgrado1-web\/index.php?rest_route=\/wp\/v2\/pages\/1250","targetHints":{"allow":["GET"]}}],"collection":[{"href":"https:\/\/exa.unne.edu.ar\/postgrado1-web\/index.php?rest_route=\/wp\/v2\/pages"}],"about":[{"href":"https:\/\/exa.unne.edu.ar\/postgrado1-web\/index.php?rest_route=\/wp\/v2\/types\/page"}],"author":[{"embeddable":true,"href":"https:\/\/exa.unne.edu.ar\/postgrado1-web\/index.php?rest_route=\/wp\/v2\/users\/1"}],"replies":[{"embeddable":true,"href":"https:\/\/exa.unne.edu.ar\/postgrado1-web\/index.php?rest_route=%2Fwp%2Fv2%2Fcomments&post=1250"}],"version-history":[{"count":2,"href":"https:\/\/exa.unne.edu.ar\/postgrado1-web\/index.php?rest_route=\/wp\/v2\/pages\/1250\/revisions"}],"predecessor-version":[{"id":1309,"href":"https:\/\/exa.unne.edu.ar\/postgrado1-web\/index.php?rest_route=\/wp\/v2\/pages\/1250\/revisions\/1309"}],"wp:attachment":[{"href":"https:\/\/exa.unne.edu.ar\/postgrado1-web\/index.php?rest_route=%2Fwp%2Fv2%2Fmedia&parent=1250"}],"curies":[{"name":"wp","href":"https:\/\/api.w.org\/{rel}","templated":true}]}}