{"id":1008,"date":"2025-02-21T16:26:13","date_gmt":"2025-02-21T16:26:13","guid":{"rendered":"https:\/\/exa.unne.edu.ar\/postgrado1-web\/?page_id=1008"},"modified":"2025-02-24T17:53:17","modified_gmt":"2025-02-24T17:53:17","slug":"grupo-de-investigacion-en-biologia-de-los-artropodos-giba","status":"publish","type":"page","link":"https:\/\/exa.unne.edu.ar\/postgrado1-web\/?page_id=1008","title":{"rendered":"Grupo de Investigaci\u00f3n en Biolog\u00eda de los artr\u00f3podos (GIBA)"},"content":{"rendered":"<p>[et_pb_section fb_built=&#8221;1&#8243; _builder_version=&#8221;4.27.2&#8243; _module_preset=&#8221;default&#8221; global_colors_info=&#8221;{}&#8221;][et_pb_row _builder_version=&#8221;4.27.2&#8243; _module_preset=&#8221;default&#8221; global_colors_info=&#8221;{}&#8221;][et_pb_column type=&#8221;4_4&#8243; _builder_version=&#8221;4.27.2&#8243; _module_preset=&#8221;default&#8221; global_colors_info=&#8221;{}&#8221;][et_pb_post_title meta=&#8221;off&#8221; featured_image=&#8221;off&#8221; _builder_version=&#8221;4.27.2&#8243; _module_preset=&#8221;default&#8221; global_colors_info=&#8221;{}&#8221;][\/et_pb_post_title][et_pb_text _builder_version=&#8221;4.27.2&#8243; _module_preset=&#8221;default&#8221; hover_enabled=&#8221;0&#8243; global_colors_info=&#8221;{}&#8221; sticky_enabled=&#8221;0&#8243;]<\/p>\n<p><strong>\u00c1rea de trabajo:<\/strong><\/p>\n<p>Biolog\u00eda.<\/p>\n<p><strong>Descripci\u00f3n:<\/strong><\/p>\n<section class=\"elementor-section elementor-inner-section elementor-element elementor-element-84262ea elementor-section-boxed elementor-section-height-default elementor-section-height-default\" data-id=\"84262ea\" data-element_type=\"section\">\n<div class=\"elementor-container elementor-column-gap-default\">\n<div class=\"elementor-column elementor-col-100 elementor-inner-column elementor-element elementor-element-eef5c6e\" data-id=\"eef5c6e\" data-element_type=\"column\">\n<div class=\"elementor-widget-wrap elementor-element-populated\">\n<div class=\"elementor-element elementor-element-28c55e8 elementor-widget elementor-widget-theme-post-content\" data-id=\"28c55e8\" data-element_type=\"widget\" data-widget_type=\"theme-post-content.default\">\n<div class=\"elementor-widget-container\">\n<p style=\"text-align: justify;\">Los estudios encarados por el grupo de investigaci\u00f3n tienen como objetivo general conocer la biodiversidad de artr\u00f3podos herb\u00edvoros, depredadores, descomponedores y polinizadores en la regi\u00f3n subtropical NEA. Se caracterizan ensambles de ara\u00f1as, ort\u00f3pteros, moscas caliptradas, form\u00edcidos, cole\u00f3pteros en \u00e1reas protegidas y con intervenci\u00f3n antr\u00f3pica (\u00e1reas urbanas, paisajes modificados por actividades agr\u00edcolas y ganaderas). Se efect\u00faan estimaciones cualitativas y cuantitativas de diversidad, analizando comparativamente sus atributos en ambientes naturales e intervenidos, se identifica la respuesta de los representantes de la artrofauna ante distintas situaciones de manejo de suelo. Se desarrollan tambi\u00e9n investigaciones multidisciplinarias sobre insectos herb\u00edvoros y plantas acu\u00e1ticas de humedales, focalizando en el rol que cumplen estos animales en la estructura y funci\u00f3n de estos ecosistemas. Esto incluye el control biol\u00f3gico de malezas de humedales (camalote, lirio amarillo, repollito de agua etc.) por insectos biocontroladores (se desarrollan ciclos de vida bajo condiciones controladas, a efectos de obtener par\u00e1metros poblacionales y comprobar su efectividad, especificidad alimentaria). Las investigaciones tambi\u00e9n incluyen comparaciones con humedales de \u00c1frica, donde los insectos herb\u00edvoros y las plantas conviven con grandes mam\u00edferos herb\u00edvoros. Desde el a\u00f1o 2015 la experiencia lograda en humedales naturales se aplica a los humedales artificiales de arroceras, con el fin de dise\u00f1ar herramientas adoptables para el manejo integrado de plagas de arroz que minimicen el uso de agroqu\u00edmicos y disminuyan los costos de producci\u00f3n. En humedales urbanos se busca aportar soluciones al problema de invasi\u00f3n de malezas acu\u00e1ticas para minimizar el uso de herbicidas y abaratar costos de control mec\u00e1nico. Se apunta a buscar soluciones concretas que sean ambientalmente y econ\u00f3micamente m\u00e1s sustentables para estos ambientes.<\/p>\n<\/div>\n<\/div>\n<\/div>\n<\/div>\n<\/div>\n<\/section>\n<section class=\"elementor-section elementor-inner-section elementor-element elementor-element-490dfa4 elementor-section-boxed elementor-section-height-default elementor-section-height-default\" data-id=\"490dfa4\" data-element_type=\"section\">\n<div class=\"elementor-container elementor-column-gap-default\">\n<div class=\"elementor-column elementor-col-100 elementor-inner-column elementor-element elementor-element-a8f52d8\" data-id=\"a8f52d8\" data-element_type=\"column\">\n<div class=\"elementor-widget-wrap elementor-element-populated\">\n<div class=\"elementor-element elementor-element-0ac1f3d elementor-widget elementor-widget-heading\" data-id=\"0ac1f3d\" data-element_type=\"widget\" data-widget_type=\"heading.default\">\n<div class=\"elementor-widget-container\"><\/div>\n<\/div>\n<\/div>\n<\/div>\n<\/div>\n<\/section>\n<p>[\/et_pb_text][et_pb_text _builder_version=&#8221;4.27.2&#8243; _module_preset=&#8221;default&#8221; hover_enabled=&#8221;0&#8243; global_colors_info=&#8221;{}&#8221; sticky_enabled=&#8221;0&#8243;]<\/p>\n<p><strong>Lineas de investigaci\u00f3n:<\/strong><\/p>\n<ul>\n<li><span>Biodiversidad de Artr\u00f3podos en NE Argentina.<\/span><\/li>\n<li><span>Invertebrados herb\u00edvoros asociados a plantas acu\u00e1ticas de humedales del Afrotr\u00f3pico y Neotr\u00f3pico.<\/span><\/li>\n<li><span>Cornops aquaticum como potencial biocontrolador de camalote (Pontederia crassipes): ciclo de vida, poblaciones, especificidad.<\/span><\/li>\n<li><span>Distribuci\u00f3n, control biol\u00f3gico y manejo del lirio amarillo Iris pseudacorus en \u00e1reas introducidas (Argentina-Sud\u00e1frica).<\/span><\/li>\n<li><span>Control biol\u00f3gico de repollito de agua (Pistia stratiotes) en lagunas urbanas.<\/span><\/li>\n<li><span>Especificidad, estudios poblacionales, ciclo de vida de insectos herb\u00edvoros de inter\u00e9s para el control biol\u00f3gico.<\/span><\/li>\n<li><span>Plagas de arroz y otros invertebrados herb\u00edvoros asociados al cultivo.<\/span><\/li>\n<li><span>Factores que regulan las poblaciones de insectos plagas: enemigos naturales (hongos entomopat\u00f3genos, depredadores, parasitoides) nutrientes, plantas hospedadoras y su aplicabilidad para el manejo Integrado de plagas en agroecosistemas de arroz.<\/span><\/li>\n<li><span>Sistem\u00e1tica y bioecolog\u00eda de Melolonthidae (Coleoptera), gusanos blancos de importancia agr\u00edcola Diagn\u00f3sticos de plagas.<\/span><\/li>\n<li><span>Diversidad y taxonom\u00eda del Orden Araneae, con \u00e9nfasis en las familias Salticidae y Thomisidae.<\/span><\/li>\n<li><span>Diversidad y rol ecol\u00f3gico de moscas sarcosapr\u00f3fagas (Diptera: Calyptratae) del Nordeste de Argentina.<\/span><\/li>\n<li><span>Sistem\u00e1tica, biogeograf\u00eda, filogenia, morfolog\u00eda, taxonom\u00eda y diversidad de hormigas (Hymenoptera: Formicidae) neotropicales.<\/span><\/li>\n<li><span>Taxonom\u00eda, ecolog\u00eda de Cerambycidae (Coleoptera) Modelos de distribuci\u00f3n potencial.<\/span><\/li>\n<li><span>Insectos bioindicadores de la calidad del agua.<\/span><\/li>\n<\/ul>\n<p>[\/et_pb_text][et_pb_text _builder_version=&#8221;4.27.2&#8243; _module_preset=&#8221;default&#8221; hover_enabled=&#8221;0&#8243; global_colors_info=&#8221;{}&#8221; sticky_enabled=&#8221;0&#8243;]<\/p>\n<p><strong>Integrantes:<\/strong><\/p>\n<p><em>Coordinador\/a:<\/em> <span>Damborsky, Miryam Pieri \u2013 mdambor@exa.unne.edu.ar<\/span><\/p>\n<ul>\n<li>Gilberto Avalos (Laboratorio de Biolog\u00eda de los Artr\u00f3podos, FaCENA &#8211; UNNE).<\/li>\n<li>Mariana Cherman (Univerdidade Federal Do Parana, Brasil)<\/li>\n<li>Fabiana Cuezzo (Instituto Superior de Entomolog\u00eda &#8220;Dr. Abraham Willink&#8221; (INSUE), Facultad de Ciencias Naturales e Instituto).\u00a0<\/li>\n<li>Miguel Lillo (Universidad Nacional de Tucum\u00e1n).\u00a0<\/li>\n<\/ul>\n<p>[\/et_pb_text][et_pb_text _builder_version=&#8221;4.27.2&#8243; _module_preset=&#8221;default&#8221; hover_enabled=&#8221;0&#8243; global_colors_info=&#8221;{}&#8221; sticky_enabled=&#8221;0&#8243;]<\/p>\n<p><strong>Becarios\/as y pasantes:<\/strong><\/p>\n<p>Apartado en construcci\u00f3n.<\/p>\n<p>[\/et_pb_text][et_pb_text _builder_version=&#8221;4.27.2&#8243; _module_preset=&#8221;default&#8221; hover_enabled=&#8221;0&#8243; global_colors_info=&#8221;{}&#8221; sticky_enabled=&#8221;0&#8243;]<\/p>\n<p><strong>Proyectos acreditados:<\/strong><\/p>\n<ul>\n<li>PICT-2020-SERIEA-01049, ANPCyT (2022-2024). Comunidades de d\u00edpteros sarcosapr\u00f3fagos (Diptera: Calyptratae) de la provincia del Chaco: estructura de los ensambles y su rol ecol\u00f3gico.<\/li>\n<li>PICT-2018-00558, ANPCyT (2021-2022). Estructura de los ensambles de escarabajos Melolonthidae (Coleoptera: Scarabaeoidea) en dos grandes humedales del nordeste argentino.<\/li>\n<li>PICTO-UNNE-2019-00015, ANPCyT-UNNE (2021-2023), Biodiversidad de hex\u00e1podos en el Impenetrable chaque\u00f1o. Respuesta de los ensambles a las modificaciones ambientales en \u00e1reas protegidas y productivas.<\/li>\n<li>PI-20-F008, SGCYT-UNNE, (2021-2024), Diversidad de insectos en ambientes nativos y alterados del Chaco Semi\u00e1rido, Argentina.<\/li>\n<li>PI-19-F008, SGCYT-UNNE, (2020-2023), Diversidad tax\u00f3nomica de Araneae (Arachnida) del Chaco H\u00famedo, Chaco, Argentina.<\/li>\n<li>PI-16-F020, SGCYT-UNNE, (2017-2020), Caracterizaci\u00f3n de la comunidad de insectos en una escala espacial. Variaci\u00f3n en \u00e1reas protegidas y en sistemas productivos del Chaco.<\/li>\n<\/ul>\n<p>[\/et_pb_text][\/et_pb_column][\/et_pb_row][et_pb_row _builder_version=&#8221;4.27.2&#8243; _module_preset=&#8221;default&#8221; global_colors_info=&#8221;{}&#8221;][et_pb_column type=&#8221;4_4&#8243; _builder_version=&#8221;4.27.2&#8243; _module_preset=&#8221;default&#8221; global_colors_info=&#8221;{}&#8221;][et_pb_heading title=&#8221;Producci\u00f3n Cient\u00edfica y Tecnol\u00f3gica&#8221; _builder_version=&#8221;4.27.2&#8243; _module_preset=&#8221;default&#8221; title_level=&#8221;h4&#8243; custom_margin=&#8221;||24px|||&#8221; hover_enabled=&#8221;0&#8243; global_colors_info=&#8221;{}&#8221; sticky_enabled=&#8221;0&#8243;][\/et_pb_heading][et_pb_text _builder_version=&#8221;4.27.2&#8243; _module_preset=&#8221;default&#8221; hover_enabled=&#8221;0&#8243; sticky_enabled=&#8221;0&#8243;]<\/p>\n<p>Apartado en construcci\u00f3n.<\/p>\n<p>[\/et_pb_text][et_pb_blog show_thumbnail=&#8221;off&#8221; show_more=&#8221;on&#8221; show_author=&#8221;off&#8221; show_date=&#8221;off&#8221; show_categories=&#8221;off&#8221; show_pagination=&#8221;off&#8221; _builder_version=&#8221;4.27.2&#8243; _module_preset=&#8221;default&#8221; header_level=&#8221;h5&#8243; hover_enabled=&#8221;0&#8243; global_colors_info=&#8221;{}&#8221; include_categories=&#8221;95&#8243; sticky_enabled=&#8221;0&#8243;][\/et_pb_blog][\/et_pb_column][\/et_pb_row][\/et_pb_section]<\/p>\n","protected":false},"excerpt":{"rendered":"<p>\u00c1rea de trabajo: Biolog\u00eda. Descripci\u00f3n: Los estudios encarados por el grupo de investigaci\u00f3n tienen como objetivo general conocer la biodiversidad de artr\u00f3podos herb\u00edvoros, depredadores, descomponedores y polinizadores en la regi\u00f3n subtropical NEA. Se caracterizan ensambles de ara\u00f1as, ort\u00f3pteros, moscas caliptradas, form\u00edcidos, cole\u00f3pteros en \u00e1reas protegidas y con intervenci\u00f3n antr\u00f3pica (\u00e1reas urbanas, paisajes modificados por actividades [&hellip;]<\/p>\n","protected":false},"author":1,"featured_media":0,"parent":0,"menu_order":0,"comment_status":"closed","ping_status":"closed","template":"","meta":{"_et_pb_use_builder":"on","_et_pb_old_content":"","_et_gb_content_width":"","_monsterinsights_skip_tracking":false,"_monsterinsights_sitenote_active":false,"_monsterinsights_sitenote_note":"","_monsterinsights_sitenote_category":0,"footnotes":""},"class_list":["post-1008","page","type-page","status-publish","hentry"],"_links":{"self":[{"href":"https:\/\/exa.unne.edu.ar\/postgrado1-web\/index.php?rest_route=\/wp\/v2\/pages\/1008","targetHints":{"allow":["GET"]}}],"collection":[{"href":"https:\/\/exa.unne.edu.ar\/postgrado1-web\/index.php?rest_route=\/wp\/v2\/pages"}],"about":[{"href":"https:\/\/exa.unne.edu.ar\/postgrado1-web\/index.php?rest_route=\/wp\/v2\/types\/page"}],"author":[{"embeddable":true,"href":"https:\/\/exa.unne.edu.ar\/postgrado1-web\/index.php?rest_route=\/wp\/v2\/users\/1"}],"replies":[{"embeddable":true,"href":"https:\/\/exa.unne.edu.ar\/postgrado1-web\/index.php?rest_route=%2Fwp%2Fv2%2Fcomments&post=1008"}],"version-history":[{"count":4,"href":"https:\/\/exa.unne.edu.ar\/postgrado1-web\/index.php?rest_route=\/wp\/v2\/pages\/1008\/revisions"}],"predecessor-version":[{"id":1169,"href":"https:\/\/exa.unne.edu.ar\/postgrado1-web\/index.php?rest_route=\/wp\/v2\/pages\/1008\/revisions\/1169"}],"wp:attachment":[{"href":"https:\/\/exa.unne.edu.ar\/postgrado1-web\/index.php?rest_route=%2Fwp%2Fv2%2Fmedia&parent=1008"}],"curies":[{"name":"wp","href":"https:\/\/api.w.org\/{rel}","templated":true}]}}