{"id":24,"date":"2023-12-27T14:47:40","date_gmt":"2023-12-27T14:47:40","guid":{"rendered":"https:\/\/exa.unne.edu.ar\/poee-web\/?page_id=24"},"modified":"2024-06-24T17:40:59","modified_gmt":"2024-06-24T17:40:59","slug":"inicio","status":"publish","type":"page","link":"https:\/\/exa.unne.edu.ar\/poee-web\/","title":{"rendered":"Inicio"},"content":{"rendered":"\t\t<div data-elementor-type=\"wp-page\" data-elementor-id=\"24\" class=\"elementor elementor-24\">\n\t\t\t\t\t\t<section class=\"elementor-section elementor-top-section elementor-element elementor-element-28b168e0 elementor-section-boxed elementor-section-height-default elementor-section-height-default\" data-id=\"28b168e0\" data-element_type=\"section\">\n\t\t\t\t\t\t<div class=\"elementor-container elementor-column-gap-default\">\n\t\t\t\t\t<div class=\"elementor-column elementor-col-100 elementor-top-column elementor-element elementor-element-4cb39990\" data-id=\"4cb39990\" data-element_type=\"column\">\n\t\t\t<div class=\"elementor-widget-wrap elementor-element-populated\">\n\t\t\t\t\t\t<div class=\"elementor-element elementor-element-28aa2c2e elementor-widget elementor-widget-text-editor\" data-id=\"28aa2c2e\" data-element_type=\"widget\" data-widget_type=\"text-editor.default\">\n\t\t\t\t<div class=\"elementor-widget-container\">\n\t\t\t\t\t\t\t\t\t<p><\/p>\n<p><strong><span style=\"color: #000000;\">Acerca del Programa de Ofertas Educativas Especiales (POEE)<\/span><\/strong><\/p>\n<p><strong><span style=\"color: #000000;\">\u00a0<\/span><\/strong><\/p>\n<p>\u00a0<\/p>\n<p><span style=\"color: #000000;\"><\/span><\/p>\n<p><span style=\"color: #000000;\">La FaCENA tiene como uno de sus objetivos impulsar el desarrollo de una oferta de formaci\u00f3n continua amplia, flexible, innovadora y de calidad para responder a las necesidades de formaci\u00f3n demandadas por la sociedad.<\/span><\/p>\n<p><span style=\"color: #000000;\"><\/span><\/p>\n<p><span style=\"color: #000000;\">El Programa de Ofertas Educativas Especiales (POEE) de la FaCENA, tiene como prop\u00f3sito generar ofertas educativas de formaci\u00f3n continua, como ciclos de complementaci\u00f3n, tecnicaturas, diplomaturas universitarias, cursos, certificaciones profesionales, talleres y seminarios, destinadas a graduados, docentes y p\u00fablico en general.<\/span><\/p>\n<p><span style=\"color: #000000;\">\u00a0<\/span><\/p>\n<p><span style=\"color: #000000;\"><\/span><\/p>\n<p>\u00a0<\/p>\n<p><span style=\"color: #000000;\"><\/span><\/p>\n<p><strong><span style=\"color: #000000;\">Directora Ejecutiva<br \/><\/span><\/strong><span style=\"color: #000000;\">Mgter. Gladys Noem\u00ed Dapozo<\/span><\/p>\n<p><span style=\"color: #000000;\"><\/span><\/p>\n<p><span style=\"color: #000000;\"><\/span><\/p>\n<p><span style=\"color: #000000;\">Email: <a style=\"color: #000000;\" href=\"mailto:gndapozo@exa.unne.edu.ar\">gndapozo@exa.unne.edu.ar<\/a><\/span><\/p>\n<p><\/p>\t\t\t\t\t\t\t\t<\/div>\n\t\t\t\t<\/div>\n\t\t\t\t\t<\/div>\n\t\t<\/div>\n\t\t\t\t\t<\/div>\n\t\t<\/section>\n\t\t\t\t<\/div>\n\t\t","protected":false},"excerpt":{"rendered":"<p>Acerca del Programa de Ofertas Educativas Especiales (POEE) \u00a0 \u00a0 La FaCENA tiene como uno de sus objetivos impulsar el desarrollo de una oferta de formaci\u00f3n continua amplia, flexible, innovadora y de calidad para responder a las necesidades de formaci\u00f3n demandadas por la sociedad. El Programa de Ofertas Educativas Especiales (POEE) de la FaCENA, tiene &hellip; <\/p>\n","protected":false},"author":1,"featured_media":0,"parent":0,"menu_order":0,"comment_status":"closed","ping_status":"closed","template":"","meta":{"footnotes":""},"categories":[],"tags":[],"class_list":["post-24","page","type-page","status-publish","hentry"],"_links":{"self":[{"href":"https:\/\/exa.unne.edu.ar\/poee-web\/index.php\/wp-json\/wp\/v2\/pages\/24","targetHints":{"allow":["GET"]}}],"collection":[{"href":"https:\/\/exa.unne.edu.ar\/poee-web\/index.php\/wp-json\/wp\/v2\/pages"}],"about":[{"href":"https:\/\/exa.unne.edu.ar\/poee-web\/index.php\/wp-json\/wp\/v2\/types\/page"}],"author":[{"embeddable":true,"href":"https:\/\/exa.unne.edu.ar\/poee-web\/index.php\/wp-json\/wp\/v2\/users\/1"}],"replies":[{"embeddable":true,"href":"https:\/\/exa.unne.edu.ar\/poee-web\/index.php\/wp-json\/wp\/v2\/comments?post=24"}],"version-history":[{"count":21,"href":"https:\/\/exa.unne.edu.ar\/poee-web\/index.php\/wp-json\/wp\/v2\/pages\/24\/revisions"}],"predecessor-version":[{"id":224,"href":"https:\/\/exa.unne.edu.ar\/poee-web\/index.php\/wp-json\/wp\/v2\/pages\/24\/revisions\/224"}],"wp:attachment":[{"href":"https:\/\/exa.unne.edu.ar\/poee-web\/index.php\/wp-json\/wp\/v2\/media?parent=24"}],"wp:term":[{"taxonomy":"category","embeddable":true,"href":"https:\/\/exa.unne.edu.ar\/poee-web\/index.php\/wp-json\/wp\/v2\/categories?post=24"},{"taxonomy":"post_tag","embeddable":true,"href":"https:\/\/exa.unne.edu.ar\/poee-web\/index.php\/wp-json\/wp\/v2\/tags?post=24"}],"curies":[{"name":"wp","href":"https:\/\/api.w.org\/{rel}","templated":true}]}}