{"id":291,"date":"2022-09-27T17:54:45","date_gmt":"2022-09-27T17:54:45","guid":{"rendered":"https:\/\/exa.unne.edu.ar\/ingresantes-web\/?page_id=291"},"modified":"2023-11-09T15:06:45","modified_gmt":"2023-11-09T15:06:45","slug":"profesorado-en-fisica","status":"publish","type":"page","link":"https:\/\/exa.unne.edu.ar\/ingresantes-web\/index.php\/profesorado-en-fisica\/","title":{"rendered":"Profesorado en F\u00edsica"},"content":{"rendered":"\t\t<div data-elementor-type=\"wp-page\" data-elementor-id=\"291\" class=\"elementor elementor-291\">\n\t\t\t\t\t\t<section class=\"elementor-section elementor-top-section elementor-element elementor-element-3f25883 elementor-section-boxed elementor-section-height-default elementor-section-height-default\" data-id=\"3f25883\" data-element_type=\"section\">\n\t\t\t\t\t\t<div class=\"elementor-container elementor-column-gap-default\">\n\t\t\t\t\t<div class=\"elementor-column elementor-col-100 elementor-top-column elementor-element elementor-element-0e23472\" data-id=\"0e23472\" data-element_type=\"column\">\n\t\t\t<div class=\"elementor-widget-wrap elementor-element-populated\">\n\t\t\t\t\t\t<div class=\"elementor-element elementor-element-4768602 elementor-widget elementor-widget-text-editor\" data-id=\"4768602\" data-element_type=\"widget\" data-widget_type=\"text-editor.default\">\n\t\t\t\t<div class=\"elementor-widget-container\">\n\t\t\t\t\t\t\t\t\t<p><strong>Directora:<\/strong> MSc. Marta Gabriela Stopello<\/p><p><strong>T\u00edtulo que otorga:<\/strong> Profesor en F\u00edsica &#8211; Profesora en F\u00edsica<\/p><p>\u00a0<strong>Carga horaria:<\/strong> 2832 horas<\/p><p><strong>Duraci\u00f3n:<\/strong> 4 a\u00f1os<\/p><p><strong>Forma de contacto: <\/strong><a href=\"mailto:ilucero@exa.unne.edu.ar\">ilucero@exa.unne.edu.ar<\/a> &#8211; <a href=\"mailto:irmairene2005@yahoo.com.ar\">irmairene2005@yahoo.com.ar<\/a><\/p>\t\t\t\t\t\t\t\t<\/div>\n\t\t\t\t<\/div>\n\t\t\t\t\t<\/div>\n\t\t<\/div>\n\t\t\t\t\t<\/div>\n\t\t<\/section>\n\t\t\t\t<section class=\"elementor-section elementor-top-section elementor-element elementor-element-74f624d elementor-section-boxed elementor-section-height-default elementor-section-height-default\" data-id=\"74f624d\" data-element_type=\"section\">\n\t\t\t\t\t\t<div class=\"elementor-container elementor-column-gap-default\">\n\t\t\t\t\t<div class=\"elementor-column elementor-col-100 elementor-top-column elementor-element elementor-element-2c0be09\" data-id=\"2c0be09\" data-element_type=\"column\">\n\t\t\t<div class=\"elementor-widget-wrap elementor-element-populated\">\n\t\t\t\t\t\t<div class=\"elementor-element elementor-element-b3b5796 elementor-widget elementor-widget-accordion\" data-id=\"b3b5796\" data-element_type=\"widget\" data-widget_type=\"accordion.default\">\n\t\t\t\t<div class=\"elementor-widget-container\">\n\t\t\t\t\t\t\t<div class=\"elementor-accordion\">\n\t\t\t\t\t\t\t<div class=\"elementor-accordion-item\">\n\t\t\t\t\t<div id=\"elementor-tab-title-1881\" class=\"elementor-tab-title\" data-tab=\"1\" role=\"button\" aria-controls=\"elementor-tab-content-1881\" aria-expanded=\"false\">\n\t\t\t\t\t\t\t\t\t\t\t\t\t<span class=\"elementor-accordion-icon elementor-accordion-icon-left\" aria-hidden=\"true\">\n\t\t\t\t\t\t\t\t\t\t\t\t\t\t\t<span class=\"elementor-accordion-icon-closed\"><i class=\"fas fa-plus\"><\/i><\/span>\n\t\t\t\t\t\t\t\t<span class=\"elementor-accordion-icon-opened\"><i class=\"fas fa-minus\"><\/i><\/span>\n\t\t\t\t\t\t\t\t\t\t\t\t\t\t<\/span>\n\t\t\t\t\t\t\t\t\t\t\t\t<a class=\"elementor-accordion-title\" tabindex=\"0\">Fundamentaci\u00f3n<\/a>\n\t\t\t\t\t<\/div>\n\t\t\t\t\t<div id=\"elementor-tab-content-1881\" class=\"elementor-tab-content elementor-clearfix\" data-tab=\"1\" role=\"region\" aria-labelledby=\"elementor-tab-title-1881\"><p>La sanci\u00f3n e implementaci\u00f3n de la Ley Federal de Educaci\u00f3n, introdujo modificaciones estructurales del Sistema Educativo, y tambi\u00e9n en la definici\u00f3n de la profesi\u00f3n docente, los roles y funciones de los profesores respecto de la ense\u00f1anza y la gesti\u00f3n institucional. Ello se traduce en la transformaci\u00f3n de la formaci\u00f3n docente superior universitaria basada en la concepci\u00f3n de que el docente es el profesional que integra en su saber espec\u00edfico el conocimiento disciplinar y el conocimiento pedag\u00f3gico, junto con valores referidos al compromiso moral, socio-pol\u00edtico e hist\u00f3rico que hacen la esencia de la tarea educativa<\/p><p>La demanda de profesores en F\u00edsica para la cobertura de cargos docentes u horas c\u00e1tedra en las Instituciones de la Jurisdicci\u00f3n que en un alto porcentaje est\u00e1 a cargo de especialistas y t\u00e9cnicos en otras \u00e1reas y\/o disciplinas, sin la necesaria formaci\u00f3n docente en la ense\u00f1anza de las ciencias y la necesidad de ajustar los t\u00edtulos que se otorgan a la normativa vigente, centrada en el dominio de una disciplina como formaci\u00f3n principal y el conocimiento b\u00e1sico de otras que conforman su misma \u00e1rea del conocimiento hacen imprescindible la actualizaci\u00f3n de los Profesorados.<\/p><\/div>\n\t\t\t\t<\/div>\n\t\t\t\t\t\t\t<div class=\"elementor-accordion-item\">\n\t\t\t\t\t<div id=\"elementor-tab-title-1882\" class=\"elementor-tab-title\" data-tab=\"2\" role=\"button\" aria-controls=\"elementor-tab-content-1882\" aria-expanded=\"false\">\n\t\t\t\t\t\t\t\t\t\t\t\t\t<span class=\"elementor-accordion-icon elementor-accordion-icon-left\" aria-hidden=\"true\">\n\t\t\t\t\t\t\t\t\t\t\t\t\t\t\t<span class=\"elementor-accordion-icon-closed\"><i class=\"fas fa-plus\"><\/i><\/span>\n\t\t\t\t\t\t\t\t<span class=\"elementor-accordion-icon-opened\"><i class=\"fas fa-minus\"><\/i><\/span>\n\t\t\t\t\t\t\t\t\t\t\t\t\t\t<\/span>\n\t\t\t\t\t\t\t\t\t\t\t\t<a class=\"elementor-accordion-title\" tabindex=\"0\">Campo Profesional<\/a>\n\t\t\t\t\t<\/div>\n\t\t\t\t\t<div id=\"elementor-tab-content-1882\" class=\"elementor-tab-content elementor-clearfix\" data-tab=\"2\" role=\"region\" aria-labelledby=\"elementor-tab-title-1882\"><p>El campo profesional para los egresados del Profesorado en F\u00edsica y Tecnolog\u00eda, comprende el ejercicio de la docencia en todos los niveles del Sistema Educativo formal y no formal, presencial y a distancia.<\/p><p>Asesoramiento pedag\u00f3gico, profesional y t\u00e9cnico en estas especialidades en instituciones educativas estatales y privadas. Guiar a las organizaciones educativas sobre las pol\u00edticas y estrategias de la ense\u00f1anza en el \u00e1rea de las Ciencias Naturales y en el espacio de Tecnolog\u00eda Planificaci\u00f3n, realizaci\u00f3n y control de la implementaci\u00f3n de proyectos educativos y de investigaci\u00f3n educativa. Organizaci\u00f3n del \u00c1rea de Ciencias Naturales en las instituciones educativas, definiendo el perfil de los recursos humanos necesarios y contribuyendo a su selecci\u00f3n y formaci\u00f3n.<\/p><p>Participaci\u00f3n en la elaboraci\u00f3n de planes y programas de formaci\u00f3n para profesionales de otras disciplinas propiciando y participando de acciones interdisciplinarias.<\/p><\/div>\n\t\t\t\t<\/div>\n\t\t\t\t\t\t\t<div class=\"elementor-accordion-item\">\n\t\t\t\t\t<div id=\"elementor-tab-title-1883\" class=\"elementor-tab-title\" data-tab=\"3\" role=\"button\" aria-controls=\"elementor-tab-content-1883\" aria-expanded=\"false\">\n\t\t\t\t\t\t\t\t\t\t\t\t\t<span class=\"elementor-accordion-icon elementor-accordion-icon-left\" aria-hidden=\"true\">\n\t\t\t\t\t\t\t\t\t\t\t\t\t\t\t<span class=\"elementor-accordion-icon-closed\"><i class=\"fas fa-plus\"><\/i><\/span>\n\t\t\t\t\t\t\t\t<span class=\"elementor-accordion-icon-opened\"><i class=\"fas fa-minus\"><\/i><\/span>\n\t\t\t\t\t\t\t\t\t\t\t\t\t\t<\/span>\n\t\t\t\t\t\t\t\t\t\t\t\t<a class=\"elementor-accordion-title\" tabindex=\"0\">Perfil del Graduado<\/a>\n\t\t\t\t\t<\/div>\n\t\t\t\t\t<div id=\"elementor-tab-content-1883\" class=\"elementor-tab-content elementor-clearfix\" data-tab=\"3\" role=\"region\" aria-labelledby=\"elementor-tab-title-1883\"><p>Un profesional con dominio de los contenidos relevantes de las Ciencias F\u00edsicas y la Tecnolog\u00eda. Un profesional que tenga comprensi\u00f3n de la realidad educativa en sus m\u00faltiples manifestaciones, de modo, que garantice la efectiva participaci\u00f3n de los docentes en los \u00e1mbitos institucionales.<\/p><p>Un profesional que pueda desarrollar investigaciones escolares e investigar su propia pr\u00e1ctica docente.<\/p><p>Un profesional que sepa de la importancia de la utilizaci\u00f3n de herramientas que lo lleven a la actualizaci\u00f3n del conocimiento tales como: publicaciones, conferencias, congresos y bibliograf\u00eda,<\/p><p>Un profesional que posea dos tipos de saberes:<\/p><ul><li>Un saber disciplinar, que integre aspectos conceptuales, procedimentales y actitudinales de las Ciencias Naturales y la Tecnolog\u00eda.<\/li><li>Un saber sobre la ense\u00f1anza y el aprendizaje de las ciencias que posibilite la planificaci\u00f3n, la conducci\u00f3n y la evaluaci\u00f3n de propuestas de ense\u00f1anza y del proceso de aprendizaje de los estudiantes.<\/li><li>Participaci\u00f3n en la elaboraci\u00f3n de planes y programas de formaci\u00f3n para profesionales de otras disciplinas propiciando y participando de acciones interdisciplinarias.<\/li><\/ul><\/div>\n\t\t\t\t<\/div>\n\t\t\t\t\t\t\t<div class=\"elementor-accordion-item\">\n\t\t\t\t\t<div id=\"elementor-tab-title-1884\" class=\"elementor-tab-title\" data-tab=\"4\" role=\"button\" aria-controls=\"elementor-tab-content-1884\" aria-expanded=\"false\">\n\t\t\t\t\t\t\t\t\t\t\t\t\t<span class=\"elementor-accordion-icon elementor-accordion-icon-left\" aria-hidden=\"true\">\n\t\t\t\t\t\t\t\t\t\t\t\t\t\t\t<span class=\"elementor-accordion-icon-closed\"><i class=\"fas fa-plus\"><\/i><\/span>\n\t\t\t\t\t\t\t\t<span class=\"elementor-accordion-icon-opened\"><i class=\"fas fa-minus\"><\/i><\/span>\n\t\t\t\t\t\t\t\t\t\t\t\t\t\t<\/span>\n\t\t\t\t\t\t\t\t\t\t\t\t<a class=\"elementor-accordion-title\" tabindex=\"0\">Alcances del T\u00edtulo<\/a>\n\t\t\t\t\t<\/div>\n\t\t\t\t\t<div id=\"elementor-tab-content-1884\" class=\"elementor-tab-content elementor-clearfix\" data-tab=\"4\" role=\"region\" aria-labelledby=\"elementor-tab-title-1884\"><p>El profesor en F\u00edsica y Tecnolog\u00eda podr\u00e1:<\/p><ul><li>Realizar la tarea docente en todos los niveles del Sistema Educativo, formal y no formal, presencial y a distancia. Desempe\u00f1ar su rol docente como una alternativa de intervenci\u00f3n pedag\u00f3gica mediante el dise\u00f1o, la puesta en pr\u00e1ctica, la evaluaci\u00f3n y la reelaboraci\u00f3n de estrategias para la formaci\u00f3n de competencias en contextos determinados a trav\u00e9s del dominio de contenidos (conceptuales, procedimentales y actitudinales).<\/li><li>Asumir actitudes de compromiso con el estilo de vida democr\u00e1tico, como corresponsable de la formaci\u00f3n del ciudadano argentino en un contexto socio-hist\u00f3rico y cultural particular. Asesorar a instituciones y\/o jurisdicciones en las reformulaciones y ajustes curriculares y en proyectos institucionales, en el \u00e1rea de su competencia. Dise\u00f1ar, ejecutar y dirigir programas de investigaci\u00f3n escolar de campo y de laboratorio.<\/li><li>Dictar cursos de actualizaci\u00f3n y perfeccionamiento docente.<\/li><li>Participar, coordinar, supervisar proyectos interdisciplinarios para afrontar la soluci\u00f3n de situaciones problem\u00e1ticas referidas a su \u00e1rea.<\/li><li>Integrar equipos interdisciplinarios a fin de desarrollar trabajos de evaluaci\u00f3n y\/o investigaci\u00f3n en la did\u00e1ctica de las Ciencias Naturales.<\/li><li>Participaci\u00f3n en la elaboraci\u00f3n de planes y programas de formaci\u00f3n para profesionales de otras disciplinas propiciando y participando de acciones interdisciplinarias<\/li><\/ul><\/div>\n\t\t\t\t<\/div>\n\t\t\t\t\t\t\t<div class=\"elementor-accordion-item\">\n\t\t\t\t\t<div id=\"elementor-tab-title-1885\" class=\"elementor-tab-title\" data-tab=\"5\" role=\"button\" aria-controls=\"elementor-tab-content-1885\" aria-expanded=\"false\">\n\t\t\t\t\t\t\t\t\t\t\t\t\t<span class=\"elementor-accordion-icon elementor-accordion-icon-left\" aria-hidden=\"true\">\n\t\t\t\t\t\t\t\t\t\t\t\t\t\t\t<span class=\"elementor-accordion-icon-closed\"><i class=\"fas fa-plus\"><\/i><\/span>\n\t\t\t\t\t\t\t\t<span class=\"elementor-accordion-icon-opened\"><i class=\"fas fa-minus\"><\/i><\/span>\n\t\t\t\t\t\t\t\t\t\t\t\t\t\t<\/span>\n\t\t\t\t\t\t\t\t\t\t\t\t<a class=\"elementor-accordion-title\" tabindex=\"0\">Plan de Estudios<\/a>\n\t\t\t\t\t<\/div>\n\t\t\t\t\t<div id=\"elementor-tab-content-1885\" class=\"elementor-tab-content elementor-clearfix\" data-tab=\"5\" role=\"region\" aria-labelledby=\"elementor-tab-title-1885\"><h4><span style=\"color: #800000;\">Primer a\u00f1o<\/span><\/h4><p><span style=\"text-decoration: underline;\">Primer cuatrimestre<\/span><\/p><ul><li>\u00c1lgebra y Geometr\u00eda Anal\u00edtica<\/li><li>C\u00e1lculo Diferencial e Integral I<\/li><li>Competencias ling\u00fc\u00edstico comunicativas<\/li><\/ul><p><span style=\"text-decoration: underline;\">Segundo cuatrimestre<\/span><\/p><ul><li>Calculo Diferencial e Integral II<\/li><li>Problem\u00e1tica filos\u00f3fica contempor\u00e1nea<\/li><li>Estad\u00edstica y An\u00e1lisis de datos<\/li><li>Geolog\u00eda<\/li><\/ul><h4><span style=\"color: #800000;\">Segundo a\u00f1o<\/span><\/h4><p><span style=\"text-decoration: underline;\">Primer cuatrimestre<\/span><\/p><ul><li>F\u00edsica Matem\u00e1tica I<\/li><li>Mec\u00e1nica cl\u00e1sica<\/li><li>Laboratorio de Mec\u00e1nica Cl\u00e1sica<\/li><li>Pedagog\u00eda<\/li><\/ul><p><span style=\"text-decoration: underline;\">Segundo cuatrimestre<\/span><\/p><ul><li>F\u00edsica Matem\u00e1tica II<\/li><li>Calor y Termodin\u00e1mica<\/li><li>Laboratorio Calor y Termodin\u00e1mica<\/li><li>Psicolog\u00eda del aprendizaje y del desarrollo<\/li><\/ul><h4><span style=\"color: #800000;\">Tercer a\u00f1o<\/span><\/h4><p><span style=\"text-decoration: underline;\">Primer cuatrimestre<\/span><\/p><ul><li>Electricidad y Magnetismo<\/li><li>Laboratorio Electricidad y Magnetismo<\/li><li>Qu\u00edmica General<\/li><\/ul><p><span style=\"text-decoration: underline;\">Segundo Cuatrimestre<\/span><\/p><ul><li>\u00d3ptica y sonido<\/li><li>Laboratorio de \u00d3ptica y Sonido<\/li><li>Did\u00e1ctica<\/li><li>Instrumentaci\u00f3n y Mediciones Electr\u00f3nicas<\/li><\/ul><h4><span style=\"color: #800000;\">Cuarto a\u00f1o<\/span><\/h4><p><span style=\"text-decoration: underline;\">Primer cuatrimestre<\/span><\/p><ul><li>F\u00edsica Experimental I<\/li><li>Astronom\u00eda<\/li><li>T\u00e9cnicas Nucleares<\/li><\/ul><p><span style=\"text-decoration: underline;\">Segundo cuatrimestre<\/span><\/p><ul><li>F\u00edsica General y Biol\u00f3gica<\/li><li>Epistemolog\u00eda y Metodolog\u00eda de la Investigaci\u00f3n<\/li><li>Taller de Tecnolog\u00eda Educativa<\/li><\/ul><p><span style=\"text-decoration: underline;\">Anual<\/span><br \/>Did\u00e1ctica de la F\u00edsica y pr\u00e1ctica de residencia<\/p><\/div>\n\t\t\t\t<\/div>\n\t\t\t\t\t\t\t\t<\/div>\n\t\t\t\t\t\t<\/div>\n\t\t\t\t<\/div>\n\t\t\t\t\t<\/div>\n\t\t<\/div>\n\t\t\t\t\t<\/div>\n\t\t<\/section>\n\t\t\t\t<section class=\"elementor-section elementor-top-section elementor-element elementor-element-e429fda elementor-section-boxed elementor-section-height-default elementor-section-height-default\" data-id=\"e429fda\" data-element_type=\"section\">\n\t\t\t\t\t\t<div class=\"elementor-container elementor-column-gap-default\">\n\t\t\t\t\t<div class=\"elementor-column elementor-col-100 elementor-top-column elementor-element elementor-element-5023255\" data-id=\"5023255\" data-element_type=\"column\">\n\t\t\t<div class=\"elementor-widget-wrap elementor-element-populated\">\n\t\t\t\t\t\t<div class=\"elementor-element elementor-element-1be8e16 elementor-widget elementor-widget-button\" data-id=\"1be8e16\" data-element_type=\"widget\" data-widget_type=\"button.default\">\n\t\t\t\t<div class=\"elementor-widget-container\">\n\t\t\t\t\t\t\t\t\t<div class=\"elementor-button-wrapper\">\n\t\t\t\t\t<a class=\"elementor-button elementor-button-link elementor-size-sm\" href=\"https:\/\/exa.unne.edu.ar\/ingresantes-web\/wp-content\/uploads\/2023\/11\/Profesorado-en-Fisica-FaCENA.pdf\" target=\"_blank\">\n\t\t\t\t\t\t<span class=\"elementor-button-content-wrapper\">\n\t\t\t\t\t\t\t\t\t<span class=\"elementor-button-text\">Descarga la informaci\u00f3n de la carrera<\/span>\n\t\t\t\t\t<\/span>\n\t\t\t\t\t<\/a>\n\t\t\t\t<\/div>\n\t\t\t\t\t\t\t\t<\/div>\n\t\t\t\t<\/div>\n\t\t\t\t\t<\/div>\n\t\t<\/div>\n\t\t\t\t\t<\/div>\n\t\t<\/section>\n\t\t\t\t<section class=\"elementor-section elementor-top-section elementor-element elementor-element-49479eb elementor-section-boxed elementor-section-height-default elementor-section-height-default\" data-id=\"49479eb\" data-element_type=\"section\">\n\t\t\t\t\t\t<div class=\"elementor-container elementor-column-gap-default\">\n\t\t\t\t\t<div class=\"elementor-column elementor-col-100 elementor-top-column elementor-element elementor-element-b29a797\" data-id=\"b29a797\" data-element_type=\"column\">\n\t\t\t<div class=\"elementor-widget-wrap elementor-element-populated\">\n\t\t\t\t\t\t<div class=\"elementor-element elementor-element-058c62e elementor-widget elementor-widget-video\" data-id=\"058c62e\" data-element_type=\"widget\" data-settings=\"{&quot;youtube_url&quot;:&quot;https:\\\/\\\/youtu.be\\\/Xsau3_g9_Z0&quot;,&quot;start&quot;:0,&quot;video_type&quot;:&quot;youtube&quot;,&quot;controls&quot;:&quot;yes&quot;}\" data-widget_type=\"video.default\">\n\t\t\t\t<div class=\"elementor-widget-container\">\n\t\t\t\t\t\t\t<div class=\"elementor-wrapper elementor-open-inline\">\n\t\t\t<div class=\"elementor-video\"><\/div>\t\t<\/div>\n\t\t\t\t\t\t<\/div>\n\t\t\t\t<\/div>\n\t\t\t\t\t<\/div>\n\t\t<\/div>\n\t\t\t\t\t<\/div>\n\t\t<\/section>\n\t\t\t\t<\/div>\n\t\t","protected":false},"excerpt":{"rendered":"<p>Directora: MSc. Marta Gabriela Stopello T\u00edtulo que otorga: Profesor en F\u00edsica &#8211; Profesora en F\u00edsica \u00a0Carga horaria: 2832 horas Duraci\u00f3n: 4 a\u00f1os Forma de contacto: ilucero@exa.unne.edu.ar &#8211; irmairene2005@yahoo.com.ar Fundamentaci\u00f3n La sanci\u00f3n e implementaci\u00f3n de la Ley Federal de Educaci\u00f3n, introdujo modificaciones estructurales del Sistema Educativo, y tambi\u00e9n en la definici\u00f3n &hellip; <\/p>\n","protected":false},"author":1,"featured_media":0,"parent":0,"menu_order":0,"comment_status":"closed","ping_status":"closed","template":"","meta":{"_monsterinsights_skip_tracking":false,"_monsterinsights_sitenote_active":false,"_monsterinsights_sitenote_note":"","_monsterinsights_sitenote_category":0,"footnotes":""},"class_list":["post-291","page","type-page","status-publish","hentry"],"_links":{"self":[{"href":"https:\/\/exa.unne.edu.ar\/ingresantes-web\/index.php\/wp-json\/wp\/v2\/pages\/291","targetHints":{"allow":["GET"]}}],"collection":[{"href":"https:\/\/exa.unne.edu.ar\/ingresantes-web\/index.php\/wp-json\/wp\/v2\/pages"}],"about":[{"href":"https:\/\/exa.unne.edu.ar\/ingresantes-web\/index.php\/wp-json\/wp\/v2\/types\/page"}],"author":[{"embeddable":true,"href":"https:\/\/exa.unne.edu.ar\/ingresantes-web\/index.php\/wp-json\/wp\/v2\/users\/1"}],"replies":[{"embeddable":true,"href":"https:\/\/exa.unne.edu.ar\/ingresantes-web\/index.php\/wp-json\/wp\/v2\/comments?post=291"}],"version-history":[{"count":19,"href":"https:\/\/exa.unne.edu.ar\/ingresantes-web\/index.php\/wp-json\/wp\/v2\/pages\/291\/revisions"}],"predecessor-version":[{"id":1827,"href":"https:\/\/exa.unne.edu.ar\/ingresantes-web\/index.php\/wp-json\/wp\/v2\/pages\/291\/revisions\/1827"}],"wp:attachment":[{"href":"https:\/\/exa.unne.edu.ar\/ingresantes-web\/index.php\/wp-json\/wp\/v2\/media?parent=291"}],"curies":[{"name":"wp","href":"https:\/\/api.w.org\/{rel}","templated":true}]}}