{"id":2398,"date":"2025-08-14T18:26:02","date_gmt":"2025-08-14T18:26:02","guid":{"rendered":"https:\/\/exa.unne.edu.ar\/ingresantes-web\/?page_id=2398"},"modified":"2026-02-11T19:17:58","modified_gmt":"2026-02-11T19:17:58","slug":"inscripcion-al-curso-de-ambientacion-ingreso-2026","status":"publish","type":"page","link":"https:\/\/exa.unne.edu.ar\/ingresantes-web\/index.php\/inscripcion-al-curso-de-ambientacion-ingreso-2026\/","title":{"rendered":"Curso de Ambientaci\u00f3n &#8211; Ingreso 2026"},"content":{"rendered":"\n<p>El Curso de Ambientaci\u00f3n est\u00e1 destinado para los<strong>&nbsp;aspirantes 2026&nbsp;<\/strong>a carreras de la Facultad de Ciencias Exactas y Naturales y Agrimensura de la UNNE.<\/p>\n\n\n\n<p>Mir\u00e1 la clase de bienvenida <a href=\"https:\/\/youtu.be\/YpfzILimSo8\">haciendo click aqu\u00ed<\/a><\/p>\n\n\n\n<p>El mismo contar\u00e1 con tres m\u00f3dulos comunes a todas las carreras de FaCENA (M\u00f3dulos: \u00abMatem\u00e1tica\u00bb, \u00abLectura y Comprensi\u00f3n de Textos\u00bb y, \u00abCompetencias Digitales\u00bb) y dos M\u00f3dulos complementarios para algunas de las carreras&nbsp; (M\u00f3dulos:&nbsp;\u201cInstrumentos de F\u00edsica\u201d, para la Licenciatura y Profesorado en Cs. F\u00edsicas y las ingenier\u00edas El\u00e9ctrica, en Electr\u00f3nica y Agrimensura, y&nbsp;\u201cConceptos b\u00e1sicos de programaci\u00f3n\u201d&nbsp;para la Licenciatura en Sistemas de Informaci\u00f3n).<\/p>\n\n\n\n<p>Adem\u00e1s se brindar\u00e1n charlas y actividades a cargo del Gabinete Psicopedag\u00f3gico y la Secretar\u00eda de Asuntos Estudiantiles.<\/p>\n\n\n\n<p><\/p>\n\n\n\n<p><em><strong>El cursado del Curso de Ambientaci\u00f3n iniciar\u00e1 el 4 de febrero. <\/strong><\/em><\/p>\n\n\n\n<p><a href=\"https:\/\/exa.unne.edu.ar\/ingresantes-web\/wp-content\/uploads\/2025\/11\/RES.-2025-2214-D-EXA.pdf\">Resoluci\u00f3n de dictado<\/a><\/p>\n\n\n\n<h2 class=\"wp-block-heading\"><strong>Modalidad de cursado<\/strong><\/h2>\n\n\n\n<p><strong><em>M\u00f3dulo Matem\u00e1tica<\/em><\/strong><\/p>\n\n\n\n<p><em>Modalidad presencial: <\/em>El horario ser\u00e1 designado seg\u00fan grupos distribuidos alfab\u00e9ticamente.  <\/p>\n\n\n\n<p><em><strong><mark style=\"background-color:rgba(0, 0, 0, 0)\" class=\"has-inline-color has-vivid-cyan-blue-color\">Distribuci\u00f3n de grupos del m\u00f3dulo de matem\u00e1tica<\/mark><\/strong><\/em><\/p>\n\n\n\n<p><strong>8 a 10 h<\/strong><\/p>\n\n\n\n<ul class=\"wp-block-list\">\n<li>Comisi\u00f3n A: Paula Bord\u00f3n &#8211; Aula Magna<\/li>\n\n\n\n<li>Comisi\u00f3n B: Micaela Navarro &#8211; Sal\u00f3n A<\/li>\n\n\n\n<li>Comisi\u00f3n C: Roc\u00edo Azcona &#8211; Sal\u00f3n B<\/li>\n<\/ul>\n\n\n\n<p><strong>10 h <\/strong>&#8211; Comisi\u00f3n ALFA (Alumnos de F\u00edsica e Ingenier\u00edas) &#8211; Salon E a cargo de Alba Ramos<\/p>\n\n\n\n<p><strong>10:30 a 12:30 h<\/strong><\/p>\n\n\n\n<ul class=\"wp-block-list\">\n<li>Comisi\u00f3n D: Gabriela Ferrarini &#8211; Aula Magna<\/li>\n\n\n\n<li>Comisi\u00f3n E: Lorena Centuri\u00f3n &#8211; Sal\u00f3n A<\/li>\n\n\n\n<li>Comisi\u00f3n F: Agustina Quincose &#8211; Sal\u00f3n B<\/li>\n<\/ul>\n\n\n\n<p><strong>14 a 16 h<\/strong><\/p>\n\n\n\n<ul class=\"wp-block-list\">\n<li>Comisi\u00f3n G: Paola Barrios &#8211; Aula Magna<\/li>\n\n\n\n<li>Comisi\u00f3n H: Emilia Reyes &#8211; Sal\u00f3n A<\/li>\n\n\n\n<li>Comisi\u00f3n I: Karen Dileo &#8211; Florencia Rabossi &#8211; Sal\u00f3n B<\/li>\n<\/ul>\n\n\n\n<p><strong>16:30 a 18:30 h<\/strong><\/p>\n\n\n\n<ul class=\"wp-block-list\">\n<li>Comisi\u00f3n J: Lujan Ana Laura &#8211; Aula Magna<\/li>\n\n\n\n<li>Comisi\u00f3n K: Miguel Lugo &#8211; Sal\u00f3n A<\/li>\n\n\n\n<li>Comisi\u00f3n L: Vanesa Clementin &#8211; Sal\u00f3n E<\/li>\n<\/ul>\n\n\n\n<p><em><mark style=\"background-color:rgba(0, 0, 0, 0)\" class=\"has-inline-color has-vivid-cyan-blue-color\"><strong>Consulta tu comisi\u00f3n <a href=\"https:\/\/docs.google.com\/spreadsheets\/d\/1t2WxFll1YKbphk0l9O9zNoJtxUGMFPTuVzvyf8KHpII\/edit?gid=0#gid=0\">haciendo click aqu\u00ed<\/a><\/strong><\/mark><\/em><\/p>\n\n\n\n<p><strong>Ubicaci\u00f3n de las aulas<\/strong><\/p>\n\n\n\n<ul class=\"wp-block-list\">\n<li>Edificio F\u00edsica: Aula Magna. <a href=\"https:\/\/exa.unne.edu.ar\/ingresantes-web\/wp-content\/uploads\/2026\/02\/Edificio-B-Planta-Baja.pdf\">Click aqu\u00ed<\/a><\/li>\n\n\n\n<li>Edificio de Ingenier\u00eda: Aula A, Aula B y Aula E (planta alta). <a href=\"https:\/\/exa.unne.edu.ar\/ingresantes-web\/wp-content\/uploads\/2026\/02\/Edif.Ingenieria.pdf\">Click aqu\u00ed<\/a><\/li>\n<\/ul>\n\n\n\n<hr class=\"wp-block-separator has-alpha-channel-opacity\"\/>\n\n\n\n<p><strong><em>M\u00f3dulos \u00abLectura y Comprensi\u00f3n de Textos\u00bb y \u00abCompetencias Digitales\u00bb<\/em><\/strong><\/p>\n\n\n\n<p>Estos m\u00f3dulos ser\u00e1n autogestionados a trav\u00e9s del aula Moodle (la instituci\u00f3n los matricula una vez cerrada la inscripci\u00f3n).<\/p>\n\n\n\n<hr class=\"wp-block-separator has-alpha-channel-opacity\"\/>\n\n\n\n<p><strong><em>M\u00f3dulos complementarios:<\/em><\/strong><\/p>\n\n\n\n<p>Para los M\u00f3dulos Complementarios se realizar\u00e1n encuentros sincr\u00f3nicos los d\u00edas s\u00e1bados cada quince d\u00edas. Una vez comenzado el curso se les notificar\u00e1n los cronogramas respectivos.<\/p>\n\n\n\n<p><em><strong>Fundamentos de F\u00edsica (Solo para el profesorado en F\u00edsica, Licenciatura en F\u00edsica e Ingenier\u00edas)<\/strong><\/em><\/p>\n\n\n\n<p>Grupo L actividades complementarias una hora m\u00e1s, despu\u00e9s del M\u00f3dulo Matem\u00e1tica.<\/p>\n\n\n\n<p>&#8211;<\/p>\n\n\n\n<p><em><strong>Conceptos B\u00e1sicos de Programaci\u00f3n (Solo para la Licenciatura en Sistemas de Informaci\u00f3n)<\/strong><\/em><\/p>\n\n\n\n<p>Modalidad virtual sincr\u00f3nica mediante aula Zoom. <a href=\"https:\/\/exa.unne.edu.ar\/ingresantes-web\/wp-content\/uploads\/2026\/02\/Modulo-Programacion-Grupos-y-Horarios.pdf\">Enlaces al Zoom haciendo click aqu\u00ed<\/a><\/p>\n\n\n\n<p><a href=\"https:\/\/exa.unne.edu.ar\/ingresantes-web\/wp-content\/uploads\/2026\/02\/Modulo-Conceptos-basicos-de-Programacion-2026.pdf\">Descarg\u00e1 toda la informaci\u00f3n sobre este m\u00f3dulo aqu\u00ed<\/a><\/p>\n\n\n\n<hr class=\"wp-block-separator has-alpha-channel-opacity\"\/>\n\n\n\n<h2 class=\"wp-block-heading\"><strong>Cronograma<\/strong><\/h2>\n\n\n\n<figure class=\"wp-block-image size-full is-resized\"><img fetchpriority=\"high\" decoding=\"async\" width=\"651\" height=\"375\" src=\"https:\/\/exa.unne.edu.ar\/ingresantes-web\/wp-content\/uploads\/2025\/11\/image.png\" alt=\"\" class=\"wp-image-2479\" style=\"width:646px;height:auto\" srcset=\"https:\/\/exa.unne.edu.ar\/ingresantes-web\/wp-content\/uploads\/2025\/11\/image.png 651w, https:\/\/exa.unne.edu.ar\/ingresantes-web\/wp-content\/uploads\/2025\/11\/image-300x173.png 300w\" sizes=\"(max-width: 651px) 100vw, 651px\" \/><\/figure>\n\n\n\n<figure class=\"wp-block-image size-full\"><img decoding=\"async\" width=\"644\" height=\"799\" src=\"https:\/\/exa.unne.edu.ar\/ingresantes-web\/wp-content\/uploads\/2025\/11\/image-1.png\" alt=\"\" class=\"wp-image-2480\" srcset=\"https:\/\/exa.unne.edu.ar\/ingresantes-web\/wp-content\/uploads\/2025\/11\/image-1.png 644w, https:\/\/exa.unne.edu.ar\/ingresantes-web\/wp-content\/uploads\/2025\/11\/image-1-242x300.png 242w\" sizes=\"(max-width: 644px) 100vw, 644px\" \/><\/figure>\n\n\n\n<figure class=\"wp-block-image size-full\"><img decoding=\"async\" width=\"635\" height=\"640\" src=\"https:\/\/exa.unne.edu.ar\/ingresantes-web\/wp-content\/uploads\/2025\/11\/image-2.png\" alt=\"\" class=\"wp-image-2481\" srcset=\"https:\/\/exa.unne.edu.ar\/ingresantes-web\/wp-content\/uploads\/2025\/11\/image-2.png 635w, https:\/\/exa.unne.edu.ar\/ingresantes-web\/wp-content\/uploads\/2025\/11\/image-2-298x300.png 298w, https:\/\/exa.unne.edu.ar\/ingresantes-web\/wp-content\/uploads\/2025\/11\/image-2-150x150.png 150w\" sizes=\"(max-width: 635px) 100vw, 635px\" \/><\/figure>\n\n\n\n<h2 class=\"wp-block-heading\">Informaci\u00f3n importante<\/h2>\n\n\n\n<p><\/p>\n\n\n\n<p><strong>\u00bfCu\u00e1ndo son las inscripciones y cu\u00e1les son los requisitos?<\/strong><\/p>\n\n\n\n<p>Las inscripciones inician el 10 de noviembre, conoc\u00e9 toda la<a href=\"https:\/\/exa.unne.edu.ar\/ingresantes-web\/index.php\/inscripciones\"> informaci\u00f3n haciendo click aqu\u00ed<\/a><\/p>\n\n\n\n<p><a><strong><mark style=\"background-color:rgba(0, 0, 0, 0)\" class=\"has-inline-color has-black-color\">Si me inscribo al cursillo de ingreso \u00bfYa estoy inscripto\/a en la carrera?<\/mark><\/strong><\/a><\/p>\n\n\n\n<p>No, la inscripci\u00f3n, cursada y aprobaci\u00f3n del cursillo de ingreso no te convierte autom\u00e1ticamente en alumno\/a de la carrera que elegiste. Para inscribirte, deber\u00e1s seguir los pasos y las reglas determinadas por las UNNE una vez que abran las inscripciones.<\/p>\n\n\n\n<p><\/p>\n\n\n\n<p><\/p>\n","protected":false},"excerpt":{"rendered":"<p>El Curso de Ambientaci\u00f3n est\u00e1 destinado para los&nbsp;aspirantes 2026&nbsp;a carreras de la Facultad de Ciencias Exactas y Naturales y Agrimensura de la UNNE. Mir\u00e1 la clase de bienvenida haciendo click aqu\u00ed El mismo contar\u00e1 con tres m\u00f3dulos comunes a todas las carreras de FaCENA (M\u00f3dulos: \u00abMatem\u00e1tica\u00bb, \u00abLectura y Comprensi\u00f3n de &hellip; <\/p>\n","protected":false},"author":1,"featured_media":0,"parent":0,"menu_order":0,"comment_status":"closed","ping_status":"closed","template":"","meta":{"_monsterinsights_skip_tracking":false,"_monsterinsights_sitenote_active":false,"_monsterinsights_sitenote_note":"","_monsterinsights_sitenote_category":0,"footnotes":""},"class_list":["post-2398","page","type-page","status-publish","hentry"],"_links":{"self":[{"href":"https:\/\/exa.unne.edu.ar\/ingresantes-web\/index.php\/wp-json\/wp\/v2\/pages\/2398","targetHints":{"allow":["GET"]}}],"collection":[{"href":"https:\/\/exa.unne.edu.ar\/ingresantes-web\/index.php\/wp-json\/wp\/v2\/pages"}],"about":[{"href":"https:\/\/exa.unne.edu.ar\/ingresantes-web\/index.php\/wp-json\/wp\/v2\/types\/page"}],"author":[{"embeddable":true,"href":"https:\/\/exa.unne.edu.ar\/ingresantes-web\/index.php\/wp-json\/wp\/v2\/users\/1"}],"replies":[{"embeddable":true,"href":"https:\/\/exa.unne.edu.ar\/ingresantes-web\/index.php\/wp-json\/wp\/v2\/comments?post=2398"}],"version-history":[{"count":32,"href":"https:\/\/exa.unne.edu.ar\/ingresantes-web\/index.php\/wp-json\/wp\/v2\/pages\/2398\/revisions"}],"predecessor-version":[{"id":2517,"href":"https:\/\/exa.unne.edu.ar\/ingresantes-web\/index.php\/wp-json\/wp\/v2\/pages\/2398\/revisions\/2517"}],"wp:attachment":[{"href":"https:\/\/exa.unne.edu.ar\/ingresantes-web\/index.php\/wp-json\/wp\/v2\/media?parent=2398"}],"curies":[{"name":"wp","href":"https:\/\/api.w.org\/{rel}","templated":true}]}}