{"id":50,"date":"2021-02-10T11:46:54","date_gmt":"2021-02-10T11:46:54","guid":{"rendered":"http:\/\/facenavirtual.com.ar\/inicio\/?page_id=50"},"modified":"2022-05-30T14:45:58","modified_gmt":"2022-05-30T14:45:58","slug":"epistemologia-y-metodologia-de-la-investigacion","status":"publish","type":"page","link":"https:\/\/exa.unne.edu.ar\/facena-virtual\/index.php\/epistemologia-y-metodologia-de-la-investigacion\/","title":{"rendered":"Epistemolog\u00eda y Metodolog\u00eda de la Investigaci\u00f3n"},"content":{"rendered":"\n<p><strong><em><span class=\"has-inline-color has-vivid-red-color\">Tipo de oferta: <\/span>&nbsp;<\/em><\/strong>Curso de posgrado<\/p>\n\n\n\n<p><strong><em><span class=\"has-inline-color has-vivid-red-color\">Resoluci\u00f3n<\/span><\/em><\/strong> N\u00b0 274\/22 CD&nbsp;<\/p>\n\n\n\n<p><strong><em><span class=\"has-inline-color has-vivid-red-color\">Modalidad:&nbsp; <\/span><\/em><\/strong>Virtual&nbsp;<\/p>\n\n\n\n<p><strong><em><span class=\"has-inline-color has-vivid-red-color\">Destinatarios: <\/span><\/em><\/strong>El Curso est\u00e1 destinado a profesionales universitarios que act\u00faan en el campo de la investigaci\u00f3n cient\u00edfica y, especialmente graduados que se encuentran realizando una carrera de posgrado. Personas con t\u00edtulo de grado. Para realizar el curso se requieren habilidades b\u00e1sicas de manejo de herramientas inform\u00e1ticas y acceso a internet.<\/p>\n\n\n\n<p><span><span class=\"has-inline-color has-vivid-red-color\" style=\"\"><i style=\"font-weight: bold;\">Equipo Docentes:<\/i><\/span><i style=\"font-weight: bold;\"> <\/i><\/span><\/p>\n\n\n\n<ul class=\"wp-block-list\"><li>Docente Dictante:<em><strong> <\/strong><\/em>Dra. Mar\u00eda del Socorro Foio<\/li><li>Docente tutor:&nbsp; Lic. Lucas Oviedo<\/li><\/ul>\n\n\n\n<p><strong><em><span class=\"has-inline-color has-vivid-red-color\">Inscripci\u00f3n:<\/span> &nbsp;&nbsp;<\/em><\/strong>abierta<\/p>\n\n\n\n<p><strong><em><span class=\"has-inline-color has-vivid-red-color\">Fecha de Inicio:<\/span> <\/em><\/strong>17 de agosto de 2022<\/p>\n\n\n\n<p><strong><em><span class=\"has-inline-color has-vivid-red-color\">Carga horaria: <\/span><\/em><\/strong>60 horas &nbsp;<\/p>\n\n\n\n<p><strong><em><span class=\"has-inline-color has-vivid-red-color\">Cupo:<\/span><\/em><\/strong><\/p>\n\n\n\n<p>M\u00e1ximo: 60 cursantes<\/p>\n\n\n\n<p>M\u00ednimo: 20 cursantes<\/p>\n\n\n\n<p><strong><em><span class=\"has-inline-color has-vivid-red-color\">Prei<span>nscripci\u00f3n:<\/span><\/span><\/em><\/strong><span><em style=\"font-weight: bold;\"> &nbsp;&nbsp;<\/em><\/span>desde el 20 de mayo hasta el 25 de julio del 2022<\/p>\n\n\n\n<p><strong><em><span class=\"has-inline-color has-vivid-red-color\">Car\u00e1cter:<\/span> &nbsp;&nbsp;<\/em><\/strong>Arancelada &#8211; Un pago de $8.000 o dos pagos de $4000<\/p>\n\n\n\n<p><strong><em><span class=\"has-inline-color has-vivid-red-color\">Contacto para consultas: <\/span><\/em><\/strong><br>Lic. Angel Barrios Ru\u00edz &#8211; <a href=\"mailto:sip.cursos@comunidad.unne.edu.ar\">sip.cursos@comunidad.unne.edu.ar<\/a><\/p>\n\n\n\n<p><\/p>\n\n\n\n<p><strong><em><span class=\"has-inline-color has-vivid-red-color\">Documentos de inter\u00e9s:<\/span><\/em><\/strong><\/p>\n\n\n\n<div class=\"wp-block-file\"><a href=\"https:\/\/exa.unne.edu.ar\/facena-virtual\/wp-content\/uploads\/2022\/05\/Curso-de-Epistemologia-y-Metodologia-de-la-Investigaci\u00f3n-FACENA-2022.pdf\">M\u00e1s informaci\u00f3n del curso<\/a><a href=\"https:\/\/exa.unne.edu.ar\/facena-virtual\/wp-content\/uploads\/2022\/05\/Curso-de-Epistemologia-y-Metodologia-de-la-Investigaci\u00f3n-FACENA-2022.pdf\" class=\"wp-block-file__button\" download>Descarga<\/a><\/div>\n\n\n\n<div class=\"wp-block-file\"><a href=\"https:\/\/exa.unne.edu.ar\/facena-virtual\/wp-content\/uploads\/2022\/05\/Cronograma-Curso-posgrado-Ep-y-Met-Inv-2022.pdf\">Cronograma del curso<\/a><a href=\"https:\/\/exa.unne.edu.ar\/facena-virtual\/wp-content\/uploads\/2022\/05\/Cronograma-Curso-posgrado-Ep-y-Met-Inv-2022.pdf\" class=\"wp-block-file__button\" download>Descarga<\/a><\/div>\n\n\n\n<div class=\"wp-block-file\"><a href=\"https:\/\/exa.unne.edu.ar\/facena-virtual\/wp-content\/uploads\/2022\/05\/Equipo-Docente-EYMI.pdf\">Equipo docente<\/a><a href=\"https:\/\/exa.unne.edu.ar\/facena-virtual\/wp-content\/uploads\/2022\/05\/Equipo-Docente-EYMI.pdf\" class=\"wp-block-file__button\" download>Descarga<\/a><\/div>\n\n\n\n<div class=\"wp-block-file\"><a href=\"https:\/\/exa.unne.edu.ar\/facena-virtual\/wp-content\/uploads\/2022\/05\/Resol.-N\u00b0-0274-22-CD-Epistemolog\u00eda-y-Metodolog\u00eda-2022_compressed.pdf\">Resol. N\u00b0 274-22 CD <\/a><a href=\"https:\/\/exa.unne.edu.ar\/facena-virtual\/wp-content\/uploads\/2022\/05\/Resol.-N\u00b0-0274-22-CD-Epistemolog\u00eda-y-Metodolog\u00eda-2022_compressed.pdf\" class=\"wp-block-file__button\" download>Descarga<\/a><\/div>\n\n\n\n<p><\/p>\n","protected":false},"excerpt":{"rendered":"<p>Tipo de oferta: &nbsp;Curso de posgrado Resoluci\u00f3n N\u00b0 274\/22 CD&nbsp; Modalidad:&nbsp; Virtual&nbsp; Destinatarios: El Curso est\u00e1 destinado a profesionales universitarios que act\u00faan en el campo de la investigaci\u00f3n cient\u00edfica y, especialmente graduados que se encuentran realizando una carrera de posgrado. Personas con t\u00edtulo de grado. Para realizar el curso se requieren habilidades b\u00e1sicas de manejo &hellip; <\/p>\n","protected":false},"author":1,"featured_media":0,"parent":0,"menu_order":0,"comment_status":"closed","ping_status":"closed","template":"","meta":{"_monsterinsights_skip_tracking":false,"_monsterinsights_sitenote_active":false,"_monsterinsights_sitenote_note":"","_monsterinsights_sitenote_category":0,"footnotes":""},"class_list":["post-50","page","type-page","status-publish","hentry"],"_links":{"self":[{"href":"https:\/\/exa.unne.edu.ar\/facena-virtual\/index.php\/wp-json\/wp\/v2\/pages\/50","targetHints":{"allow":["GET"]}}],"collection":[{"href":"https:\/\/exa.unne.edu.ar\/facena-virtual\/index.php\/wp-json\/wp\/v2\/pages"}],"about":[{"href":"https:\/\/exa.unne.edu.ar\/facena-virtual\/index.php\/wp-json\/wp\/v2\/types\/page"}],"author":[{"embeddable":true,"href":"https:\/\/exa.unne.edu.ar\/facena-virtual\/index.php\/wp-json\/wp\/v2\/users\/1"}],"replies":[{"embeddable":true,"href":"https:\/\/exa.unne.edu.ar\/facena-virtual\/index.php\/wp-json\/wp\/v2\/comments?post=50"}],"version-history":[{"count":6,"href":"https:\/\/exa.unne.edu.ar\/facena-virtual\/index.php\/wp-json\/wp\/v2\/pages\/50\/revisions"}],"predecessor-version":[{"id":943,"href":"https:\/\/exa.unne.edu.ar\/facena-virtual\/index.php\/wp-json\/wp\/v2\/pages\/50\/revisions\/943"}],"wp:attachment":[{"href":"https:\/\/exa.unne.edu.ar\/facena-virtual\/index.php\/wp-json\/wp\/v2\/media?parent=50"}],"curies":[{"name":"wp","href":"https:\/\/api.w.org\/{rel}","templated":true}]}}