{"id":495,"date":"2021-04-09T00:08:29","date_gmt":"2021-04-09T00:08:29","guid":{"rendered":"http:\/\/facenavirtual.com.ar\/inicio\/?page_id=495"},"modified":"2021-04-09T00:08:29","modified_gmt":"2021-04-09T00:08:29","slug":"impresion-3d-tecnologias-y-herramientas","status":"publish","type":"page","link":"https:\/\/exa.unne.edu.ar\/facena-virtual\/index.php\/impresion-3d-tecnologias-y-herramientas\/","title":{"rendered":"Impresi\u00f3n 3D: Tecnolog\u00edas y Herramientas"},"content":{"rendered":"\n<p><strong><em><span class=\"has-inline-color has-vivid-red-color\">Tipo de oferta: <\/span><\/em><\/strong>Curso de actualizaci\u00f3n<\/p>\n\n\n\n<p><strong><em><span class=\"has-inline-color has-vivid-red-color\">Modalidad:&nbsp;<\/span> <\/em><\/strong>Virtual con instancias sincr\u00f3nicas y asincr\u00f3nicas.<\/p>\n\n\n\n<p><strong><em><span class=\"has-inline-color has-vivid-red-color\">Destinatarios<\/span><\/em><\/strong><span class=\"has-inline-color has-vivid-red-color\">:<\/span> Emprendedores, alumnos y profesionales de inform\u00e1tica, dise\u00f1o o arquitectura. Es indispensable que los interesados en participar posean conocimientos b\u00e1sicos en el manejo de herramientas inform\u00e1ticas.<\/p>\n\n\n\n<p><span class=\"has-inline-color has-vivid-red-color\"><strong><em>Docentes Dictantes<\/em><\/strong>:<\/span><\/p>\n\n\n\n<ul class=\"wp-block-list\"><li>Dr. Emanuel Irraz\u00e1bal<\/li><li>David Arturo Rampoldi<\/li><\/ul>\n\n\n\n<p><strong><em><span class=\"has-inline-color has-vivid-red-color\">Fecha de Inicio:<\/span><\/em><\/strong> 22 de abril de 2021.<\/p>\n\n\n\n<p><span class=\"has-inline-color has-vivid-red-color\"><strong><em>Duraci\u00f3n o carga horaria<\/em><\/strong>: <\/span>40 horas \u2013 6 semanas<\/p>\n\n\n\n<p><strong><em><span class=\"has-inline-color has-vivid-red-color\">Car\u00e1cter:&nbsp;<\/span> <\/em><\/strong>Arancelada<\/p>\n\n\n\n<ul class=\"wp-block-list\"><li>Arancel \u00fanico de $2.000 (pesos dos mil)<\/li><li>Comunidad FACENA (docentes, no docentes, estudiantes y graduados): $1.700 (pesos mil)<\/li><\/ul>\n\n\n\n<p><strong><em><span class=\"has-inline-color has-vivid-red-color\">Certificaci\u00f3n que otorga:<\/span> <\/em><\/strong>certificado de aprobaci\u00f3n.<\/p>\n\n\n\n<p><strong><em><span class=\"has-inline-color has-vivid-red-color\">Objetivos:<\/span><\/em><\/strong><\/p>\n\n\n\n<ul class=\"wp-block-list\"><li>Entender los conceptos te\u00f3ricos y pr\u00e1cticos iniciales de la impresi\u00f3n 3D.<\/li><li>Conocer las tecnolog\u00edas actuales en el mercado y pueda analizar su adquisici\u00f3n y uso.<\/li><li>Evaluar los dise\u00f1os para la ejecuci\u00f3n de una impresi\u00f3n 3D.<\/li><li>Dise\u00f1ar y realizar una impresi\u00f3n 3D.<br><\/li><\/ul>\n\n\n\n<p><span class=\"has-inline-color has-vivid-red-color\"><strong><em>Formulario<\/em><\/strong><em> <strong>de pre-inscripci\u00f3n<\/strong><\/em>:<\/span> <a href=\"https:\/\/cutt.ly\/TcCWxLQ\">https:\/\/cutt.ly\/SlCpHc0<\/a><\/p>\n\n\n\n<p><strong><em><span class=\"has-inline-color has-vivid-red-color\">M\u00e1s informaci\u00f3n:<\/span><\/em><\/strong> <a href=\"https:\/\/bit.ly\/3fJiH9O\">https:\/\/bit.ly\/3fJiH9O<\/a><\/p>\n\n\n\n<p><strong><span class=\"has-inline-color has-vivid-red-color\"><em>Contacto para consultas<\/em>: <\/span><\/strong>extension.facena@gmail.com<\/p>\n","protected":false},"excerpt":{"rendered":"<p>Tipo de oferta: Curso de actualizaci\u00f3n Modalidad:&nbsp; Virtual con instancias sincr\u00f3nicas y asincr\u00f3nicas. Destinatarios: Emprendedores, alumnos y profesionales de inform\u00e1tica, dise\u00f1o o arquitectura. Es indispensable que los interesados en participar posean conocimientos b\u00e1sicos en el manejo de herramientas inform\u00e1ticas. Docentes Dictantes: Dr. Emanuel Irraz\u00e1bal David Arturo Rampoldi Fecha de Inicio: 22 de abril de 2021. &hellip; <\/p>\n","protected":false},"author":1,"featured_media":0,"parent":0,"menu_order":0,"comment_status":"closed","ping_status":"closed","template":"","meta":{"_monsterinsights_skip_tracking":false,"_monsterinsights_sitenote_active":false,"_monsterinsights_sitenote_note":"","_monsterinsights_sitenote_category":0,"footnotes":""},"class_list":["post-495","page","type-page","status-publish","hentry"],"_links":{"self":[{"href":"https:\/\/exa.unne.edu.ar\/facena-virtual\/index.php\/wp-json\/wp\/v2\/pages\/495","targetHints":{"allow":["GET"]}}],"collection":[{"href":"https:\/\/exa.unne.edu.ar\/facena-virtual\/index.php\/wp-json\/wp\/v2\/pages"}],"about":[{"href":"https:\/\/exa.unne.edu.ar\/facena-virtual\/index.php\/wp-json\/wp\/v2\/types\/page"}],"author":[{"embeddable":true,"href":"https:\/\/exa.unne.edu.ar\/facena-virtual\/index.php\/wp-json\/wp\/v2\/users\/1"}],"replies":[{"embeddable":true,"href":"https:\/\/exa.unne.edu.ar\/facena-virtual\/index.php\/wp-json\/wp\/v2\/comments?post=495"}],"version-history":[{"count":0,"href":"https:\/\/exa.unne.edu.ar\/facena-virtual\/index.php\/wp-json\/wp\/v2\/pages\/495\/revisions"}],"wp:attachment":[{"href":"https:\/\/exa.unne.edu.ar\/facena-virtual\/index.php\/wp-json\/wp\/v2\/media?parent=495"}],"curies":[{"name":"wp","href":"https:\/\/api.w.org\/{rel}","templated":true}]}}