{"id":46,"date":"2021-02-10T11:46:29","date_gmt":"2021-02-10T11:46:29","guid":{"rendered":"http:\/\/facenavirtual.com.ar\/inicio\/?page_id=46"},"modified":"2022-04-08T22:43:06","modified_gmt":"2022-04-08T22:43:06","slug":"diplomatura-en-hemostasia","status":"publish","type":"page","link":"https:\/\/exa.unne.edu.ar\/facena-virtual\/index.php\/diplomatura-en-hemostasia\/","title":{"rendered":"Diplomatura en Hemostasia"},"content":{"rendered":"\n<p><strong><em><span class=\"has-inline-color has-vivid-red-color\">Tipo de oferta: <\/span><\/em><\/strong>Trayecto formativo de posgrado<\/p>\n\n\n\n<p><strong><em><span class=\"has-inline-color has-vivid-red-color\">Modalidad:<\/span>&nbsp; <\/em><\/strong>Virtual &nbsp;<\/p>\n\n\n\n<p><strong><em><span class=\"has-inline-color has-vivid-red-color\">Destinatarios<\/span><\/em><\/strong><\/p>\n\n\n\n<p>Formaci\u00f3n acad\u00e9mica de grado en Bioqu\u00edmica, o afines si fuesen postulantes del extranjero, con carrera de grado de no menos de 4 a\u00f1os de duraci\u00f3n, pertenecientes a Ciencias de la Salud.<\/p>\n\n\n\n<p>Es indispensable que los interesados en participar de la Diplomatura con modalidad a distancia posean conocimientos b\u00e1sicos en el manejo de herramientas inform\u00e1ticas.<\/p>\n\n\n\n<p><strong><em><span class=\"has-inline-color has-vivid-red-color\">Docentes Dictantes<\/span><\/em><\/strong><\/p>\n\n\n\n<ul class=\"wp-block-list\"><li>Direcci\u00f3n: Bqca. Esp. Claudia Patricia Serrano<\/li><li>Docentes Dictantes<ul><li>Dr. Gonzalo Adri\u00e1n Ojeda<\/li><li>Bioq. Esp. Claudia Patricia Serrano<\/li><li>Bioq. Esp. Anal\u00eda Alejandra Fern\u00e1ndez<\/li><li>Bioq. Esp. Rina Marina Tejada de Mart\u00ednez<\/li><li>Bioq. Sof\u00eda Patricia Langton<\/li><li>Bioq. Esp. Yolanda Patricia Adamczuk<\/li><li>Bioq. Esp. Marta Elba Martinuzzo<\/li><\/ul><\/li><\/ul>\n\n\n\n<p><strong><em><span class=\"has-inline-color has-vivid-red-color\">Inscripci\u00f3n: <\/span><\/em><\/strong><em>Abierta hasta <\/em>19 de marzo de 2021.<\/p>\n\n\n\n<p><span class=\"has-inline-color has-vivid-red-color\"><strong><em>Fecha de Inicio:<\/em><\/strong> <\/span>7 de junio de 2022<\/p>\n\n\n\n<p><strong><em><span class=\"has-inline-color has-vivid-red-color\">Preinscripci\u00f3n:<\/span><\/em><\/strong> <\/p>\n\n\n\n<p>Formulario de pre-inscripci\u00f3n: <strong><a href=\"https:\/\/docs.google.com\/forms\/d\/e\/1FAIpQLSc6Q6O234hhsO3-0KP35whb75PGW0cFnVItpM-6d-l5ijf3rw\/viewform\">shorturl.at\/dtxG0<\/a><\/strong><\/p>\n\n\n\n<p><strong>Hasta el 31 de mayo inscripci\u00f3n definitiva hasta el 6 de junio<\/strong><\/p>\n\n\n\n<p>Para la evaluaci\u00f3n de la postulaci\u00f3n por parte del Comit\u00e9 Asesordeber\u00e1 adjuntar la siguiente documentaci\u00f3n en versi\u00f3n digital al mismo formulario de inscripci\u00f3n: &nbsp;<strong><\/strong><\/p>\n\n\n\n<ol class=\"wp-block-list\" type=\"1\"><li>Copia digital de t\u00edtulo de grado o constancia de t\u00edtulo en tr\u00e1mite.<\/li><li>Copia digital del DNI o pasaporte.<\/li><li>Curr\u00edculum Vitae actualizado<\/li><\/ol>\n\n\n\n<p><strong><em><span class=\"has-inline-color has-vivid-red-color\">Cierre de Inscripci\u00f3n definitiva:<\/span> <\/em><\/strong>6 de junio de 2022\u00a0 <\/p>\n\n\n\n<p><strong><em><span class=\"has-inline-color has-vivid-red-color\">Duraci\u00f3n o carga horaria: <\/span><\/em><\/strong> 150 horas \u2013 6 meses<\/p>\n\n\n\n<p><strong><em><span class=\"has-inline-color has-vivid-red-color\">Car\u00e1cter: &nbsp;<\/span><\/em><\/strong><em>Arancelada<\/em><\/p>\n\n\n\n<p><em><a href=\"http:\/\/exa.unne.edu.ar\/facena-virtual\/wp-content\/uploads\/2022\/04\/FACENA-Diplomatura-Hemostasia-Cohorte-2022.pdf\">M\u00e1s informaci\u00f3n sobre la diplomatura<\/a><\/em><\/p>\n\n\n\n<p><strong><em><span class=\"has-inline-color has-vivid-red-color\">Consultas en:<\/span><\/em><\/strong><br>Lic. Angel Barrios Ru\u00edz &#8211; <a href=\"mailto:sip.cursos@comunidad.unne.edu.ar\">sip.cursos@comunidad.unne.edu.ar<\/a><\/p>\n","protected":false},"excerpt":{"rendered":"<p>Tipo de oferta: Trayecto formativo de posgrado Modalidad:&nbsp; Virtual &nbsp; Destinatarios Formaci\u00f3n acad\u00e9mica de grado en Bioqu\u00edmica, o afines si fuesen postulantes del extranjero, con carrera de grado de no menos de 4 a\u00f1os de duraci\u00f3n, pertenecientes a Ciencias de la Salud. Es indispensable que los interesados en participar de la Diplomatura con modalidad a &hellip; <\/p>\n","protected":false},"author":1,"featured_media":0,"parent":0,"menu_order":0,"comment_status":"closed","ping_status":"closed","template":"","meta":{"_monsterinsights_skip_tracking":false,"_monsterinsights_sitenote_active":false,"_monsterinsights_sitenote_note":"","_monsterinsights_sitenote_category":0,"footnotes":""},"class_list":["post-46","page","type-page","status-publish","hentry"],"_links":{"self":[{"href":"https:\/\/exa.unne.edu.ar\/facena-virtual\/index.php\/wp-json\/wp\/v2\/pages\/46","targetHints":{"allow":["GET"]}}],"collection":[{"href":"https:\/\/exa.unne.edu.ar\/facena-virtual\/index.php\/wp-json\/wp\/v2\/pages"}],"about":[{"href":"https:\/\/exa.unne.edu.ar\/facena-virtual\/index.php\/wp-json\/wp\/v2\/types\/page"}],"author":[{"embeddable":true,"href":"https:\/\/exa.unne.edu.ar\/facena-virtual\/index.php\/wp-json\/wp\/v2\/users\/1"}],"replies":[{"embeddable":true,"href":"https:\/\/exa.unne.edu.ar\/facena-virtual\/index.php\/wp-json\/wp\/v2\/comments?post=46"}],"version-history":[{"count":1,"href":"https:\/\/exa.unne.edu.ar\/facena-virtual\/index.php\/wp-json\/wp\/v2\/pages\/46\/revisions"}],"predecessor-version":[{"id":933,"href":"https:\/\/exa.unne.edu.ar\/facena-virtual\/index.php\/wp-json\/wp\/v2\/pages\/46\/revisions\/933"}],"wp:attachment":[{"href":"https:\/\/exa.unne.edu.ar\/facena-virtual\/index.php\/wp-json\/wp\/v2\/media?parent=46"}],"curies":[{"name":"wp","href":"https:\/\/api.w.org\/{rel}","templated":true}]}}