{"id":207,"date":"2021-02-16T16:02:28","date_gmt":"2021-02-16T16:02:28","guid":{"rendered":"http:\/\/facenavirtual.com.ar\/inicio\/?page_id=207"},"modified":"2021-02-16T16:02:28","modified_gmt":"2021-02-16T16:02:28","slug":"sitios-de-interes","status":"publish","type":"page","link":"https:\/\/exa.unne.edu.ar\/facena-virtual\/index.php\/sitios-de-interes\/","title":{"rendered":"Sitios de Inter\u00e9s"},"content":{"rendered":"\n<p><strong><a rel=\"noreferrer noopener\" href=\"https:\/\/virtual.unne.edu.ar\/contingencia-covid19\/recursos-plataforma-UV.html\" target=\"_blank\">Micrositio del Sistema Institucional de Educaci\u00f3n a Distancia (SIED &#8211; UNNE)<\/a><\/strong><\/p>\n\n\n\n<p><strong><a href=\"https:\/\/virtual.unne.edu.ar\/sitio\/recursos\/guia\/guia.html\" data-type=\"URL\" data-id=\"https:\/\/virtual.unne.edu.ar\/sitio\/recursos\/guia\/guia.html\">Gu\u00eda Trabajar una asignatura para Educaci\u00f3n a Distancia (UNNE Virtual)<\/a><\/strong><\/p>\n\n\n\n<p><strong><a rel=\"noreferrer noopener\" href=\"\/\/sites.google.com\/view\/recursosproduccionesdigitales\/p%C3%A1gina-principal\" target=\"_blank\">Recursos del \u00c1rea de Educaci\u00f3n a Distancia de la Facultad de Humanidades (UNNE)<\/a><\/strong><\/p>\n\n\n\n<p><strong><a rel=\"noreferrer noopener\" href=\"http:\/\/www.entornosvirtuales.unlp.edu.ar\/page57.html\" target=\"_blank\">Direcci\u00f3n General de Educaci\u00f3n a Distancia y Tecnolog\u00edas (UNPL)<\/a><\/strong><\/p>\n\n\n\n<p><a rel=\"noreferrer noopener\" href=\"http:\/\/citep.rec.uba.ar\/\" data-type=\"URL\" data-id=\"http:\/\/citep.rec.uba.ar\/\" target=\"_blank\"><strong>Centro de Innovaci\u00f3n en Tecnolog\u00eda y Pedagog\u00eda (UBA)<\/strong><\/a><\/p>\n\n\n\n<p><strong><a href=\"http:\/\/enfoco.ffyb.uba.ar\/content\/planificar-un-aula-virtual-orientaciones-para-su-creaci%C3%B3n-e-implementaci%C3%B3n\">Planificar un aula virtual. Orientaciones para su Creaci\u00f3n e Implementaci\u00f3n (UBA)<\/a><\/strong><\/p>\n\n\n\n<p><strong><a href=\"https:\/\/tecnologia-y-proyectos-educativos.zeef.com\/es\/citep.uba\" target=\"_blank\" rel=\"noreferrer noopener\">Repositorio de herramientas TIC\u00a0 &#8211; Tecnolog\u00eda y Proyectos Educativos por CITEP UBA<\/a><\/strong><\/p>\n","protected":false},"excerpt":{"rendered":"<p>Micrositio del Sistema Institucional de Educaci\u00f3n a Distancia (SIED &#8211; UNNE) Gu\u00eda Trabajar una asignatura para Educaci\u00f3n a Distancia (UNNE Virtual) Recursos del \u00c1rea de Educaci\u00f3n a Distancia de la Facultad de Humanidades (UNNE) Direcci\u00f3n General de Educaci\u00f3n a Distancia y Tecnolog\u00edas (UNPL) Centro de Innovaci\u00f3n en Tecnolog\u00eda y Pedagog\u00eda (UBA) Planificar un aula virtual. &hellip; <\/p>\n","protected":false},"author":1,"featured_media":0,"parent":0,"menu_order":0,"comment_status":"closed","ping_status":"closed","template":"","meta":{"_monsterinsights_skip_tracking":false,"_monsterinsights_sitenote_active":false,"_monsterinsights_sitenote_note":"","_monsterinsights_sitenote_category":0,"footnotes":""},"class_list":["post-207","page","type-page","status-publish","hentry"],"_links":{"self":[{"href":"https:\/\/exa.unne.edu.ar\/facena-virtual\/index.php\/wp-json\/wp\/v2\/pages\/207","targetHints":{"allow":["GET"]}}],"collection":[{"href":"https:\/\/exa.unne.edu.ar\/facena-virtual\/index.php\/wp-json\/wp\/v2\/pages"}],"about":[{"href":"https:\/\/exa.unne.edu.ar\/facena-virtual\/index.php\/wp-json\/wp\/v2\/types\/page"}],"author":[{"embeddable":true,"href":"https:\/\/exa.unne.edu.ar\/facena-virtual\/index.php\/wp-json\/wp\/v2\/users\/1"}],"replies":[{"embeddable":true,"href":"https:\/\/exa.unne.edu.ar\/facena-virtual\/index.php\/wp-json\/wp\/v2\/comments?post=207"}],"version-history":[{"count":0,"href":"https:\/\/exa.unne.edu.ar\/facena-virtual\/index.php\/wp-json\/wp\/v2\/pages\/207\/revisions"}],"wp:attachment":[{"href":"https:\/\/exa.unne.edu.ar\/facena-virtual\/index.php\/wp-json\/wp\/v2\/media?parent=207"}],"curies":[{"name":"wp","href":"https:\/\/api.w.org\/{rel}","templated":true}]}}