{"id":222,"date":"2024-10-28T14:05:54","date_gmt":"2024-10-28T17:05:54","guid":{"rendered":"https:\/\/exa.unne.edu.ar\/congreso%20limnologia\/?page_id=222"},"modified":"2024-10-28T14:08:01","modified_gmt":"2024-10-28T17:08:01","slug":"dra-tatiana-lobato-de-magalhaes","status":"publish","type":"page","link":"https:\/\/exa.unne.edu.ar\/congreso%20limnologia\/index.php\/dra-tatiana-lobato-de-magalhaes\/","title":{"rendered":"Dra. Tatiana Lobato de Magalh\u00e3es"},"content":{"rendered":"<p>[vc_row][vc_column][vc_column_text]<span lang=\"es-ES\">Dra. Tatiana Lobato-de Magalh\u00e3es<\/span><span lang=\"es-ES\"> es profesora de investigaci\u00f3n en la Universidad Aut\u00f3noma de Quer\u00e9taro, M\u00e9xico, investigadora asociada en la Universidad Estatal de Mississippi, profesora adjunta en la Universidad Estatal de Dakota del Norte y se ha especializado en investigaci\u00f3n y educaci\u00f3n sobre humedales durante m\u00e1s de 15 a\u00f1os, con un fuerte enfoque en ecolog\u00eda, gen\u00e9tica del paisaje y distribuci\u00f3n de plantas acu\u00e1ticas. Su trabajo incluye proyectos de investigaci\u00f3n y docencia en todo el continente americano, incluida la Amazonia y las tierras altas del sur de Brasil. Es editora asociada de una serie de libros internacionales (Wetland Ecology, Management, and Conservation), revistas cient\u00edficas (Wetlands, Aquatic Botany), presidenta del Cap\u00edtulo Internacional de la Sociedad de Cient\u00edficos de Humedales (2016-2025), l\u00edder del Grupo de Especialistas en Ambientes de Humedales de la Comisi\u00f3n de Gesti\u00f3n de Ecosistemas de la UICN desde el 2023. Tatiana es reconocida por el Sistema Nacional de Cient\u00edficos en M\u00e9xico (SNI 1 \u2013 2021-2029), certificada como profesional cient\u00edfica de humedales (SWSPCP). Ha recibido la Medalla Jos\u00e9 Mariano Moci\u00f1o por la Sociedad Bot\u00e1nica de M\u00e9xico, y recientemente ha sido reconocida por la Society of Wetland Scientists con los premios International Fellow Award<\/span> <span lang=\"es-ES\">por su contribuci\u00f3n en la ciencia de humedales y el Presidential Service Award por su aporte a la Sociedad. <\/span><\/p>\n<p>&nbsp;<\/p>\n<p><span lang=\"es-ES\">Sitio web personal: <\/span><u><a href=\"https:\/\/lobatomagalhaes.weebly.com\/\"><span lang=\"es-ES\">https:\/\/lobatomagalhaes.weebly.com\/<\/span><\/a><\/u>[\/vc_column_text][\/vc_column][\/vc_row]<\/p>\n","protected":false},"excerpt":{"rendered":"<p>[vc_row][vc_column][vc_column_text]Dra. Tatiana Lobato-de Magalh\u00e3es es profesora de investigaci\u00f3n en la Universidad Aut\u00f3noma de Quer\u00e9taro, M\u00e9xico, investigadora asociada en la Universidad Estatal de Mississippi, profesora adjunta en la Universidad Estatal de Dakota del Norte y se ha especializado en investigaci\u00f3n y educaci\u00f3n sobre humedales durante m\u00e1s de 15 a\u00f1os, con un fuerte enfoque en ecolog\u00eda, gen\u00e9tica &hellip; <\/p>\n","protected":false},"author":1,"featured_media":0,"parent":0,"menu_order":0,"comment_status":"closed","ping_status":"closed","template":"","meta":{"_monsterinsights_skip_tracking":false,"_monsterinsights_sitenote_active":false,"_monsterinsights_sitenote_note":"","_monsterinsights_sitenote_category":0,"footnotes":""},"class_list":["post-222","page","type-page","status-publish","hentry"],"_links":{"self":[{"href":"https:\/\/exa.unne.edu.ar\/congreso%20limnologia\/index.php\/wp-json\/wp\/v2\/pages\/222","targetHints":{"allow":["GET"]}}],"collection":[{"href":"https:\/\/exa.unne.edu.ar\/congreso%20limnologia\/index.php\/wp-json\/wp\/v2\/pages"}],"about":[{"href":"https:\/\/exa.unne.edu.ar\/congreso%20limnologia\/index.php\/wp-json\/wp\/v2\/types\/page"}],"author":[{"embeddable":true,"href":"https:\/\/exa.unne.edu.ar\/congreso%20limnologia\/index.php\/wp-json\/wp\/v2\/users\/1"}],"replies":[{"embeddable":true,"href":"https:\/\/exa.unne.edu.ar\/congreso%20limnologia\/index.php\/wp-json\/wp\/v2\/comments?post=222"}],"version-history":[{"count":3,"href":"https:\/\/exa.unne.edu.ar\/congreso%20limnologia\/index.php\/wp-json\/wp\/v2\/pages\/222\/revisions"}],"predecessor-version":[{"id":225,"href":"https:\/\/exa.unne.edu.ar\/congreso%20limnologia\/index.php\/wp-json\/wp\/v2\/pages\/222\/revisions\/225"}],"wp:attachment":[{"href":"https:\/\/exa.unne.edu.ar\/congreso%20limnologia\/index.php\/wp-json\/wp\/v2\/media?parent=222"}],"curies":[{"name":"wp","href":"https:\/\/api.w.org\/{rel}","templated":true}]}}