{"id":219,"date":"2024-10-28T14:03:30","date_gmt":"2024-10-28T17:03:30","guid":{"rendered":"https:\/\/exa.unne.edu.ar\/congreso%20limnologia\/?page_id=219"},"modified":"2024-10-28T14:03:30","modified_gmt":"2024-10-28T17:03:30","slug":"dr-francisco-antonio-rodrigues-barbosa","status":"publish","type":"page","link":"https:\/\/exa.unne.edu.ar\/congreso%20limnologia\/index.php\/dr-francisco-antonio-rodrigues-barbosa\/","title":{"rendered":"Dr. Francisco Ant\u00f4nio Rodrigues Barbosa"},"content":{"rendered":"<p align=\"justify\"><span style=\"font-family: Arial, serif;\">Francisco Ant\u00f4nio R. Barbosa es Licenciado y Graduado en Historia Natural por la UFMG (1973-4); Master y Doctor en Ciencias\/Ecolog\u00eda y Recursos Naturales por la UFSCar (1979-81); Post-Doctorado en Ecofisiolog\u00eda de Algas &#8211; Fitoflagelados &#8211; Instituto de Ecolog\u00eda de Agua Dulce\/NERC &#8211; Reino Unido, (1987-1989); Profesor Titular de Ecolog\u00eda\/Limnolog\u00eda en el Departamento de Gen\u00e9tica, Ecolog\u00eda y Evoluci\u00f3n del ICB\/UFMG (1995 a 2022) y desde 2022 Profesor Voluntario del Laboratorio de Limnolog\u00eda, Ecotoxicolog\u00eda y Ecolog\u00eda Acu\u00e1tica-LIMNEA; Profesor\/Asesor del Curso de Postgrado en Ecolog\u00eda, Conservaci\u00f3n y Gesti\u00f3n de la Vida Silvestre en el ICB\/UFMG (1989-2022); Coordinador del \u00e1rea de Ecolog\u00eda en CAPES\/MEC y CNPq\/MCTI (1994-1998); Miembro del Panel de Expertos del AR 6 del IPCC; Coordinador Adjunto del INCT-Recursos Minerales, Agua y Biodiversidad &#8211; INCT-Acqua\/UFMG (2008-2014); Miembro del Comit\u00e9 Coordinador del Programa de Investigaci\u00f3n Ecol\u00f3gica a Largo Plazo-PELD del CNPq\/MCTI (2000-2004) y Coordinador del proyecto PELD\/UFMG en la cuenca media del R\u00edo Doce (2000-2022); Vicepresidente del Panel Independiente del R\u00edo Doce\/UICN (2017-2021), Vicepresidente de la Fundaci\u00f3n Biodiversitas; miembro del Consejo Deliberativo de Conservaci\u00f3n Internacional-Brasil (hasta la fecha); miembro del Comit\u00e9 Cient\u00edfico del Instituto de Altos Estudios Transdisciplinares-IEAT\/UFMG; Miembro del Grupo de Investigaci\u00f3n Descubrimientos de las Ciencias y las Tecnolog\u00edas del IEAT-UFMG: Leyes de la Naturaleza y Desarrollo (in)sostenible. Presidente de la Asociaci\u00f3n Brasile\u00f1a -ABLimno (1974-1978). Tiene experiencia en el \u00e1rea de Ecolog\u00eda\/Limnolog\u00eda, con \u00e9nfasis en ecolog\u00eda y conservaci\u00f3n de ecosistemas acu\u00e1ticos, trabajando en los siguientes temas: calidad del agua, metabolismo acu\u00e1tico, ecolog\u00eda del fitoplancton, conservaci\u00f3n de la biodiversidad acu\u00e1tica, impactos de la miner\u00eda en la calidad del agua. Profesor\/Asesor del Curso de Postgrado en Ecolog\u00eda y Recursos Naturales de la UFSCar. <\/span><\/p>\n","protected":false},"excerpt":{"rendered":"<p>Francisco Ant\u00f4nio R. Barbosa es Licenciado y Graduado en Historia Natural por la UFMG (1973-4); Master y Doctor en Ciencias\/Ecolog\u00eda y Recursos Naturales por la UFSCar (1979-81); Post-Doctorado en Ecofisiolog\u00eda de Algas &#8211; Fitoflagelados &#8211; Instituto de Ecolog\u00eda de Agua Dulce\/NERC &#8211; Reino Unido, (1987-1989); Profesor Titular de Ecolog\u00eda\/Limnolog\u00eda en el Departamento de Gen\u00e9tica, Ecolog\u00eda &hellip; <\/p>\n","protected":false},"author":1,"featured_media":0,"parent":0,"menu_order":0,"comment_status":"closed","ping_status":"closed","template":"","meta":{"_monsterinsights_skip_tracking":false,"_monsterinsights_sitenote_active":false,"_monsterinsights_sitenote_note":"","_monsterinsights_sitenote_category":0,"footnotes":""},"class_list":["post-219","page","type-page","status-publish","hentry"],"_links":{"self":[{"href":"https:\/\/exa.unne.edu.ar\/congreso%20limnologia\/index.php\/wp-json\/wp\/v2\/pages\/219","targetHints":{"allow":["GET"]}}],"collection":[{"href":"https:\/\/exa.unne.edu.ar\/congreso%20limnologia\/index.php\/wp-json\/wp\/v2\/pages"}],"about":[{"href":"https:\/\/exa.unne.edu.ar\/congreso%20limnologia\/index.php\/wp-json\/wp\/v2\/types\/page"}],"author":[{"embeddable":true,"href":"https:\/\/exa.unne.edu.ar\/congreso%20limnologia\/index.php\/wp-json\/wp\/v2\/users\/1"}],"replies":[{"embeddable":true,"href":"https:\/\/exa.unne.edu.ar\/congreso%20limnologia\/index.php\/wp-json\/wp\/v2\/comments?post=219"}],"version-history":[{"count":1,"href":"https:\/\/exa.unne.edu.ar\/congreso%20limnologia\/index.php\/wp-json\/wp\/v2\/pages\/219\/revisions"}],"predecessor-version":[{"id":220,"href":"https:\/\/exa.unne.edu.ar\/congreso%20limnologia\/index.php\/wp-json\/wp\/v2\/pages\/219\/revisions\/220"}],"wp:attachment":[{"href":"https:\/\/exa.unne.edu.ar\/congreso%20limnologia\/index.php\/wp-json\/wp\/v2\/media?parent=219"}],"curies":[{"name":"wp","href":"https:\/\/api.w.org\/{rel}","templated":true}]}}