{"id":82,"date":"2021-02-10T11:52:16","date_gmt":"2021-02-10T11:52:16","guid":{"rendered":"http:\/\/facenavirtual.com.ar\/inicio\/?page_id=82"},"modified":"2021-02-10T11:52:16","modified_gmt":"2021-02-10T11:52:16","slug":"rendir-examenes","status":"publish","type":"page","link":"http:\/\/exa.unne.edu.ar\/facena-virtual\/index.php\/rendir-examenes\/","title":{"rendered":"Rendir ex\u00e1menes"},"content":{"rendered":"\n<p>A partir de la emergencia sanitaria por COVID19, el Consejo Directivo de la FaCENA autoriz\u00f3 que se tomen ex\u00e1menes finales con modalidad virtual (<a rel=\"noreferrer noopener\" href=\"http:\/\/exa.unne.edu.ar\/institucional\/docs-pandemia\/Res%200169-20%20CD_Protocolo%20Examenes%20modalidad%20virtual.pdf\" data-type=\"URL\" data-id=\"http:\/\/exa.unne.edu.ar\/institucional\/docs-pandemia\/Res%200169-20%20CD_Protocolo%20Examenes%20modalidad%20virtual.pdf\" target=\"_blank\">Resoluci\u00f3n N\u00b0 169\/20 CD<\/a>).<\/p>\n\n\n\n<p>Si vas a rendir un examen final, record\u00e1:&nbsp;<\/p>\n\n\n\n<ul class=\"wp-block-list\"><li>Inscribirte con tiempo a trav\u00e9s del SIU Guaran\u00ed y guardar el comprobante de inscripci\u00f3n.<\/li><li>Revisar tu correo electr\u00f3nico o la mensajer\u00eda de SIU Guaran\u00ed 24 horas antes para conocer la metodolog\u00eda del examen, acceder al enlace a la videoconferencia, si e utilizar\u00e1 el aula virtual, el horario de inicio, etc.<\/li><li>Ten\u00e9 a mano alg\u00fan modo de contacto con la c\u00e1tedra, para comunicarte con los docentes, si surge alg\u00fan inconveniente.&nbsp;<\/li><li>El d\u00eda del examen deber\u00e1s mostrar tu DNI o Libreta Universitaria para acreditar identidad.&nbsp;<\/li><li>Al finalizar el examen, el equipo docente carga las notas a SIU pero pueden pasar unos d\u00edas hasta que puedas visualizarla. Esto se debe a procesos administrativos en el Sistema.&nbsp;&nbsp;<\/li><\/ul>\n\n\n\n<p><strong>Para preparar el examen<\/strong><\/p>\n\n\n\n<ul class=\"wp-block-list\"><li>Organizar el tiempo necesario de acuerdo a la extensi\u00f3n de la asignatura, el tipo de examen, cu\u00e1nto ya sab\u00e9s del tema.\u00a0<\/li><li>El programa de la asignatura es una referencia importante, all\u00ed figuran los temas, bibliograf\u00eda y criterios de evaluaci\u00f3n.<\/li><li>Adem\u00e1s del programa, es conveniente recuperar informaci\u00f3n del cursado (preguntas de parciales, trabajos pr\u00e1cticos, clases, enfoques sobre los temas, etc.).<\/li><li>Si ten\u00e9s dudas, pod\u00e9s consultar al equipo docente a trav\u00e9s de un correo electr\u00f3nico o la mensajer\u00eda del aula virtual.\u00a0<\/li><li>Tambi\u00e9n deber\u00edas estar atento\/a a las tutor\u00edas que realizan las distintas c\u00e1tedras, la Facultad o el Gabinete Psicopedag\u00f3gico.\u00a0<\/li><li>Si necesit\u00e1s alg\u00fan tipo de asistencia o configuraci\u00f3n del examen para que sea accesible para vos, contacta al equipo docente o al Gabinete Psicopedag\u00f3gico.\u00a0<\/li><\/ul>\n\n\n\n<p><strong>Lleg\u00f3 el d\u00eda del examen&nbsp;&nbsp;<\/strong><\/p>\n\n\n\n<ul class=\"wp-block-list\"><li>Dentro de lo posible, busca un espacio en donde puedas estar c\u00f3modo\/a, sin distracciones y con buena conexi\u00f3n a internet.&nbsp;<\/li><li>Tambi\u00e9n deber\u00e1s probar la configuraci\u00f3n de la c\u00e1mara y el micr\u00f3fono, especialmente cuando se trata de ex\u00e1menes orales.<br>Prepara los materiales necesarios: papel, l\u00e1piz o lapicera, calculadora (si la materia lo requiere). Tambi\u00e9n podr\u00edas tener a mano un vaso con agua.<\/li><li>Si utilizas una computadora para realizar el examen, evita tener pesta\u00f1as, ventanas, o programas innecesarios abiertos.&nbsp;&nbsp;<\/li><li>Si vas a rendir un examen desde el celular, busca un espacio c\u00f3modo, en donde puedas apoyar el dispositivo.&nbsp;<\/li><li>En los dispositivos m\u00f3viles (tel\u00e9fonos, tablets, notebook) corrobora que la bater\u00eda del celular est\u00e9 completa y ten\u00e9 el cargador cerca.&nbsp;&nbsp;<\/li><\/ul>\n\n\n\n<p><strong>Si se usa el aula virtual para el examen<\/strong><\/p>\n\n\n\n<ul class=\"wp-block-list\"><li>Al inicio del examen, respira hondo, busc\u00e1 relajarte y concentrarte en las consignas.&nbsp;<\/li><li>No ingreses con ventana de inc\u00f3gnito o en dos dispositivos porque corres el riesgo de que se env\u00ede vac\u00edo y ya no podr\u00e1s volver a acceder.<\/li><li>Cuando ingreses al examen, corrobora la cantidad de preguntas y el tiempo del que dispones para resolverlo. Dej\u00e1 unos minutos al final para revisar que hayas contestado todas las preguntas.&nbsp;<\/li><li>Si el examen es un cuestionario analiz\u00e1 la pregunta y pens\u00e1 la respuesta antes de leer las opciones para no confundirte cuando leas las alternativas. Algunas preguntas admiten m\u00e1s de una opci\u00f3n.&nbsp;&nbsp;<\/li><li>Al finalizar un examen en el aula virtual, deber\u00e1s asegurarte de confirmar el env\u00edo.&nbsp;&nbsp;<\/li><\/ul>\n\n\n\n<p>&nbsp;<strong>Cuando llegan los resultados.<\/strong><\/p>\n\n\n\n<ul class=\"wp-block-list\"><li>La evaluaci\u00f3n es una instancia de retroalimentaci\u00f3n tanto para docentes como para estudiantes. Es un momento m\u00e1s de aprendizaje.<\/li><li>Cuando tengas los resultados, identifica los aspectos en que te ha ido bien y cu\u00e1les son los que es necesario que repases. A veces, las dificultades est\u00e1n en las habilidades para expresarse o para comprender las consignas.<\/li><li>Los docentes pueden ayudarte a reconocer esos aspectos. En FaCENA, contamos \u00a0 con un <a href=\"http:\/\/facenavirtual.com.ar\/inicio\/gabinete-psicopedagogico\/\" data-type=\"URL\" data-id=\"http:\/\/facenavirtual.com.ar\/inicio\/gabinete-psicopedagogico\/\">Gabinete Psicopedag\u00f3gico<\/a>, no dudes en comunicarte si necesitas ayuda.\u00a0<\/li><\/ul>\n","protected":false},"excerpt":{"rendered":"<p>A partir de la emergencia sanitaria por COVID19, el Consejo Directivo de la FaCENA autoriz\u00f3 que se tomen ex\u00e1menes finales con modalidad virtual (Resoluci\u00f3n N\u00b0 169\/20 CD). Si vas a rendir un examen final, record\u00e1:&nbsp; Inscribirte con tiempo a trav\u00e9s del SIU Guaran\u00ed y guardar el comprobante de inscripci\u00f3n. Revisar tu correo electr\u00f3nico o la &hellip; <\/p>\n","protected":false},"author":1,"featured_media":0,"parent":0,"menu_order":0,"comment_status":"closed","ping_status":"closed","template":"","meta":{"_monsterinsights_skip_tracking":false,"_monsterinsights_sitenote_active":false,"_monsterinsights_sitenote_note":"","_monsterinsights_sitenote_category":0,"footnotes":""},"class_list":["post-82","page","type-page","status-publish","hentry"],"_links":{"self":[{"href":"http:\/\/exa.unne.edu.ar\/facena-virtual\/index.php\/wp-json\/wp\/v2\/pages\/82","targetHints":{"allow":["GET"]}}],"collection":[{"href":"http:\/\/exa.unne.edu.ar\/facena-virtual\/index.php\/wp-json\/wp\/v2\/pages"}],"about":[{"href":"http:\/\/exa.unne.edu.ar\/facena-virtual\/index.php\/wp-json\/wp\/v2\/types\/page"}],"author":[{"embeddable":true,"href":"http:\/\/exa.unne.edu.ar\/facena-virtual\/index.php\/wp-json\/wp\/v2\/users\/1"}],"replies":[{"embeddable":true,"href":"http:\/\/exa.unne.edu.ar\/facena-virtual\/index.php\/wp-json\/wp\/v2\/comments?post=82"}],"version-history":[{"count":0,"href":"http:\/\/exa.unne.edu.ar\/facena-virtual\/index.php\/wp-json\/wp\/v2\/pages\/82\/revisions"}],"wp:attachment":[{"href":"http:\/\/exa.unne.edu.ar\/facena-virtual\/index.php\/wp-json\/wp\/v2\/media?parent=82"}],"curies":[{"name":"wp","href":"https:\/\/api.w.org\/{rel}","templated":true}]}}