{"id":793,"date":"2021-08-08T23:38:50","date_gmt":"2021-08-08T23:38:50","guid":{"rendered":"http:\/\/exa.unne.edu.ar\/facena-virtual\/?page_id=793"},"modified":"2021-08-11T22:25:00","modified_gmt":"2021-08-11T22:25:00","slug":"eje-1-virtualizacion-de-practicas-pedagogicas-en-el-campo-de-las-carreras-cientifico-tecnologicas-en-pandemia","status":"publish","type":"page","link":"http:\/\/exa.unne.edu.ar\/facena-virtual\/index.php\/eje-1-virtualizacion-de-practicas-pedagogicas-en-el-campo-de-las-carreras-cientifico-tecnologicas-en-pandemia\/","title":{"rendered":"Eje 1: Virtualizaci\u00f3n de pr\u00e1cticas pedag\u00f3gicas en el campo de las carreras cient\u00edfico-tecnol\u00f3gicas en pandemia"},"content":{"rendered":"\n<p><strong>Mesa 1<\/strong><\/p>\n\n\n\n<figure class=\"wp-block-table\"><table><tbody><tr><td>002<\/td><td><strong>Utilizaci\u00f3n de TIC como una herramienta en el proceso ense\u00f1anza-aprendizaje en la asignatura Tecnolog\u00eda Farmac\u00e9utica I.<\/strong> <br><em>Lorenzo, Andrea. Asbene, Patricia. Kasem, Lucia. Carrascosa, Alejandro (UNTu)<\/em><\/td><td><a href=\"http:\/\/exa.unne.edu.ar\/facena-virtual\/wp-content\/uploads\/2021\/08\/Eje1-002-AsbenePatricia-Utilizaci\u00f3n-de-TIC-como-herramienta-1.pdf\" target=\"_blank\" rel=\"noreferrer noopener\">Ver poster<\/a><\/td><\/tr><tr><td>003<\/td><td><strong>Evaluaci\u00f3n de la implementaci\u00f3n del trabajo de campo y TIC como herramienta en el proceso ense\u00f1anza-aprendizaje en la asignatura Tecnolog\u00eda Farmac\u00e9utica I.<\/strong> <br><em>Lorenzo, Andrea. Asbene, Patricia. Kasem, Lucia. Ordonez, Adriana (UNTu)<\/em><\/td><td><a href=\"http:\/\/exa.unne.edu.ar\/facena-virtual\/wp-content\/uploads\/2021\/08\/Eje1-003-AsbenePatricia-Evaluaci\u00f3n-de-la-implementaci\u00f3n-del-Trabajo-de-Campo.pdf\" target=\"_blank\" rel=\"noreferrer noopener\">Ver poster<\/a><\/td><\/tr><tr><td>048<\/td><td><strong>Adaptaci\u00f3n de experimentos de laboratorio de qu\u00edmica para un curso en l\u00ednea<\/strong> <br><em>Chans, Guillermo Manuel. Bravo Guti\u00e9rrez, Mireille Evangelina, Orona N\u00e1var, Ang\u00e9lica<\/em> <em>S\u00e1nchez Rodr\u00edguez, Elvia Patricia. Tecnol\u00f3gico Monterrey (Mx)<\/em><\/td><td><a href=\"http:\/\/exa.unne.edu.ar\/facena-virtual\/wp-content\/uploads\/2021\/08\/Eje1-048-ChansGuillermo.pdf\" target=\"_blank\" rel=\"noreferrer noopener\">Ver poster<\/a><\/td><\/tr><tr><td>012<\/td><td><strong>Virtualizaci\u00f3n de las pr\u00e1cticas de ense\u00f1anza de la asignatura Histolog\u00eda para alumnos de la carrera de Bioqu\u00edmica.<\/strong> <br><em>Ajmat, Mar\u00eda Teresa. Tr\u00edbulo, Celeste. Torres Luque, Andrea. Medina, Mar\u00eda Fernanda (UNTu)<\/em><\/td><td><a href=\"http:\/\/exa.unne.edu.ar\/facena-virtual\/wp-content\/uploads\/2021\/08\/EJE1-012-Ajmat.pdf\">Ver poster<\/a><\/td><\/tr><tr><td>028<\/td><td><strong>La creatividad en el aprendizaje de Hemostasia en tiempos de pandemia.<\/strong> <br><em>Serrano, Claudia Patricia. Cristaldo, Daniel Osmar. Langton, Sof\u00eda Patricia. Gauna Pereira, Mar\u00eda del Carmen. (UNNE)<\/em><\/td><td><a href=\"http:\/\/exa.unne.edu.ar\/facena-virtual\/wp-content\/uploads\/2021\/08\/EJE1-028-Poster-Serrano-Claudia.pdf\" target=\"_blank\" rel=\"noreferrer noopener\">Ver poster<\/a><\/td><\/tr><tr><td>046<\/td><td><strong>Ense\u00f1anza remota de emergencia en el aula de Qu\u00edmica Org\u00e1nica<\/strong> <br><em>Ferrer, Liliana. Videla, Silvina. Ohanian, Gabriela, Bustillo, Mario. (UNCuyo)<\/em><\/td><td><a href=\"http:\/\/exa.unne.edu.ar\/facena-virtual\/wp-content\/uploads\/2021\/08\/EJE1-046-Ferrer-Liliana.pdf\" target=\"_blank\" rel=\"noreferrer noopener\">Ver poster<\/a><\/td><\/tr><\/tbody><\/table><\/figure>\n\n\n\n<p><strong>Mesa 2<\/strong><\/p>\n\n\n\n<figure class=\"wp-block-table\"><table><tbody><tr><td>004<\/td><td><strong>Estrategias adoptadas por docentes de un curso de F\u00edsica en tiempos de pandemia y su evaluaci\u00f3n.<\/strong> <em>Cleva, Mario Sergio. Schefer, Fernando Gustavo. Liska, Diego Orlando. (UTN-FRRe)<\/em><strong><\/strong><\/td><td><a href=\"http:\/\/exa.unne.edu.ar\/facena-virtual\/wp-content\/uploads\/2021\/08\/Eje1-004-CLEVA-mario.pdf\" target=\"_blank\" rel=\"noreferrer noopener\">Ver poster<\/a><\/td><\/tr><tr><td>005<\/td><td><strong>Reversionando los parciales de F\u00edsica At\u00f3mica para adaptarlos a la ense\u00f1anza remota.<\/strong> <em>Lucero, Irene. Delgado Ortiz, Mar\u00eda Eugenia. (UNNE)<\/em><strong><\/strong><\/td><td><a href=\"http:\/\/exa.unne.edu.ar\/facena-virtual\/wp-content\/uploads\/2021\/08\/Eje-1-005-Lucero-Irene-Reversionando-los-parciales.pdf\" target=\"_blank\" rel=\"noreferrer noopener\">Ver poster<\/a><\/td><\/tr><tr><td>006<\/td><td><strong>Estrategias para la comunicaci\u00f3n con los estudiantes de las actividades en la virtualidad aplicados en la asignatura Paleoinvertebrados.<\/strong> <em>Monferran, Mateo Daniel. Esp\u00edndola, Ver\u00f3nica. Sabater, Lara. (UNNE)<\/em><strong><\/strong><\/td><td><a href=\"http:\/\/exa.unne.edu.ar\/facena-virtual\/wp-content\/uploads\/2021\/08\/EJE1-006-Monferran-Mateo.pdf\" target=\"_blank\" rel=\"noreferrer noopener\">Ver poster<\/a><\/td><\/tr><tr><td>009<strong><\/strong><\/td><td><strong>Introducci\u00f3n a las Ciencias B\u00e1sicas en entorno virtual.<\/strong> <em>Vicent\u00edn, Mar\u00eda Gabriela. Amable, Valeria In\u00e9s. <\/em><em>Picot, Jos\u00e9 Augusto. Rosciani, Adriana Silvia. <\/em><em>(UNNE)<\/em><strong><\/strong><\/td><td><a href=\"http:\/\/exa.unne.edu.ar\/facena-virtual\/wp-content\/uploads\/2021\/08\/EJE1-009-Vicentin-Mar\u00eda-Gabriela.pdf\" target=\"_blank\" rel=\"noreferrer noopener\">Ver poster<\/a><\/td><\/tr><tr><td>024<\/td><td><strong>Aplicaciones cl\u00ednicas desde la Biolog\u00eda \u201cDe lo Macro a lo Micro\u201d.<\/strong> <em>Solana, Mar\u00eda Victoria. Felipe, Antonio Eduardo. Solana, Hugo Daniel. (UNCPBA)<\/em><\/td><td><a href=\"http:\/\/exa.unne.edu.ar\/facena-virtual\/wp-content\/uploads\/2021\/08\/EJE1-024-SOLANA-Mar\u00eda-Victoria.pdf\" target=\"_blank\" rel=\"noreferrer noopener\">Ver poster<\/a><\/td><\/tr><tr><td>031<\/td><td><strong>Desaf\u00edos en la ense\u00f1anza remota de emergencia, para el dictado de asignaturas con aprendizajes situados.<\/strong> <em>Durand, Rosa Sandra. Garc\u00eda, Daniel Dante. <\/em><em>Romero, Laura Anal\u00eda. (UNNE)<\/em><\/td><td><a href=\"http:\/\/exa.unne.edu.ar\/facena-virtual\/wp-content\/uploads\/2021\/08\/Eje-1-031-Durand-Rosa-Sandra.pdf\" target=\"_blank\" rel=\"noreferrer noopener\">Ver poster<\/a><\/td><\/tr><\/tbody><\/table><\/figure>\n\n\n\n<p><strong>Mesa 3<\/strong><\/p>\n\n\n\n<figure class=\"wp-block-table\"><table><tbody><tr><td>010<\/td><td><strong>Las e-actividades como herramientas en la ense\u00f1anza de Enfermer\u00eda.<\/strong> <em>Lunge, Nadia Vanesa. Lapinski, Sonia (UNaM)<\/em><strong><\/strong><\/td><td><a href=\"http:\/\/exa.unne.edu.ar\/facena-virtual\/wp-content\/uploads\/2021\/08\/EJE1-010-LUNGE-LAPINSKI.pdf\" target=\"_blank\" rel=\"noreferrer noopener\">Ver poster<\/a><\/td><\/tr><tr><td>014<\/td><td><strong>Ense\u00f1ar y aprender Fisiopatolog\u00eda en virtualidad.<\/strong> <em>Goicoechea, Patricia. Cesario, Macarena&nbsp;(UNNE<\/em>)<\/td><td><a href=\"http:\/\/exa.unne.edu.ar\/facena-virtual\/wp-content\/uploads\/2021\/08\/EJE1-014-Poster-Goicoechea-Patricia.pdf\">Ver poster<\/a><\/td><\/tr><tr><td>019<strong><\/strong><\/td><td><strong>Promoci\u00f3n de la salud en entornos virtuales.<\/strong> <em>Valent\u00edn, Mariela A., Osella, Ana Virginia. Gerlero, Carina Andrea. Montalto, Melisa Laura. (UNR)<\/em><strong><\/strong><\/td><td><a href=\"http:\/\/exa.unne.edu.ar\/facena-virtual\/wp-content\/uploads\/2021\/08\/EJE1-019-ValentinMariela.pdf\" target=\"_blank\" rel=\"noreferrer noopener\">Ver poster<\/a><\/td><\/tr><tr><td>023<strong><\/strong><\/td><td><strong>El desaf\u00edo de realizar talleres de casos cl\u00ednicos en virtualidad.<\/strong> <em>Cesario, Ang\u00e9lica Macarena. G\u00f3mez Capar\u00e1, Leyla, Goicoechea, Patricia Noem\u00ed. (UNNE)<\/em><strong><\/strong><\/td><td><a href=\"http:\/\/exa.unne.edu.ar\/facena-virtual\/wp-content\/uploads\/2021\/08\/EJE1-023-Poster-Cesario-G\u00f3mez-Capar\u00e1-Goicoechea.pdf\" target=\"_blank\" rel=\"noreferrer noopener\">Ver poster<\/a><\/td><\/tr><tr><td>033<strong><\/strong><\/td><td><strong>Aprendizaje de Salud Mental y Psiquiatr\u00eda a trav\u00e9s del aula inversa virtual. El caso de los estudiantes de la carrera de Medicina en 2020.<\/strong> <em>D\u00edaz, Juan Pablo. Larroza, Gerardo Omar. Almir\u00f3n, Lila Mercedes. Demuth Mercado, Patricia Bel\u00e9n (UNNE)<\/em><strong><\/strong><\/td><td><a href=\"http:\/\/exa.unne.edu.ar\/facena-virtual\/wp-content\/uploads\/2021\/08\/Eje1-033-D\u00edaz-Juan-Pablo.pdf\" target=\"_blank\" rel=\"noreferrer noopener\">Ver poster<\/a><\/td><\/tr><tr><td>038<strong><\/strong><\/td><td><strong>La Evaluaci\u00f3n Virtual en Ciencias de la Salud.<\/strong> <em>Tanevitch, Andrea Matilde. Abal, Adri\u00e1n Alejandro. Gonz\u00e1lez, Anabel Mariela. P\u00e9rez, Patricia Susana (UNLP)<\/em><strong><\/strong><\/td><td><a href=\"http:\/\/exa.unne.edu.ar\/facena-virtual\/wp-content\/uploads\/2021\/08\/EJE-1-038-Tanevitch-Andrea.pdf\" target=\"_blank\" rel=\"noreferrer noopener\">Ver poster<\/a><\/td><\/tr><\/tbody><\/table><\/figure>\n\n\n\n<p><strong>Mesa 4<\/strong><\/p>\n\n\n\n<p><\/p>\n\n\n\n<figure class=\"wp-block-table\"><table><tbody><tr><td>007<strong><\/strong><\/td><td><strong>Usabilidad motivacional en entornos virtuales de aprendizaje: mapeo sistem\u00e1tico de la literatura.<\/strong> <em>Caffetti, Yanina Andrea. Eckert, Karina Beatriz. Vera Laceiras, Mar\u00eda Silvia. <\/em><em>(UNaM)<\/em><strong><\/strong><\/td><td><a href=\"http:\/\/exa.unne.edu.ar\/facena-virtual\/wp-content\/uploads\/2021\/08\/EJE1-007-Caffetti-Eckert-Vera-Laceiras.pdf\" target=\"_blank\" rel=\"noreferrer noopener\">Ver poster<\/a><\/td><\/tr><tr><td>011<strong><\/strong><\/td><td><strong>La residencia docente del Profesorado en F\u00edsica en tiempos de pandemia.<\/strong> <em>Lucero, Irene. Cabanillas Mendoza, Cintia. Zalazar, Elida Mariana. (UNNE)<\/em><strong><\/strong><\/td><td><a href=\"http:\/\/exa.unne.edu.ar\/facena-virtual\/wp-content\/uploads\/2021\/08\/Eje-1-011-Lucero-Irene-La-residencia-docente.pdf\" target=\"_blank\" rel=\"noreferrer noopener\">Ver poster<\/a><\/td><\/tr><tr><td>017<strong><\/strong><\/td><td><strong>Los sistemas de representaci\u00f3n en ingenier\u00eda: pr\u00e1cticas de ense\u00f1anza en tiempos de la virtualidad.<\/strong> <em>Gavino, Sergio. Fuertes, Laura. Lopresti, Laura. Defranco, Gabriel (UNLP)<\/em><strong><\/strong><\/td><td><\/td><\/tr><tr><td>018<strong><\/strong><\/td><td><strong>Construcci\u00f3n colaborativa del dato en estudios documentol\u00f3gicos mediada por tecnolog\u00edas.<\/strong> <em>Bruquetas Correa, Emilia Gabriela. Garay Broggi, Jos\u00e9 Luis. (UNNE)<\/em><strong><\/strong><\/td><td><a href=\"http:\/\/exa.unne.edu.ar\/facena-virtual\/wp-content\/uploads\/2021\/08\/EJE1-018-Bruquetas-Correa-Emilia-Gabriela-1.pdf\">Ver poster<\/a><\/td><\/tr><tr><td>021<strong><\/strong><\/td><td><strong>Reforzando el punto de partida: Objeto de aprendizaje Ecuaciones con una inc\u00f3gnita.<\/strong> <em>Ferre, Natalia (UNLP)<\/em><strong><\/strong><\/td><td><a href=\"http:\/\/exa.unne.edu.ar\/facena-virtual\/wp-content\/uploads\/2021\/08\/EJE1-021-Poster-Ferr\u00e9-Natalia-ok.pdf\" target=\"_blank\" rel=\"noreferrer noopener\">Ver poster<\/a><\/td><\/tr><tr><td>030<strong><\/strong><\/td><td><strong>Estrategia metodol\u00f3gica de ense\u00f1anza remota de emergencia en un aula de matem\u00e1tica.<\/strong> <em>Teri, Virginia Alejandra. Benzal, Mar\u00eda Graciela (UNTu)<\/em><strong><\/strong><\/td><td><a href=\"http:\/\/exa.unne.edu.ar\/facena-virtual\/wp-content\/uploads\/2021\/08\/Eje1-030-TERI-Virginia.pdf\" target=\"_blank\" rel=\"noreferrer noopener\">Ver poster<\/a><\/td><\/tr><\/tbody><\/table><\/figure>\n\n\n\n<p><strong>Mesa 5<\/strong><\/p>\n\n\n\n<p><\/p>\n\n\n\n<figure class=\"wp-block-table\"><table><tbody><tr><td>013<strong><\/strong><\/td><td><strong>Aproximaci\u00f3n a las competencias y perfiles de profesionales inform\u00e1ticos aplicando metodolog\u00eda de gamificaci\u00f3n.<\/strong><br><em>Castro Chans, Beatriz. Arduino, Guillermo. Guastavino Mosna, Mar\u00eda Lorena. Moreiro, Flavia Sabrina. (UNNE)<\/em><\/td><td><a href=\"http:\/\/exa.unne.edu.ar\/facena-virtual\/wp-content\/uploads\/2021\/08\/EJE1-013-Castro-Chans-et.al_..pdf\" target=\"_blank\" rel=\"noreferrer noopener\">Ver poster<\/a><\/td><\/tr><tr><td>020<strong><\/strong><\/td><td><strong>Creaci\u00f3n de recursos interactivos H5P en entornos educativos digitales: escenarios ramificados en el \u00e1rea cient\u00edfico-tecnol\u00f3gica<\/strong><br> <em>Gonz\u00e1lez, Alejandro H\u00e9ctor. Vallejo, Alcira E. Jaime, Claudio Javier (UNLP)<\/em><\/td><td><a href=\"http:\/\/exa.unne.edu.ar\/facena-virtual\/wp-content\/uploads\/2021\/08\/EJE1-020-GONZALEZ_ALEJANDRO_UNLP.pdf\" target=\"_blank\" rel=\"noreferrer noopener\">Ver poster<\/a><\/td><\/tr><tr><td>025<strong><\/strong><\/td><td><strong>Aprendizaje basado en proyectos de software en tiempos de pandemia. Una experiencia de formaci\u00f3n de competencias espec\u00edficas y transversales.<\/strong> <br><em>Terreni, Luciana (Instituto Sedes Sapientiae)<\/em><\/td><td><a href=\"http:\/\/exa.unne.edu.ar\/facena-virtual\/wp-content\/uploads\/2021\/08\/EJE1-025-Terreni-Luciana.pdf\" target=\"_blank\" rel=\"noreferrer noopener\">Ver poster<\/a><\/td><\/tr><tr><td>040<strong><\/strong><\/td><td><strong>Ense\u00f1ar a programar en tiempo de pandemia, una experiencia educativa dentro de UNVIME<\/strong> <br><em>Torres, Silvia Vanesa&nbsp;(UNVM)<\/em><\/td><td><\/td><\/tr><tr><td>041<strong><\/strong><\/td><td><strong>El proceso de virtualizaci\u00f3n de la asignatura M\u00e9todos Computacionales en 2020<\/strong> <br><em>Pucheta, Flavia Silvana. Matoso, Elizabet Alejandra. Godoy, Maria Viviana&nbsp; (UNNE)<\/em><\/td><td><a href=\"http:\/\/exa.unne.edu.ar\/facena-virtual\/wp-content\/uploads\/2021\/08\/Eje-1-041-Godoy-Viviana.pdf\" target=\"_blank\" rel=\"noreferrer noopener\">Ver poster<\/a><\/td><\/tr><tr><td>043<strong><\/strong><\/td><td><strong>Desarrollo de habilidades cognitivas para la programaci\u00f3n en contexto de masividad y ense\u00f1anza remota<\/strong> <br><em>Dapozo, Gladys Noem\u00ed. Greiner, Cristina Liliam, Company, Ana Mar\u00eda. Armana, Silvana. (UNNE)<\/em> <strong>&nbsp;<\/strong><\/td><td><a href=\"http:\/\/exa.unne.edu.ar\/facena-virtual\/wp-content\/uploads\/2021\/08\/Eje1-043-Dapozo-Gladys.pdf\" target=\"_blank\" rel=\"noreferrer noopener\">Ver poster<\/a><\/td><\/tr><\/tbody><\/table><\/figure>\n","protected":false},"excerpt":{"rendered":"<p>Mesa 1 002 Utilizaci\u00f3n de TIC como una herramienta en el proceso ense\u00f1anza-aprendizaje en la asignatura Tecnolog\u00eda Farmac\u00e9utica I. Lorenzo, Andrea. Asbene, Patricia. Kasem, Lucia. Carrascosa, Alejandro (UNTu) Ver poster 003 Evaluaci\u00f3n de la implementaci\u00f3n del trabajo de campo y TIC como herramienta en el proceso ense\u00f1anza-aprendizaje en la asignatura Tecnolog\u00eda Farmac\u00e9utica I. Lorenzo, Andrea. &hellip; <\/p>\n","protected":false},"author":1,"featured_media":0,"parent":0,"menu_order":0,"comment_status":"closed","ping_status":"closed","template":"","meta":{"_monsterinsights_skip_tracking":false,"_monsterinsights_sitenote_active":false,"_monsterinsights_sitenote_note":"","_monsterinsights_sitenote_category":0,"footnotes":""},"class_list":["post-793","page","type-page","status-publish","hentry"],"_links":{"self":[{"href":"http:\/\/exa.unne.edu.ar\/facena-virtual\/index.php\/wp-json\/wp\/v2\/pages\/793","targetHints":{"allow":["GET"]}}],"collection":[{"href":"http:\/\/exa.unne.edu.ar\/facena-virtual\/index.php\/wp-json\/wp\/v2\/pages"}],"about":[{"href":"http:\/\/exa.unne.edu.ar\/facena-virtual\/index.php\/wp-json\/wp\/v2\/types\/page"}],"author":[{"embeddable":true,"href":"http:\/\/exa.unne.edu.ar\/facena-virtual\/index.php\/wp-json\/wp\/v2\/users\/1"}],"replies":[{"embeddable":true,"href":"http:\/\/exa.unne.edu.ar\/facena-virtual\/index.php\/wp-json\/wp\/v2\/comments?post=793"}],"version-history":[{"count":9,"href":"http:\/\/exa.unne.edu.ar\/facena-virtual\/index.php\/wp-json\/wp\/v2\/pages\/793\/revisions"}],"predecessor-version":[{"id":906,"href":"http:\/\/exa.unne.edu.ar\/facena-virtual\/index.php\/wp-json\/wp\/v2\/pages\/793\/revisions\/906"}],"wp:attachment":[{"href":"http:\/\/exa.unne.edu.ar\/facena-virtual\/index.php\/wp-json\/wp\/v2\/media?parent=793"}],"curies":[{"name":"wp","href":"https:\/\/api.w.org\/{rel}","templated":true}]}}