{"id":778,"date":"2021-08-08T23:19:45","date_gmt":"2021-08-08T23:19:45","guid":{"rendered":"http:\/\/exa.unne.edu.ar\/facena-virtual\/?page_id=778"},"modified":"2021-08-13T12:02:06","modified_gmt":"2021-08-13T12:02:06","slug":"mesa-5-eje-1-estrategias-de-gestion-institucional-en-pandemia","status":"publish","type":"page","link":"http:\/\/exa.unne.edu.ar\/facena-virtual\/index.php\/mesa-5-eje-1-estrategias-de-gestion-institucional-en-pandemia\/","title":{"rendered":"Mesa 5 (Eje 1): Virtualizaci\u00f3n de pr\u00e1cticas pedag\u00f3gicas en el campo de las carreras cient\u00edfico-tecnol\u00f3gicas en pandemia."},"content":{"rendered":"\n<p><strong>Fecha y Hora:<\/strong> Viernes 13\/08 \u2013 15 a 17 horas<\/p>\n\n\n\n<p><strong>Modera: <\/strong>Mgter. Beatriz Castro Chans<\/p>\n\n\n\n<p><strong>Exponen<\/strong>:<\/p>\n\n\n\n<p><\/p>\n\n\n\n<figure class=\"wp-block-table\"><table><tbody><tr><td>013<strong><\/strong><\/td><td><strong>Aproximaci\u00f3n a las competencias y perfiles de profesionales inform\u00e1ticos aplicando metodolog\u00eda de gamificaci\u00f3n.<\/strong><br><em>Castro Chans, Beatriz. Arduino, Guillermo. Guastavino Mosna, Mar\u00eda Lorena. Moreiro, Flavia Sabrina. (UNNE)<\/em><\/td><td><a rel=\"noreferrer noopener\" href=\"http:\/\/exa.unne.edu.ar\/facena-virtual\/wp-content\/uploads\/2021\/08\/EJE1-013-Castro-Chans-et.al_..pdf\" target=\"_blank\">Ver poster<\/a><\/td><\/tr><tr><td>020<strong><\/strong><\/td><td><strong>Creaci\u00f3n de recursos interactivos H5P en entornos educativos digitales: escenarios ramificados en el \u00e1rea cient\u00edfico-tecnol\u00f3gica<\/strong><br> <em>Gonz\u00e1lez, Alejandro H\u00e9ctor. Vallejo, Alcira E. Jaime, Claudio Javier (UNLP)<\/em><\/td><td><a href=\"http:\/\/exa.unne.edu.ar\/facena-virtual\/wp-content\/uploads\/2021\/08\/EJE1-020-GONZALEZ_ALEJANDRO_UNLP.pdf\" target=\"_blank\" rel=\"noreferrer noopener\">Ver poster<\/a><\/td><\/tr><tr><td>025<strong><\/strong><\/td><td><strong>Aprendizaje basado en proyectos de software en tiempos de pandemia. Una experiencia de formaci\u00f3n de competencias espec\u00edficas y transversales.<\/strong> <br><em>Terreni, Luciana (Instituto Sedes Sapientiae)<\/em><\/td><td><a href=\"http:\/\/exa.unne.edu.ar\/facena-virtual\/wp-content\/uploads\/2021\/08\/EJE1-025-Terreni-Luciana.pdf\" target=\"_blank\" rel=\"noreferrer noopener\">Ver poster<\/a><\/td><\/tr><tr><td>040<strong><\/strong><\/td><td><strong>Ense\u00f1ar a programar en tiempo de pandemia, una experiencia educativa dentro de UNVIME<\/strong> <br><em>Torres, Silvia Vanesa&nbsp;(UNVM)<\/em><\/td><td><\/td><\/tr><tr><td>041<strong><\/strong><\/td><td><strong>El proceso de virtualizaci\u00f3n de la asignatura M\u00e9todos Computacionales en 2020<\/strong> <br><em>Pucheta, Flavia Silvana. Matoso, Elizabet Alejandra. Godoy, Maria Viviana&nbsp; (UNNE)<\/em><\/td><td><a href=\"http:\/\/exa.unne.edu.ar\/facena-virtual\/wp-content\/uploads\/2021\/08\/Eje-1-041-Godoy-Viviana.pdf\" target=\"_blank\" rel=\"noreferrer noopener\">Ver poster<\/a><\/td><\/tr><tr><td>043<strong><\/strong><\/td><td><strong>Desarrollo de habilidades cognitivas para la programaci\u00f3n en contexto de masividad y ense\u00f1anza remota<\/strong> <br><em>Dapozo, Gladys Noem\u00ed. Greiner, Cristina Liliam, Company, Ana Mar\u00eda. Armana, Silvana. (UNNE)<\/em> <strong>&nbsp;<\/strong><\/td><td><a href=\"http:\/\/exa.unne.edu.ar\/facena-virtual\/wp-content\/uploads\/2021\/08\/Eje1-043-Dapozo-Gladys.pdf\" target=\"_blank\" rel=\"noreferrer noopener\">Ver poster<\/a><\/td><\/tr><\/tbody><\/table><\/figure>\n\n\n\n<div class=\"wp-block-buttons is-layout-flex wp-block-buttons-is-layout-flex\">\n<div class=\"wp-block-button\"><a class=\"wp-block-button__link has-background has-vivid-red-background-color\" href=\"https:\/\/meet.google.com\/biq-vugw-vgb\" target=\"_blank\" rel=\"noreferrer noopener\">Ingrese haciendo click aqu\u00ed<\/a><\/div>\n<\/div>\n","protected":false},"excerpt":{"rendered":"<p>Fecha y Hora: Viernes 13\/08 \u2013 15 a 17 horas Modera: Mgter. Beatriz Castro Chans Exponen: 013 Aproximaci\u00f3n a las competencias y perfiles de profesionales inform\u00e1ticos aplicando metodolog\u00eda de gamificaci\u00f3n.Castro Chans, Beatriz. Arduino, Guillermo. Guastavino Mosna, Mar\u00eda Lorena. Moreiro, Flavia Sabrina. (UNNE) Ver poster 020 Creaci\u00f3n de recursos interactivos H5P en entornos educativos digitales: escenarios &hellip; <\/p>\n","protected":false},"author":1,"featured_media":0,"parent":0,"menu_order":0,"comment_status":"closed","ping_status":"closed","template":"","meta":{"_monsterinsights_skip_tracking":false,"_monsterinsights_sitenote_active":false,"_monsterinsights_sitenote_note":"","_monsterinsights_sitenote_category":0,"footnotes":""},"class_list":["post-778","page","type-page","status-publish","hentry"],"_links":{"self":[{"href":"http:\/\/exa.unne.edu.ar\/facena-virtual\/index.php\/wp-json\/wp\/v2\/pages\/778","targetHints":{"allow":["GET"]}}],"collection":[{"href":"http:\/\/exa.unne.edu.ar\/facena-virtual\/index.php\/wp-json\/wp\/v2\/pages"}],"about":[{"href":"http:\/\/exa.unne.edu.ar\/facena-virtual\/index.php\/wp-json\/wp\/v2\/types\/page"}],"author":[{"embeddable":true,"href":"http:\/\/exa.unne.edu.ar\/facena-virtual\/index.php\/wp-json\/wp\/v2\/users\/1"}],"replies":[{"embeddable":true,"href":"http:\/\/exa.unne.edu.ar\/facena-virtual\/index.php\/wp-json\/wp\/v2\/comments?post=778"}],"version-history":[{"count":6,"href":"http:\/\/exa.unne.edu.ar\/facena-virtual\/index.php\/wp-json\/wp\/v2\/pages\/778\/revisions"}],"predecessor-version":[{"id":918,"href":"http:\/\/exa.unne.edu.ar\/facena-virtual\/index.php\/wp-json\/wp\/v2\/pages\/778\/revisions\/918"}],"wp:attachment":[{"href":"http:\/\/exa.unne.edu.ar\/facena-virtual\/index.php\/wp-json\/wp\/v2\/media?parent=778"}],"curies":[{"name":"wp","href":"https:\/\/api.w.org\/{rel}","templated":true}]}}